[INFO] cloning repository https://github.com/prennix/firecracker_test
[INFO] running `Command { std: "git" "-c" "credential.helper=" "-c" "credential.helper=/workspace/cargo-home/bin/git-credential-null" "clone" "--bare" "https://github.com/prennix/firecracker_test" "/workspace/cache/git-repos/https%3A%2F%2Fgithub.com%2Fprennix%2Ffirecracker_test", kill_on_drop: false }`
[INFO] [stderr] Cloning into bare repository '/workspace/cache/git-repos/https%3A%2F%2Fgithub.com%2Fprennix%2Ffirecracker_test'...
[INFO] running `Command { std: "git" "rev-parse" "HEAD", kill_on_drop: false }`
[INFO] [stdout] faf830ebb38873c3a9be69624e9c2cfe2c226498
[INFO] testing prennix/firecracker_test against master#2fe50cd72c476ebacdedb14893e9632b4de961c2 for pr-116088-2
[INFO] running `Command { std: "git" "clone" "/workspace/cache/git-repos/https%3A%2F%2Fgithub.com%2Fprennix%2Ffirecracker_test" "/workspace/builds/worker-1-tc1/source", kill_on_drop: false }`
[INFO] [stderr] Cloning into '/workspace/builds/worker-1-tc1/source'...
[INFO] [stderr] done.
[INFO] validating manifest of git repo https://github.com/prennix/firecracker_test on toolchain 2fe50cd72c476ebacdedb14893e9632b4de961c2
[INFO] running `Command { std: CARGO_HOME="/workspace/cargo-home" RUSTUP_HOME="/workspace/rustup-home" "/workspace/cargo-home/bin/cargo" "+2fe50cd72c476ebacdedb14893e9632b4de961c2" "metadata" "--manifest-path" "Cargo.toml" "--no-deps", kill_on_drop: false }`
[INFO] removed /workspace/builds/worker-1-tc1/source/.cargo/config
[INFO] started tweaking git repo https://github.com/prennix/firecracker_test
[INFO] finished tweaking git repo https://github.com/prennix/firecracker_test
[INFO] tweaked toml for git repo https://github.com/prennix/firecracker_test written to /workspace/builds/worker-1-tc1/source/Cargo.toml
[INFO] crate git repo https://github.com/prennix/firecracker_test already has a lockfile, it will not be regenerated
[INFO] running `Command { std: CARGO_HOME="/workspace/cargo-home" RUSTUP_HOME="/workspace/rustup-home" "/workspace/cargo-home/bin/cargo" "+2fe50cd72c476ebacdedb14893e9632b4de961c2" "fetch" "--manifest-path" "Cargo.toml", kill_on_drop: false }`
[INFO] [stderr]     Blocking waiting for file lock on package cache
[INFO] [stderr] warning: patch for `kvm-bindings` uses the features mechanism. default-features and features will not take effect because the patch dependency does not support this mechanism
[INFO] [stderr]     Updating git repository `https://github.com/firecracker-microvm/kvm-bindings`
[INFO] [stderr]     Updating git submodule `https://github.com/rust-vmm/rust-vmm-ci.git`
[INFO] [stderr]     Updating crates.io index
[INFO] [stderr]     Updating git repository `https://github.com/firecracker-microvm/micro-http`
[INFO] [stderr]     Updating git submodule `https://github.com/rust-vmm/rust-vmm-ci.git`
[INFO] [stderr]     Blocking waiting for file lock on package cache
[INFO] [stderr]  Downloading crates ...
[INFO] [stderr]   Downloaded prettyplease v0.2.15
[INFO] [stderr]   Downloaded home v0.5.5
[INFO] [stderr]   Downloaded clang-sys v1.6.1
[INFO] [stderr]   Downloaded cast v0.3.0
[INFO] [stderr]   Downloaded userfaultfd v0.7.0
[INFO] [stderr]   Downloaded anes v0.1.6
[INFO] [stderr]   Downloaded vm-superio v0.7.0
[INFO] [stderr]   Downloaded rustix v0.38.20
[INFO] [stderr]   Downloaded userfaultfd-sys v0.5.0
[INFO] [stderr]   Downloaded device_tree v1.1.0
[INFO] [stderr]   Downloaded nom v7.1.3
[INFO] [stderr]   Downloaded vm-allocator v0.1.0
[INFO] [stderr]   Downloaded aws-lc-sys v0.12.1
[INFO] [stderr]   Downloaded vhost v0.9.0
[INFO] [stderr]   Downloaded libc v0.2.150
[INFO] [stderr]   Downloaded nix v0.27.1
[INFO] [stderr]   Downloaded winnow v0.5.24
[INFO] [stderr]   Downloaded aes v0.8.3
[INFO] [stderr]   Downloaded aes-gcm v0.10.3
[INFO] [stderr]   Downloaded aws-lc-rs v1.5.2
[INFO] [stderr]   Downloaded itertools v0.12.0
[INFO] [stderr]   Downloaded proptest v1.4.0
[INFO] [stderr]   Downloaded clap_builder v4.4.11
[INFO] [stderr]   Downloaded libm v0.2.8
[INFO] [stderr]   Downloaded bindgen v0.68.1
[INFO] [stderr]   Downloaded syn v2.0.39
[INFO] [stderr]   Downloaded bincode v1.3.3
[INFO] [stderr]   Downloaded rand_xorshift v0.3.0
[INFO] [stderr]   Downloaded vmm-sys-util v0.11.2
[INFO] [stderr]   Downloaded timerfd v1.5.0
[INFO] [stderr]   Downloaded env_logger v0.10.1
[INFO] [stderr]   Downloaded versionize_derive v0.1.6
[INFO] [stderr]   Downloaded cexpr v0.6.0
[INFO] [stderr]   Downloaded thiserror-impl v1.0.50
[INFO] [stderr]   Downloaded tinytemplate v1.2.1
[INFO] [stderr]   Downloaded is-terminal v0.4.9
[INFO] [stderr]   Downloaded anstyle-parse v0.2.3
[INFO] [stderr]   Downloaded oorandom v11.1.3
[INFO] [stderr]   Downloaded versionize v0.1.10
[INFO] [stderr]   Downloaded thiserror v1.0.50
[INFO] [stderr]   Downloaded crc64 v1.0.0
[INFO] [stderr]   Downloaded vm-memory v0.13.1
[INFO] [stderr]   Downloaded vm-fdt v0.2.0
[INFO] [stderr]   Downloaded winapi-util v0.1.6
[INFO] [stderr]   Downloaded clap_derive v4.4.7
[INFO] [stderr]   Downloaded libloading v0.7.4
[INFO] [stderr]   Downloaded displaydoc v0.2.4
[INFO] [stderr]   Downloaded humantime v2.1.0
[INFO] [stderr]   Downloaded termcolor v1.4.0
[INFO] [stderr]   Downloaded uuid v1.6.1
[INFO] [stderr]   Downloaded toml_edit v0.21.0
[INFO] [stderr]   Downloaded toml v0.8.8
[INFO] [stderr]   Downloaded cargo_toml v0.17.1
[INFO] [stderr]   Downloaded clap-num v1.0.2
[INFO] [stderr]   Downloaded aead v0.5.2
[INFO] [stderr]   Downloaded inout v0.1.3
[INFO] [stderr]   Downloaded cipher v0.4.4
[INFO] [stderr]   Downloaded ctr v0.9.2
[INFO] [stderr]   Downloaded universal-hash v0.5.1
[INFO] [stderr]   Downloaded polyval v0.6.1
[INFO] [stderr]   Downloaded ghash v0.5.0
[INFO] [stderr]   Downloaded subtle v2.5.0
[INFO] [stderr]   Downloaded cmake v0.1.50
[INFO] [stderr]   Downloaded dunce v1.0.4
[INFO] [stderr]   Downloaded fs_extra v1.3.0
[INFO] [stderr]   Downloaded paste v1.0.14
[INFO] [stderr]   Downloaded mirai-annotations v1.12.0
[INFO] [stderr]   Downloaded zeroize v1.7.0
[INFO] [stderr]   Downloaded event-manager v0.3.0
[INFO] [stderr]   Downloaded kvm-ioctls v0.15.0
[INFO] [stderr]   Downloaded linux-loader v0.10.0
[INFO] [stderr]   Downloaded memfd v0.6.4
[INFO] [stderr]   Downloaded unarray v0.1.4
[INFO] [stderr]   Downloaded ciborium-io v0.2.1
[INFO] [stderr]   Downloaded half v1.8.2
[INFO] [stderr]   Downloaded ciborium-ll v0.2.1
[INFO] [stderr]   Downloaded ciborium v0.2.1
[INFO] [stderr]   Downloaded anstyle-query v1.0.1
[INFO] [stderr]   Downloaded anstyle-wincon v3.0.2
[INFO] [stderr]   Downloaded colorchoice v1.0.0
[INFO] [stderr]   Downloaded utf8parse v0.2.1
[INFO] [stderr]   Downloaded anstream v0.6.4
[INFO] [stderr]   Downloaded anstyle v1.0.4
[INFO] [stderr]   Downloaded clap_lex v0.6.0
[INFO] [stderr]   Downloaded clap v4.4.11
[INFO] [stderr]   Downloaded criterion-plot v0.5.0
[INFO] [stderr]   Downloaded walkdir v2.4.0
[INFO] [stderr]   Downloaded criterion v0.5.1
[INFO] [stderr]   Downloaded shlex v1.2.0
[INFO] running `Command { std: "docker" "create" "-v" "/var/lib/crater-agent-workspace/builds/worker-1-tc1/target:/opt/rustwide/target:rw,Z" "-v" "/var/lib/crater-agent-workspace/builds/worker-1-tc1/source:/opt/rustwide/workdir:ro,Z" "-v" "/var/lib/crater-agent-workspace/cargo-home:/opt/rustwide/cargo-home:ro,Z" "-v" "/var/lib/crater-agent-workspace/rustup-home:/opt/rustwide/rustup-home:ro,Z" "-e" "SOURCE_DIR=/opt/rustwide/workdir" "-e" "CARGO_TARGET_DIR=/opt/rustwide/target" "-e" "CARGO_HOME=/opt/rustwide/cargo-home" "-e" "RUSTUP_HOME=/opt/rustwide/rustup-home" "-w" "/opt/rustwide/workdir" "-m" "1610612736" "--user" "0:0" "--network" "none" "ghcr.io/rust-lang/crates-build-env/linux@sha256:2788e3201cd34a07e3172128adcd8b3090168a8e3bcc40d7c032b9dda1df7d1c" "/opt/rustwide/cargo-home/bin/cargo" "+2fe50cd72c476ebacdedb14893e9632b4de961c2" "metadata" "--no-deps" "--format-version=1", kill_on_drop: false }`
[INFO] [stdout] 7b97e8520cf54d4ee64a2a0e638adb0d50eb0994aaceae6c5cc13d13f522127c
[INFO] running `Command { std: "docker" "start" "-a" "7b97e8520cf54d4ee64a2a0e638adb0d50eb0994aaceae6c5cc13d13f522127c", kill_on_drop: false }`
[INFO] running `Command { std: "docker" "inspect" "7b97e8520cf54d4ee64a2a0e638adb0d50eb0994aaceae6c5cc13d13f522127c", kill_on_drop: false }`
[INFO] running `Command { std: "docker" "rm" "-f" "7b97e8520cf54d4ee64a2a0e638adb0d50eb0994aaceae6c5cc13d13f522127c", kill_on_drop: false }`
[INFO] [stdout] 7b97e8520cf54d4ee64a2a0e638adb0d50eb0994aaceae6c5cc13d13f522127c
[INFO] running `Command { std: "docker" "create" "-v" "/var/lib/crater-agent-workspace/builds/worker-1-tc1/target:/opt/rustwide/target:rw,Z" "-v" "/var/lib/crater-agent-workspace/builds/worker-1-tc1/source:/opt/rustwide/workdir:ro,Z" "-v" "/var/lib/crater-agent-workspace/cargo-home:/opt/rustwide/cargo-home:ro,Z" "-v" "/var/lib/crater-agent-workspace/rustup-home:/opt/rustwide/rustup-home:ro,Z" "-e" "SOURCE_DIR=/opt/rustwide/workdir" "-e" "CARGO_TARGET_DIR=/opt/rustwide/target" "-e" "CARGO_INCREMENTAL=0" "-e" "RUST_BACKTRACE=full" "-e" "RUSTFLAGS=--cap-lints=forbid" "-e" "RUSTDOCFLAGS=--cap-lints=forbid" "-e" "CARGO_HOME=/opt/rustwide/cargo-home" "-e" "RUSTUP_HOME=/opt/rustwide/rustup-home" "-w" "/opt/rustwide/workdir" "-m" "1610612736" "--user" "0:0" "--network" "none" "ghcr.io/rust-lang/crates-build-env/linux@sha256:2788e3201cd34a07e3172128adcd8b3090168a8e3bcc40d7c032b9dda1df7d1c" "/opt/rustwide/cargo-home/bin/cargo" "+2fe50cd72c476ebacdedb14893e9632b4de961c2" "build" "--frozen" "--message-format=json", kill_on_drop: false }`
[INFO] [stdout] 0bcd00b63ac0c3ff82c2fa1582fa54a065314955aea5867305928690486925ee
[INFO] running `Command { std: "docker" "start" "-a" "0bcd00b63ac0c3ff82c2fa1582fa54a065314955aea5867305928690486925ee", kill_on_drop: false }`
[INFO] [stderr] warning: patch for `kvm-bindings` uses the features mechanism. default-features and features will not take effect because the patch dependency does not support this mechanism
[INFO] [stderr]    Compiling proc-macro2 v1.0.70
[INFO] [stderr]    Compiling unicode-ident v1.0.12
[INFO] [stderr]    Compiling libc v0.2.150
[INFO] [stderr]    Compiling thiserror v1.0.50
[INFO] [stderr]    Compiling syn v1.0.109
[INFO] [stderr]    Compiling bitflags v1.3.2
[INFO] [stderr]    Compiling serde v1.0.193
[INFO] [stderr]    Compiling version_check v0.9.4
[INFO] [stderr]    Compiling typenum v1.17.0
[INFO] [stderr]    Compiling generic-array v0.14.7
[INFO] [stderr]    Compiling glob v0.3.1
[INFO] [stderr]    Compiling serde_json v1.0.108
[INFO] [stderr]    Compiling crc64 v1.0.0
[INFO] [stderr]    Compiling cfg-if v1.0.0
[INFO] [stderr]    Compiling clang-sys v1.6.1
[INFO] [stderr]    Compiling minimal-lexical v0.2.1
[INFO] [stderr]    Compiling regex-syntax v0.8.2
[INFO] [stderr]    Compiling memchr v2.6.4
[INFO] [stderr]    Compiling libloading v0.7.4
[INFO] [stderr]    Compiling quote v1.0.33
[INFO] [stderr]    Compiling syn v2.0.39
[INFO] [stderr]    Compiling cc v1.0.83
[INFO] [stderr]    Compiling nom v7.1.3
[INFO] [stderr]    Compiling bindgen v0.68.1
[INFO] [stderr]    Compiling vmm-sys-util v0.11.2
[INFO] [stderr]    Compiling crypto-common v0.1.6
[INFO] [stderr]    Compiling cmake v0.1.50
[INFO] [stderr]    Compiling shlex v1.2.0
[INFO] [stderr]    Compiling dunce v1.0.4
[INFO] [stderr]    Compiling fs_extra v1.3.0
[INFO] [stderr]    Compiling bitflags v2.4.1
[INFO] [stderr]    Compiling lazy_static v1.4.0
[INFO] [stderr]    Compiling regex-automata v0.4.3
[INFO] [stderr]    Compiling lazycell v1.3.0
[INFO] [stderr]    Compiling peeking_take_while v0.1.2
[INFO] [stderr]    Compiling rustc-hash v1.1.0
[INFO] [stderr]    Compiling aws-lc-sys v0.12.1
[INFO] [stderr]    Compiling inout v0.1.3
[INFO] [stderr]    Compiling cexpr v0.6.0
[INFO] [stderr]    Compiling paste v1.0.14
[INFO] [stderr]    Compiling cpufeatures v0.2.11
[INFO] [stderr]    Compiling subtle v2.5.0
[INFO] [stderr]    Compiling io-lifetimes v1.0.11
[INFO] [stderr]    Compiling universal-hash v0.5.1
[INFO] [stderr]    Compiling cipher v0.4.4
[INFO] [stderr]    Compiling ryu v1.0.15
[INFO] [stderr]    Compiling regex v1.10.2
[INFO] [stderr]    Compiling opaque-debug v0.3.0
[INFO] [stderr]    Compiling rustix v0.37.27
[INFO] [stderr]    Compiling rustix v0.38.20
[INFO] [stderr]    Compiling itoa v1.0.9
[INFO] [stderr]    Compiling polyval v0.6.1
[INFO] [stderr]    Compiling utf8parse v0.2.1
[INFO] [stderr]    Compiling micro_http v0.1.0 (https://github.com/firecracker-microvm/micro-http#a4d632f2)
[INFO] [stderr]    Compiling kvm-ioctls v0.15.0
[INFO] [stderr]    Compiling linux-raw-sys v0.4.10
[INFO] [stderr]    Compiling aws-lc-rs v1.5.2
[INFO] [stderr]    Compiling semver v1.0.20
[INFO] [stderr]    Compiling linux-raw-sys v0.3.8
[INFO] [stderr]    Compiling anstyle-parse v0.2.3
[INFO] [stderr]    Compiling ghash v0.5.0
[INFO] [stderr]    Compiling aes v0.8.3
[INFO] [stderr]    Compiling ctr v0.9.2
[INFO] [stderr]    Compiling nix v0.27.1
[INFO] [stderr]    Compiling aead v0.5.2
[INFO] [stderr]    Compiling anstyle v1.0.4
[INFO] [stderr]    Compiling serde_derive v1.0.193
[INFO] [stderr]    Compiling thiserror-impl v1.0.50
[INFO] [stderr]    Compiling displaydoc v0.2.4
[INFO] [stderr]    Compiling versionize_derive v0.1.6
[INFO] [stderr]    Compiling derive_more v0.99.17
[INFO] [stderr]    Compiling mirai-annotations v1.12.0
[INFO] [stderr]    Compiling zeroize v1.7.0
[INFO] [stderr]    Compiling anstyle-query v1.0.1
[INFO] [stderr]    Compiling untrusted v0.7.1
[INFO] [stderr]    Compiling colorchoice v1.0.0
[INFO] [stderr]    Compiling memfd v0.6.4
[INFO] [stderr]    Compiling anstream v0.6.4
[INFO] [stderr]    Compiling timerfd v1.5.0
[INFO] [stderr]    Compiling aes-gcm v0.10.3
[INFO] [stderr]    Compiling event-manager v0.3.0
[INFO] [stderr]    Compiling vm-memory v0.13.1
[INFO] [stderr]    Compiling vm-allocator v0.1.0
[INFO] [stderr]    Compiling strsim v0.10.0
[INFO] [stderr]    Compiling vhost v0.9.0
[INFO] [stderr]    Compiling linux-loader v0.10.0
[INFO] [stderr]    Compiling heck v0.4.1
[INFO] [stderr]    Compiling clap_lex v0.6.0
[INFO] [stderr]    Compiling vm-superio v0.7.0
[INFO] [stderr]    Compiling base64 v0.13.1
[INFO] [stderr]    Compiling clap_builder v4.4.11
[INFO] [stderr]    Compiling clap_derive v4.4.7
[INFO] [stderr]    Compiling same-file v1.0.6
[INFO] [stderr]    Compiling either v1.9.0
[INFO] [stderr]    Compiling walkdir v2.4.0
[INFO] [stderr]    Compiling itertools v0.12.0
[INFO] [stderr]    Compiling userfaultfd-sys v0.5.0
[INFO] [stderr]    Compiling clap v4.4.11
[INFO] [stderr]    Compiling bincode v1.3.3
[INFO] [stderr]    Compiling versionize v0.1.10
[INFO] [stderr]    Compiling userfaultfd v0.7.0
[INFO] [stderr]    Compiling utils v0.1.0 (/opt/rustwide/workdir/src/utils)
[INFO] [stderr]    Compiling kvm-bindings v0.6.0 (https://github.com/firecracker-microvm/kvm-bindings?tag=v0.6.0-2#b1585959)
[INFO] [stderr]    Compiling snapshot v0.1.0 (/opt/rustwide/workdir/src/snapshot)
[INFO] [stderr]    Compiling log v0.4.20
[INFO] [stderr]    Compiling seccompiler v1.6.0-dev (/opt/rustwide/workdir/src/seccompiler)
[INFO] [stderr]    Compiling rebase-snap v1.6.0-dev (/opt/rustwide/workdir/src/rebase-snap)
[INFO] [stderr]    Compiling firecracker v1.6.0-dev (/opt/rustwide/workdir/src/firecracker)
[INFO] [stderr]    Compiling clippy-tracing v0.1.0 (/opt/rustwide/workdir/src/clippy-tracing)
[INFO] [stderr] warning: firecracker@1.6.0-dev: No default seccomp policy for target: x86_64-unknown-linux-gnu. Defaulting to `resources/seccomp/unimplemented.json`.
[INFO] [stderr]    Compiling vmm v0.1.0 (/opt/rustwide/workdir/src/vmm)
[INFO] [stdout] warning: unused import: `sockios::*`
[INFO] [stdout]   --> src/vmm/src/devices/virtio/net/gen/mod.rs:26:9
[INFO] [stdout]    |
[INFO] [stdout] 26 | pub use sockios::*;
[INFO] [stdout]    |         ^^^^^^^^^^
[INFO] [stdout]    |
[INFO] [stdout]    = note: `#[warn(unused_imports)]` on by default
[INFO] [stdout] 
[INFO] [stdout] 
[INFO] [stdout] warning: unused import: `self::event_handler::*`
[INFO] [stdout]   --> src/vmm/src/devices/virtio/net/mod.rs:32:9
[INFO] [stdout]    |
[INFO] [stdout] 32 | pub use self::event_handler::*;
[INFO] [stdout]    |         ^^^^^^^^^^^^^^^^^^^^^^
[INFO] [stdout] 
[INFO] [stdout] 
[INFO] [stdout] warning: unused import: `self::event_handler::*`
[INFO] [stdout]   --> src/vmm/src/devices/virtio/virtio_block/mod.rs:17:9
[INFO] [stdout]    |
[INFO] [stdout] 17 | pub use self::event_handler::*;
[INFO] [stdout]    |         ^^^^^^^^^^^^^^^^^^^^^^
[INFO] [stdout] 
[INFO] [stdout] 
[INFO] [stderr]    Compiling api_server v0.1.0 (/opt/rustwide/workdir/src/api_server)
[INFO] [stdout] warning: unused imports: `HttpServer`, `RequestError`, `Request`, `Response`, `Version`
[INFO] [stdout]   --> src/api_server/src/request/mod.rs:20:11
[INFO] [stdout]    |
[INFO] [stdout] 20 |     Body, HttpServer, Method, Request, RequestError, Response, StatusCode, Version,
[INFO] [stdout]    |           ^^^^^^^^^^          ^^^^^^^  ^^^^^^^^^^^^  ^^^^^^^^              ^^^^^^^
[INFO] [stdout]    |
[INFO] [stdout]    = note: `#[warn(unused_imports)]` on by default
[INFO] [stdout] 
[INFO] [stdout] 
[INFO] [stdout] warning: 1 warning emitted
[INFO] [stdout] 
[INFO] [stdout] 
[INFO] [stdout] warning: 3 warnings emitted
[INFO] [stdout] 
[INFO] [stdout] 
[INFO] [stderr]    Compiling cpu-template-helper v1.6.0-dev (/opt/rustwide/workdir/src/cpu-template-helper)
[INFO] [stderr]    Compiling snapshot-editor v1.6.0-dev (/opt/rustwide/workdir/src/snapshot-editor)
[INFO] [stderr]     Finished dev [unoptimized + debuginfo] target(s) in 2m 08s
[INFO] running `Command { std: "docker" "inspect" "0bcd00b63ac0c3ff82c2fa1582fa54a065314955aea5867305928690486925ee", kill_on_drop: false }`
[INFO] running `Command { std: "docker" "rm" "-f" "0bcd00b63ac0c3ff82c2fa1582fa54a065314955aea5867305928690486925ee", kill_on_drop: false }`
[INFO] [stdout] 0bcd00b63ac0c3ff82c2fa1582fa54a065314955aea5867305928690486925ee
[INFO] running `Command { std: "docker" "create" "-v" "/var/lib/crater-agent-workspace/builds/worker-1-tc1/target:/opt/rustwide/target:rw,Z" "-v" "/var/lib/crater-agent-workspace/builds/worker-1-tc1/source:/opt/rustwide/workdir:ro,Z" "-v" "/var/lib/crater-agent-workspace/cargo-home:/opt/rustwide/cargo-home:ro,Z" "-v" "/var/lib/crater-agent-workspace/rustup-home:/opt/rustwide/rustup-home:ro,Z" "-e" "SOURCE_DIR=/opt/rustwide/workdir" "-e" "CARGO_TARGET_DIR=/opt/rustwide/target" "-e" "CARGO_INCREMENTAL=0" "-e" "RUST_BACKTRACE=full" "-e" "RUSTFLAGS=--cap-lints=forbid" "-e" "RUSTDOCFLAGS=--cap-lints=forbid" "-e" "CARGO_HOME=/opt/rustwide/cargo-home" "-e" "RUSTUP_HOME=/opt/rustwide/rustup-home" "-w" "/opt/rustwide/workdir" "-m" "1610612736" "--user" "0:0" "--network" "none" "ghcr.io/rust-lang/crates-build-env/linux@sha256:2788e3201cd34a07e3172128adcd8b3090168a8e3bcc40d7c032b9dda1df7d1c" "/opt/rustwide/cargo-home/bin/cargo" "+2fe50cd72c476ebacdedb14893e9632b4de961c2" "test" "--frozen" "--no-run" "--message-format=json", kill_on_drop: false }`
[INFO] [stdout] 50722bb1ce0db444dd7b3405ca7f146c6a51c46bcd0cb53be993a0833c98df41
[INFO] running `Command { std: "docker" "start" "-a" "50722bb1ce0db444dd7b3405ca7f146c6a51c46bcd0cb53be993a0833c98df41", kill_on_drop: false }`
[INFO] [stderr] warning: patch for `kvm-bindings` uses the features mechanism. default-features and features will not take effect because the patch dependency does not support this mechanism
[INFO] [stderr]    Compiling unicode-ident v1.0.12
[INFO] [stderr]    Compiling libc v0.2.150
[INFO] [stderr]    Compiling bitflags v1.3.2
[INFO] [stderr]    Compiling cfg-if v1.0.0
[INFO] [stderr]    Compiling crc64 v1.0.0
[INFO] [stderr]    Compiling typenum v1.17.0
[INFO] [stderr]    Compiling lazy_static v1.4.0
[INFO] [stderr]    Compiling itoa v1.0.9
[INFO] [stderr]    Compiling libloading v0.7.4
[INFO] [stderr]    Compiling ryu v1.0.15
[INFO] [stderr]    Compiling bitflags v2.4.1
[INFO] [stderr]    Compiling proc-macro2 v1.0.70
[INFO] [stderr]    Compiling cpufeatures v0.2.11
[INFO] [stderr]    Compiling subtle v2.5.0
[INFO] [stderr]    Compiling opaque-debug v0.3.0
[INFO] [stderr]    Compiling vmm-sys-util v0.11.2
[INFO] [stderr]    Compiling clang-sys v1.6.1
[INFO] [stderr]    Compiling linux-raw-sys v0.4.10
[INFO] [stderr]    Compiling linux-raw-sys v0.3.8
[INFO] [stderr]    Compiling zeroize v1.7.0
[INFO] [stderr]    Compiling untrusted v0.7.1
[INFO] [stderr]    Compiling mirai-annotations v1.12.0
[INFO] [stderr]    Compiling base64 v0.13.1
[INFO] [stderr]    Compiling quote v1.0.33
[INFO] [stderr]    Compiling generic-array v0.14.7
[INFO] [stderr]    Compiling rustix v0.38.20
[INFO] [stderr]    Compiling syn v2.0.39
[INFO] [stderr]    Compiling syn v1.0.109
[INFO] [stderr]    Compiling io-lifetimes v1.0.11
[INFO] [stderr]    Compiling rustix v0.37.27
[INFO] [stderr]    Compiling nix v0.27.1
[INFO] [stderr]    Compiling crypto-common v0.1.6
[INFO] [stderr]    Compiling inout v0.1.3
[INFO] [stderr]    Compiling universal-hash v0.5.1
[INFO] [stderr]    Compiling cipher v0.4.4
[INFO] [stderr]    Compiling polyval v0.6.1
[INFO] [stderr]    Compiling aead v0.5.2
[INFO] [stderr]    Compiling ghash v0.5.0
[INFO] [stderr]    Compiling ctr v0.9.2
[INFO] [stderr]    Compiling aes v0.8.3
[INFO] [stderr]    Compiling aws-lc-sys v0.12.1
[INFO] [stderr]    Compiling micro_http v0.1.0 (https://github.com/firecracker-microvm/micro-http#a4d632f2)
[INFO] [stderr]    Compiling timerfd v1.5.0
[INFO] [stderr]    Compiling aes-gcm v0.10.3
[INFO] [stderr]    Compiling event-manager v0.3.0
[INFO] [stderr]    Compiling memfd v0.6.4
[INFO] [stderr]    Compiling hashbrown v0.14.3
[INFO] [stderr]    Compiling vm-superio v0.7.0
[INFO] [stderr]    Compiling equivalent v1.0.1
[INFO] [stderr]    Compiling winnow v0.5.24
[INFO] [stderr]    Compiling regex-syntax v0.8.2
[INFO] [stderr]    Compiling aws-lc-rs v1.5.2
[INFO] [stderr]    Compiling utf8parse v0.2.1
[INFO] [stderr]    Compiling anstyle-parse v0.2.3
[INFO] [stderr]    Compiling indexmap v2.1.0
[INFO] [stderr]    Compiling anstyle-query v1.0.1
[INFO] [stderr]    Compiling anstyle v1.0.4
[INFO] [stderr]    Compiling colorchoice v1.0.0
[INFO] [stderr]    Compiling anstream v0.6.4
[INFO] [stderr]    Compiling bindgen v0.68.1
[INFO] [stderr]    Compiling regex-automata v0.4.3
[INFO] [stderr]    Compiling clap_lex v0.6.0
[INFO] [stderr]    Compiling strsim v0.10.0
[INFO] [stderr]    Compiling clap_builder v4.4.11
[INFO] [stderr]    Compiling getrandom v0.2.11
[INFO] [stderr]    Compiling same-file v1.0.6
[INFO] [stderr]    Compiling either v1.9.0
[INFO] [stderr]    Compiling regex v1.10.2
[INFO] [stderr]    Compiling itertools v0.12.0
[INFO] [stderr]    Compiling walkdir v2.4.0
[INFO] [stderr]    Compiling uuid v1.6.1
[INFO] [stderr]    Compiling serde_derive v1.0.193
[INFO] [stderr]    Compiling thiserror-impl v1.0.50
[INFO] [stderr]    Compiling displaydoc v0.2.4
[INFO] [stderr]    Compiling versionize_derive v0.1.6
[INFO] [stderr]    Compiling derive_more v0.99.17
[INFO] [stderr]    Compiling clap_derive v4.4.7
[INFO] [stderr]    Compiling thiserror v1.0.50
[INFO] [stderr]    Compiling vm-memory v0.13.1
[INFO] [stderr]    Compiling vm-allocator v0.1.0
[INFO] [stderr]    Compiling linux-loader v0.10.0
[INFO] [stderr]    Compiling vhost v0.9.0
[INFO] [stderr]    Compiling serde v1.0.193
[INFO] [stderr]    Compiling userfaultfd-sys v0.5.0
[INFO] [stderr]    Compiling clap v4.4.11
[INFO] [stderr]    Compiling clippy-tracing v0.1.0 (/opt/rustwide/workdir/src/clippy-tracing)
[INFO] [stderr]    Compiling bincode v1.3.3
[INFO] [stderr]    Compiling serde_json v1.0.108
[INFO] [stderr]    Compiling semver v1.0.20
[INFO] [stderr]    Compiling versionize v0.1.10
[INFO] [stderr]    Compiling userfaultfd v0.7.0
[INFO] [stderr]    Compiling utils v0.1.0 (/opt/rustwide/workdir/src/utils)
[INFO] [stderr]    Compiling log v0.4.20
[INFO] [stderr]    Compiling toml_datetime v0.6.5
[INFO] [stderr]    Compiling seccompiler v1.6.0-dev (/opt/rustwide/workdir/src/seccompiler)
[INFO] [stderr]    Compiling kvm-bindings v0.6.0 (https://github.com/firecracker-microvm/kvm-bindings?tag=v0.6.0-2#b1585959)
[INFO] [stderr]    Compiling snapshot v0.1.0 (/opt/rustwide/workdir/src/snapshot)
[INFO] [stderr]    Compiling serde_spanned v0.6.4
[INFO] [stderr]    Compiling toml_edit v0.21.0
[INFO] [stderr]    Compiling kvm-ioctls v0.15.0
[INFO] [stderr]    Compiling vmm v0.1.0 (/opt/rustwide/workdir/src/vmm)
[INFO] [stderr]    Compiling firecracker v1.6.0-dev (/opt/rustwide/workdir/src/firecracker)
[INFO] [stderr] warning: firecracker@1.6.0-dev: No default seccomp policy for target: x86_64-unknown-linux-gnu. Defaulting to `resources/seccomp/unimplemented.json`.
[INFO] [stderr]    Compiling rebase-snap v1.6.0-dev (/opt/rustwide/workdir/src/rebase-snap)
[INFO] [stdout] warning: unused import: `sockios::*`
[INFO] [stdout]   --> src/vmm/src/devices/virtio/net/gen/mod.rs:26:9
[INFO] [stdout]    |
[INFO] [stdout] 26 | pub use sockios::*;
[INFO] [stdout]    |         ^^^^^^^^^^
[INFO] [stdout]    |
[INFO] [stdout]    = note: `#[warn(unused_imports)]` on by default
[INFO] [stdout] 
[INFO] [stdout] 
[INFO] [stdout] warning: unused import: `self::event_handler::*`
[INFO] [stdout]   --> src/vmm/src/devices/virtio/net/mod.rs:32:9
[INFO] [stdout]    |
[INFO] [stdout] 32 | pub use self::event_handler::*;
[INFO] [stdout]    |         ^^^^^^^^^^^^^^^^^^^^^^
[INFO] [stdout] 
[INFO] [stdout] 
[INFO] [stdout] warning: unused import: `self::event_handler::*`
[INFO] [stdout]   --> src/vmm/src/devices/virtio/virtio_block/mod.rs:17:9
[INFO] [stdout]    |
[INFO] [stdout] 17 | pub use self::event_handler::*;
[INFO] [stdout]    |         ^^^^^^^^^^^^^^^^^^^^^^
[INFO] [stdout] 
[INFO] [stdout] 
[INFO] [stderr]    Compiling toml v0.8.8
[INFO] [stdout] warning: unused import: `sockios::*`
[INFO] [stdout]   --> src/vmm/src/devices/virtio/net/gen/mod.rs:26:9
[INFO] [stdout]    |
[INFO] [stdout] 26 | pub use sockios::*;
[INFO] [stdout]    |         ^^^^^^^^^^
[INFO] [stdout]    |
[INFO] [stdout]    = note: `#[warn(unused_imports)]` on by default
[INFO] [stdout] 
[INFO] [stdout] 
[INFO] [stdout] warning: unused import: `self::event_handler::*`
[INFO] [stdout]   --> src/vmm/src/devices/virtio/net/mod.rs:32:9
[INFO] [stdout]    |
[INFO] [stdout] 32 | pub use self::event_handler::*;
[INFO] [stdout]    |         ^^^^^^^^^^^^^^^^^^^^^^
[INFO] [stdout] 
[INFO] [stdout] 
[INFO] [stdout] warning: unused import: `self::event_handler::*`
[INFO] [stdout]   --> src/vmm/src/devices/virtio/virtio_block/mod.rs:17:9
[INFO] [stdout]    |
[INFO] [stdout] 17 | pub use self::event_handler::*;
[INFO] [stdout]    |         ^^^^^^^^^^^^^^^^^^^^^^
[INFO] [stdout] 
[INFO] [stdout] 
[INFO] [stderr]    Compiling cargo_toml v0.17.1
[INFO] [stderr]    Compiling api_server v0.1.0 (/opt/rustwide/workdir/src/api_server)
[INFO] [stdout] warning: unused imports: `HttpServer`, `RequestError`, `Request`, `Response`, `Version`
[INFO] [stdout]   --> src/api_server/src/request/mod.rs:20:11
[INFO] [stdout]    |
[INFO] [stdout] 20 |     Body, HttpServer, Method, Request, RequestError, Response, StatusCode, Version,
[INFO] [stdout]    |           ^^^^^^^^^^          ^^^^^^^  ^^^^^^^^^^^^  ^^^^^^^^              ^^^^^^^
[INFO] [stdout]    |
[INFO] [stdout]    = note: `#[warn(unused_imports)]` on by default
[INFO] [stdout] 
[INFO] [stdout] 
[INFO] [stdout] warning: unused imports: `HttpServer`, `RequestError`, `Request`, `Response`, `Version`
[INFO] [stdout]   --> src/api_server/src/request/mod.rs:20:11
[INFO] [stdout]    |
[INFO] [stdout] 20 |     Body, HttpServer, Method, Request, RequestError, Response, StatusCode, Version,
[INFO] [stdout]    |           ^^^^^^^^^^          ^^^^^^^  ^^^^^^^^^^^^  ^^^^^^^^              ^^^^^^^
[INFO] [stdout]    |
[INFO] [stdout]    = note: `#[warn(unused_imports)]` on by default
[INFO] [stdout] 
[INFO] [stdout] 
[INFO] [stdout] warning: 1 warning emitted
[INFO] [stdout] 
[INFO] [stdout] 
[INFO] [stdout] warning: 1 warning emitted
[INFO] [stdout] 
[INFO] [stdout] 
[INFO] [stdout] warning: 3 warnings emitted
[INFO] [stdout] 
[INFO] [stdout] 
[INFO] [stdout] warning: 3 warnings emitted
[INFO] [stdout] 
[INFO] [stdout] 
[INFO] [stderr]    Compiling snapshot-editor v1.6.0-dev (/opt/rustwide/workdir/src/snapshot-editor)
[INFO] [stderr]    Compiling cpu-template-helper v1.6.0-dev (/opt/rustwide/workdir/src/cpu-template-helper)
[INFO] [stderr]     Finished test [unoptimized + debuginfo] target(s) in 1m 41s
[INFO] running `Command { std: "docker" "inspect" "50722bb1ce0db444dd7b3405ca7f146c6a51c46bcd0cb53be993a0833c98df41", kill_on_drop: false }`
[INFO] running `Command { std: "docker" "rm" "-f" "50722bb1ce0db444dd7b3405ca7f146c6a51c46bcd0cb53be993a0833c98df41", kill_on_drop: false }`
[INFO] [stdout] 50722bb1ce0db444dd7b3405ca7f146c6a51c46bcd0cb53be993a0833c98df41
[INFO] running `Command { std: "docker" "create" "-v" "/var/lib/crater-agent-workspace/builds/worker-1-tc1/target:/opt/rustwide/target:rw,Z" "-v" "/var/lib/crater-agent-workspace/builds/worker-1-tc1/source:/opt/rustwide/workdir:ro,Z" "-v" "/var/lib/crater-agent-workspace/cargo-home:/opt/rustwide/cargo-home:ro,Z" "-v" "/var/lib/crater-agent-workspace/rustup-home:/opt/rustwide/rustup-home:ro,Z" "-e" "SOURCE_DIR=/opt/rustwide/workdir" "-e" "CARGO_TARGET_DIR=/opt/rustwide/target" "-e" "CARGO_INCREMENTAL=0" "-e" "RUST_BACKTRACE=full" "-e" "RUSTFLAGS=--cap-lints=forbid" "-e" "RUSTDOCFLAGS=--cap-lints=forbid" "-e" "CARGO_HOME=/opt/rustwide/cargo-home" "-e" "RUSTUP_HOME=/opt/rustwide/rustup-home" "-w" "/opt/rustwide/workdir" "-m" "1610612736" "--user" "0:0" "--network" "none" "ghcr.io/rust-lang/crates-build-env/linux@sha256:2788e3201cd34a07e3172128adcd8b3090168a8e3bcc40d7c032b9dda1df7d1c" "/opt/rustwide/cargo-home/bin/cargo" "+2fe50cd72c476ebacdedb14893e9632b4de961c2" "test" "--frozen", kill_on_drop: false }`
[INFO] [stdout] 8c1789721d9eae677e5bfb276f17105c6a02d2c7296793c2473362921573285c
[INFO] running `Command { std: "docker" "start" "-a" "8c1789721d9eae677e5bfb276f17105c6a02d2c7296793c2473362921573285c", kill_on_drop: false }`
[INFO] [stderr] warning: patch for `kvm-bindings` uses the features mechanism. default-features and features will not take effect because the patch dependency does not support this mechanism
[INFO] [stderr] warning: unused import: `sockios::*`
[INFO] [stderr]   --> src/vmm/src/devices/virtio/net/gen/mod.rs:26:9
[INFO] [stderr]    |
[INFO] [stderr] 26 | pub use sockios::*;
[INFO] [stderr]    |         ^^^^^^^^^^
[INFO] [stderr]    |
[INFO] [stderr]    = note: `#[warn(unused_imports)]` on by default
[INFO] [stderr] 
[INFO] [stderr] warning: unused import: `self::event_handler::*`
[INFO] [stderr]   --> src/vmm/src/devices/virtio/net/mod.rs:32:9
[INFO] [stderr]    |
[INFO] [stderr] 32 | pub use self::event_handler::*;
[INFO] [stderr]    |         ^^^^^^^^^^^^^^^^^^^^^^
[INFO] [stderr] 
[INFO] [stderr] warning: unused import: `self::event_handler::*`
[INFO] [stderr]   --> src/vmm/src/devices/virtio/virtio_block/mod.rs:17:9
[INFO] [stderr]    |
[INFO] [stderr] 17 | pub use self::event_handler::*;
[INFO] [stderr]    |         ^^^^^^^^^^^^^^^^^^^^^^
[INFO] [stderr] 
[INFO] [stderr] warning: `vmm` (lib) generated 3 warnings (run `cargo fix --lib -p vmm` to apply 3 suggestions)
[INFO] [stderr] warning: unused imports: `HttpServer`, `RequestError`, `Request`, `Response`, `Version`
[INFO] [stderr]   --> src/api_server/src/request/mod.rs:20:11
[INFO] [stderr]    |
[INFO] [stderr] 20 |     Body, HttpServer, Method, Request, RequestError, Response, StatusCode, Version,
[INFO] [stderr]    |           ^^^^^^^^^^          ^^^^^^^  ^^^^^^^^^^^^  ^^^^^^^^              ^^^^^^^
[INFO] [stderr]    |
[INFO] [stderr]    = note: `#[warn(unused_imports)]` on by default
[INFO] [stderr] 
[INFO] [stderr] warning: `api_server` (lib) generated 1 warning (run `cargo fix --lib -p api_server` to apply 1 suggestion)
[INFO] [stderr] warning: firecracker@1.6.0-dev: No default seccomp policy for target: x86_64-unknown-linux-gnu. Defaulting to `resources/seccomp/unimplemented.json`.
[INFO] [stderr] warning: `vmm` (lib) generated 3 warnings (3 duplicates)
[INFO] [stderr] warning: `api_server` (lib) generated 1 warning (1 duplicate)
[INFO] [stderr]     Finished test [unoptimized + debuginfo] target(s) in 0.39s
[INFO] [stderr]      Running unittests src/main.rs (/opt/rustwide/target/debug/deps/clippy_tracing-59318d08b169c4f4)
[INFO] [stderr]      Running tests/integration_tests.rs (/opt/rustwide/target/debug/deps/integration_tests-1f41e80b9e6ccbad)
[INFO] [stdout] 
[INFO] [stdout] running 0 tests
[INFO] [stdout] 
[INFO] [stdout] test result: ok. 0 passed; 0 failed; 0 ignored; 0 measured; 0 filtered out; finished in 0.00s
[INFO] [stdout] 
[INFO] [stdout] 
[INFO] [stdout] running 14 tests
[INFO] [stdout] test fix_two ... ok
[INFO] [stdout] test exclude ... ok
[INFO] [stdout] test check_two ... ok
[INFO] [stdout] test exec_error ... ok
[INFO] [stdout] test fix_three ... ok
[INFO] [stdout] test fix_one ... ok
[INFO] [stdout] test check_one ... ok
[INFO] [stdout] test strip_one ... ok
[INFO] [stdout] test check_three ... ok
[INFO] [stdout] test strip_two ... ok
[INFO] [stdout] test strip_three ... ok
[INFO] [stdout] test readme_custom_suffix ... ok
[INFO] [stdout] test readme_empty_suffix ... ok
[INFO] [stdout] test readme ... ok
[INFO] [stdout] 
[INFO] [stdout] test result: ok. 14 passed; 0 failed; 0 ignored; 0 measured; 0 filtered out; finished in 0.07s
[INFO] [stdout] 
[INFO] [stderr]      Running unittests src/main.rs (/opt/rustwide/target/debug/deps/cpu_template_helper-0c2582008a9dd361)
[INFO] [stdout] 
[INFO] [stdout] running 41 tests
[INFO] [stdout] test fingerprint::dump::tests::test_get_kernel_version ... ok
[INFO] [stdout] test fingerprint::dump::tests::test_read_valid_sysfs_file ... ok
[INFO] [stdout] test fingerprint::compare::tests::test_compare_same_fingerprints ... ok
[INFO] [stdout] test fingerprint::compare::tests::test_compare_different_fingerprints ... ok
[INFO] [stdout] test template::strip::tests::test_strip_common ... ok
[INFO] [stdout] test fingerprint::dump::tests::test_read_invalid_sysfs_file ... ok
[INFO] [stdout] test template::strip::tests::test_strip_common_with_single_input ... ok
[INFO] [stdout] test template::dump::x86_64::tests::test_cpuid_to_modifier ... ok
[INFO] [stdout] test template::verify::tests::test_verify_modifier_map_with_valid_value ... ok
[INFO] [stdout] test template::verify::tests::test_verify_modifier_map_with_mismatched_value ... ok
[INFO] [stdout] test template::strip::x86_64::tests::test_strip_cpuid_modifiers ... ok
[INFO] [stdout] test template::verify::x86_64::tests::test_format_cpuid_modifier_map_key ... ok
[INFO] [stdout] test template::verify::x86_64::tests::test_cpuid_modifier_from_vec_to_map ... ok
[INFO] [stdout] test template::strip::x86_64::tests::test_strip_msr_modifiers ... ok
[INFO] [stdout] test template::verify::tests::test_verify_modifier_map_with_non_existing_key ... ok
[INFO] [stdout] test template::verify::x86_64::tests::test_format_msr_modifier_map_key ... ok
[INFO] [stdout] test template::verify::x86_64::tests::test_msr_modifier_from_vec_to_map ... ok
[INFO] [stdout] test template::verify::x86_64::tests::test_verify_mismatched_cpuid ... ok
[INFO] [stdout] test template::verify::x86_64::tests::test_verify_mismatched_msr ... ok
[INFO] [stdout] test template::verify::x86_64::tests::test_verify_non_existing_msr ... ok
[INFO] [stdout] test tests::test_fingerprint_compare_command ... ok
[INFO] [stdout] test tests::test_template_strip_command ... ok
[INFO] [stdout] test utils::tests::test_add_suffix_abs_path ... ok
[INFO] [stdout] test utils::tests::test_add_suffix_filename_only ... ok
[INFO] [stdout] test utils::tests::test_add_suffix_filename_without_ext ... ok
[INFO] [stdout] test utils::tests::test_add_suffix_rel_path ... ok
[INFO] [stdout] test fingerprint::dump::tests::test_run_invalid_shell_command ... ok
[INFO] [stdout] test fingerprint::dump::tests::test_run_valid_shell_command ... ok
[INFO] [stdout] test template::verify::x86_64::tests::test_verify_non_existing_cpuid ... ok
[INFO] [stdout] test utils::tests::test_build_microvm_from_invalid_config ... ok
[INFO] [stdout] test utils::x86_64::tests::test_cpuid_modifier_from_map_to_vec ... ok
[INFO] [stdout] test utils::x86_64::tests::test_cpuid_modifier_from_vec_to_map ... ok
[INFO] [stdout] test utils::x86_64::tests::test_format_cpuid_modifier_map_key ... ok
[INFO] [stdout] test utils::x86_64::tests::test_format_msr_modifier_map_key ... ok
[INFO] [stdout] test utils::x86_64::tests::test_msr_modifier_from_map_to_vec ... ok
[INFO] [stdout] test tests::test_template_dump_command ... FAILED
[INFO] [stdout] test tests::test_template_verify_command ... FAILED
[INFO] [stdout] test template::dump::tests::test_dump ... FAILED
[INFO] [stderr] error: test failed, to rerun pass `-p cpu-template-helper --bin cpu-template-helper`
[INFO] [stdout] test utils::tests::test_build_microvm_from_valid_config ... FAILED
[INFO] [stdout] test tests::test_fingerprint_dump_command ... FAILED
[INFO] [stdout] test utils::x86_64::tests::test_msr_modifier_from_vec_to_map ... ok
[INFO] [stdout] 
[INFO] [stdout] failures:
[INFO] [stdout] 
[INFO] [stdout] ---- tests::test_template_dump_command stdout ----
[INFO] [stdout] thread 'tests::test_template_dump_command' panicked at src/cpu-template-helper/src/main.rs:357:18:
[INFO] [stdout] called `Result::unwrap()` on an `Err` value: Utils(BuildMicroVm(Internal(Vm(Kvm(Error(2))))))
[INFO] [stdout] stack backtrace:
[INFO] [stdout]    0:     0x55b513241f06 - std::backtrace_rs::backtrace::libunwind::trace::hd7a456af414d63de
[INFO] [stdout]                                at /rustc/2fe50cd72c476ebacdedb14893e9632b4de961c2/library/std/src/../../backtrace/src/backtrace/libunwind.rs:104:5
[INFO] [stdout]    1:     0x55b513241f06 - std::backtrace_rs::backtrace::trace_unsynchronized::h64867240ea973bd5
[INFO] [stdout]                                at /rustc/2fe50cd72c476ebacdedb14893e9632b4de961c2/library/std/src/../../backtrace/src/backtrace/mod.rs:66:5
[INFO] [stdout]    2:     0x55b513241f06 - std::sys_common::backtrace::_print_fmt::h2808b222ea4d26d0
[INFO] [stdout]                                at /rustc/2fe50cd72c476ebacdedb14893e9632b4de961c2/library/std/src/sys_common/backtrace.rs:68:5
[INFO] [stdout]    3:     0x55b513241f06 - <std::sys_common::backtrace::_print::DisplayBacktrace as core::fmt::Display>::fmt::h03f74bc036e21c80
[INFO] [stdout]                                at /rustc/2fe50cd72c476ebacdedb14893e9632b4de961c2/library/std/src/sys_common/backtrace.rs:44:22
[INFO] [stdout]    4:     0x55b51326ca30 - core::fmt::rt::Argument::fmt::h8121cad32ccb67f1
[INFO] [stdout]                                at /rustc/2fe50cd72c476ebacdedb14893e9632b4de961c2/library/core/src/fmt/rt.rs:142:9
[INFO] [stdout]    5:     0x55b51326ca30 - core::fmt::write::hba6738a49cae548f
[INFO] [stdout]                                at /rustc/2fe50cd72c476ebacdedb14893e9632b4de961c2/library/core/src/fmt/mod.rs:1120:17
[INFO] [stdout]    6:     0x55b51323ef2f - std::io::Write::write_fmt::h998dc49ddc9bbda8
[INFO] [stdout]                                at /rustc/2fe50cd72c476ebacdedb14893e9632b4de961c2/library/std/src/io/mod.rs:1810:15
[INFO] [stdout]    7:     0x55b513241ce4 - std::sys_common::backtrace::_print::h12e2732351687df5
[INFO] [stdout]                                at /rustc/2fe50cd72c476ebacdedb14893e9632b4de961c2/library/std/src/sys_common/backtrace.rs:47:5
[INFO] [stdout]    8:     0x55b513241ce4 - std::sys_common::backtrace::print::h3977ff4fa70d37c3
[INFO] [stdout]                                at /rustc/2fe50cd72c476ebacdedb14893e9632b4de961c2/library/std/src/sys_common/backtrace.rs:34:9
[INFO] [stdout]    9:     0x55b513243a57 - std::panicking::default_hook::{{closure}}::h3649b42de801f190
[INFO] [stdout]   10:     0x55b51324373d - std::panicking::default_hook::h3fb7ccab350417f5
[INFO] [stdout]                                at /rustc/2fe50cd72c476ebacdedb14893e9632b4de961c2/library/std/src/panicking.rs:289:9
[INFO] [stdout]   11:     0x55b512d02497 - <alloc::boxed::Box<F,A> as core::ops::function::Fn<Args>>::call::hcac2ee49c7d5205e
[INFO] [stdout]                                at /rustc/2fe50cd72c476ebacdedb14893e9632b4de961c2/library/alloc/src/boxed.rs:2029:9
[INFO] [stdout]   12:     0x55b512d02497 - test::test_main::{{closure}}::ha6dc19c93a11f2d1
[INFO] [stdout]                                at /rustc/2fe50cd72c476ebacdedb14893e9632b4de961c2/library/test/src/lib.rs:138:21
[INFO] [stdout]   13:     0x55b513244076 - <alloc::boxed::Box<F,A> as core::ops::function::Fn<Args>>::call::h29b8e785b856bb23
[INFO] [stdout]                                at /rustc/2fe50cd72c476ebacdedb14893e9632b4de961c2/library/alloc/src/boxed.rs:2029:9
[INFO] [stdout]   14:     0x55b513244076 - std::panicking::rust_panic_with_hook::h5efc89ef996de810
[INFO] [stdout]                                at /rustc/2fe50cd72c476ebacdedb14893e9632b4de961c2/library/std/src/panicking.rs:783:13
[INFO] [stdout]   15:     0x55b513243dc2 - std::panicking::begin_panic_handler::{{closure}}::h6289f51ae1ae9efc
[INFO] [stdout]                                at /rustc/2fe50cd72c476ebacdedb14893e9632b4de961c2/library/std/src/panicking.rs:657:13
[INFO] [stdout]   16:     0x55b513242406 - std::sys_common::backtrace::__rust_end_short_backtrace::h9f143e0a9d826e65
[INFO] [stdout]                                at /rustc/2fe50cd72c476ebacdedb14893e9632b4de961c2/library/std/src/sys_common/backtrace.rs:171:18
[INFO] [stdout]   17:     0x55b513243b20 - rust_begin_unwind
[INFO] [stdout]                                at /rustc/2fe50cd72c476ebacdedb14893e9632b4de961c2/library/std/src/panicking.rs:645:5
[INFO] [stdout]   18:     0x55b512c351d5 - core::panicking::panic_fmt::h5b9d04f36fd68862
[INFO] [stdout]                                at /rustc/2fe50cd72c476ebacdedb14893e9632b4de961c2/library/core/src/panicking.rs:72:14
[INFO] [stdout]   19:     0x55b512c35813 - core::result::unwrap_failed::h51ff08a68f0aec4a
[INFO] [stdout]                                at /rustc/2fe50cd72c476ebacdedb14893e9632b4de961c2/library/core/src/result.rs:1649:5
[INFO] [stdout]   20:     0x55b512cb4783 - core::result::Result<T,E>::unwrap::h084e924c754c64ee
[INFO] [stdout]                                at /rustc/2fe50cd72c476ebacdedb14893e9632b4de961c2/library/core/src/result.rs:1073:23
[INFO] [stdout]   21:     0x55b512caf6e8 - cpu_template_helper::tests::test_template_dump_command::h7145aec9b5e9f6c0
[INFO] [stdout]                                at /opt/rustwide/workdir/src/cpu-template-helper/src/main.rs:357:9
[INFO] [stdout]   22:     0x55b512caf237 - cpu_template_helper::tests::test_template_dump_command::{{closure}}::h5d05a414c59ec5ef
[INFO] [stdout]                                at /opt/rustwide/workdir/src/cpu-template-helper/src/main.rs:336:36
[INFO] [stdout]   23:     0x55b512cb9916 - core::ops::function::FnOnce::call_once::h509ae5ae4ceec227
[INFO] [stdout]                                at /rustc/2fe50cd72c476ebacdedb14893e9632b4de961c2/library/core/src/ops/function.rs:250:5
[INFO] [stdout]   24:     0x55b512d07c9f - core::ops::function::FnOnce::call_once::h547df4cc4781c42c
[INFO] [stdout]                                at /rustc/2fe50cd72c476ebacdedb14893e9632b4de961c2/library/core/src/ops/function.rs:250:5
[INFO] [stdout]   25:     0x55b512d07c9f - test::__rust_begin_short_backtrace::h0751f8da0df8afc9
[INFO] [stdout]                                at /rustc/2fe50cd72c476ebacdedb14893e9632b4de961c2/library/test/src/lib.rs:627:18
[INFO] [stdout]   26:     0x55b512d06af1 - test::run_test_in_process::{{closure}}::h08b7e2b944f5d3bf
[INFO] [stdout]                                at /rustc/2fe50cd72c476ebacdedb14893e9632b4de961c2/library/test/src/lib.rs:650:60
[INFO] [stdout]   27:     0x55b512d06af1 - <core::panic::unwind_safe::AssertUnwindSafe<F> as core::ops::function::FnOnce<()>>::call_once::h4eabe934da23f6d3
[INFO] [stdout]                                at /rustc/2fe50cd72c476ebacdedb14893e9632b4de961c2/library/core/src/panic/unwind_safe.rs:272:9
[INFO] [stdout]   28:     0x55b512d06af1 - std::panicking::try::do_call::h8bce2a819a83d75f
[INFO] [stdout]                                at /rustc/2fe50cd72c476ebacdedb14893e9632b4de961c2/library/std/src/panicking.rs:552:40
[INFO] [stdout]   29:     0x55b512d06af1 - std::panicking::try::h8d0ad43ca1e9dfe4
[INFO] [stdout]                                at /rustc/2fe50cd72c476ebacdedb14893e9632b4de961c2/library/std/src/panicking.rs:516:19
[INFO] [stdout]   30:     0x55b512d06af1 - std::panic::catch_unwind::h80c407981483a27f
[INFO] [stdout]                                at /rustc/2fe50cd72c476ebacdedb14893e9632b4de961c2/library/std/src/panic.rs:142:14
[INFO] [stdout]   31:     0x55b512d06af1 - test::run_test_in_process::h34f4f1cf26878dcc
[INFO] [stdout]                                at /rustc/2fe50cd72c476ebacdedb14893e9632b4de961c2/library/test/src/lib.rs:650:27
[INFO] [stdout]   32:     0x55b512d06af1 - test::run_test::{{closure}}::hf98423759bd4e4de
[INFO] [stdout]                                at /rustc/2fe50cd72c476ebacdedb14893e9632b4de961c2/library/test/src/lib.rs:573:43
[INFO] [stdout]   33:     0x55b512ccde86 - test::run_test::{{closure}}::h31f9214a9865a468
[INFO] [stdout]                                at /rustc/2fe50cd72c476ebacdedb14893e9632b4de961c2/library/test/src/lib.rs:601:41
[INFO] [stdout]   34:     0x55b512ccde86 - std::sys_common::backtrace::__rust_begin_short_backtrace::h97eebf57e64e4a3e
[INFO] [stdout]                                at /rustc/2fe50cd72c476ebacdedb14893e9632b4de961c2/library/std/src/sys_common/backtrace.rs:155:18
[INFO] [stdout]   35:     0x55b512cd2f87 - std::thread::Builder::spawn_unchecked_::{{closure}}::{{closure}}::h10343cc6e645d5a7
[INFO] [stdout]                                at /rustc/2fe50cd72c476ebacdedb14893e9632b4de961c2/library/std/src/thread/mod.rs:529:17
[INFO] [stdout]   36:     0x55b512cd2f87 - <core::panic::unwind_safe::AssertUnwindSafe<F> as core::ops::function::FnOnce<()>>::call_once::h7676f5746d51f304
[INFO] [stdout]                                at /rustc/2fe50cd72c476ebacdedb14893e9632b4de961c2/library/core/src/panic/unwind_safe.rs:272:9
[INFO] [stdout]   37:     0x55b512cd2f87 - std::panicking::try::do_call::h76c69ddb47b6692d
[INFO] [stdout]                                at /rustc/2fe50cd72c476ebacdedb14893e9632b4de961c2/library/std/src/panicking.rs:552:40
[INFO] [stdout]   38:     0x55b512cd2f87 - std::panicking::try::h231004126786543e
[INFO] [stdout]                                at /rustc/2fe50cd72c476ebacdedb14893e9632b4de961c2/library/std/src/panicking.rs:516:19
[INFO] [stdout]   39:     0x55b512cd2f87 - std::panic::catch_unwind::h519133dc1360745e
[INFO] [stdout]                                at /rustc/2fe50cd72c476ebacdedb14893e9632b4de961c2/library/std/src/panic.rs:142:14
[INFO] [stdout]   40:     0x55b512cd2f87 - std::thread::Builder::spawn_unchecked_::{{closure}}::h7c96b1538d88533f
[INFO] [stdout]                                at /rustc/2fe50cd72c476ebacdedb14893e9632b4de961c2/library/std/src/thread/mod.rs:528:30
[INFO] [stdout]   41:     0x55b512cd2f87 - core::ops::function::FnOnce::call_once{{vtable.shim}}::h90e3a916fbad66da
[INFO] [stdout]                                at /rustc/2fe50cd72c476ebacdedb14893e9632b4de961c2/library/core/src/ops/function.rs:250:5
[INFO] [stdout]   42:     0x55b513248e85 - <alloc::boxed::Box<F,A> as core::ops::function::FnOnce<Args>>::call_once::h12c26c313019b755
[INFO] [stdout]                                at /rustc/2fe50cd72c476ebacdedb14893e9632b4de961c2/library/alloc/src/boxed.rs:2015:9
[INFO] [stdout]   43:     0x55b513248e85 - <alloc::boxed::Box<F,A> as core::ops::function::FnOnce<Args>>::call_once::h3a7c22937eaa10d1
[INFO] [stdout]                                at /rustc/2fe50cd72c476ebacdedb14893e9632b4de961c2/library/alloc/src/boxed.rs:2015:9
[INFO] [stdout]   44:     0x55b513248e85 - std::sys::unix::thread::Thread::new::thread_start::h1ce303acc71f2e7d
[INFO] [stdout]                                at /rustc/2fe50cd72c476ebacdedb14893e9632b4de961c2/library/std/src/sys/unix/thread.rs:108:17
[INFO] [stdout]   45:     0x7f6e93c50ac3 - <unknown>
[INFO] [stdout]   46:     0x7f6e93ce1bf4 - __clone
[INFO] [stdout]   47:                0x0 - <unknown>
[INFO] [stdout] 
[INFO] [stdout] ---- tests::test_template_verify_command stdout ----
[INFO] [stdout] thread 'tests::test_template_verify_command' panicked at src/cpu-template-helper/src/main.rs:395:18:
[INFO] [stdout] called `Result::unwrap()` on an `Err` value: Utils(BuildMicroVm(Internal(Vm(Kvm(Error(2))))))
[INFO] [stdout] stack backtrace:
[INFO] [stdout]    0:     0x55b513241f06 - std::backtrace_rs::backtrace::libunwind::trace::hd7a456af414d63de
[INFO] [stdout]                                at /rustc/2fe50cd72c476ebacdedb14893e9632b4de961c2/library/std/src/../../backtrace/src/backtrace/libunwind.rs:104:5
[INFO] [stdout]    1:     0x55b513241f06 - std::backtrace_rs::backtrace::trace_unsynchronized::h64867240ea973bd5
[INFO] [stdout]                                at /rustc/2fe50cd72c476ebacdedb14893e9632b4de961c2/library/std/src/../../backtrace/src/backtrace/mod.rs:66:5
[INFO] [stdout]    2:     0x55b513241f06 - std::sys_common::backtrace::_print_fmt::h2808b222ea4d26d0
[INFO] [stdout]                                at /rustc/2fe50cd72c476ebacdedb14893e9632b4de961c2/library/std/src/sys_common/backtrace.rs:68:5
[INFO] [stdout]    3:     0x55b513241f06 - <std::sys_common::backtrace::_print::DisplayBacktrace as core::fmt::Display>::fmt::h03f74bc036e21c80
[INFO] [stdout]                                at /rustc/2fe50cd72c476ebacdedb14893e9632b4de961c2/library/std/src/sys_common/backtrace.rs:44:22
[INFO] [stdout]    4:     0x55b51326ca30 - core::fmt::rt::Argument::fmt::h8121cad32ccb67f1
[INFO] [stdout]                                at /rustc/2fe50cd72c476ebacdedb14893e9632b4de961c2/library/core/src/fmt/rt.rs:142:9
[INFO] [stdout]    5:     0x55b51326ca30 - core::fmt::write::hba6738a49cae548f
[INFO] [stdout]                                at /rustc/2fe50cd72c476ebacdedb14893e9632b4de961c2/library/core/src/fmt/mod.rs:1120:17
[INFO] [stdout]    6:     0x55b51323ef2f - std::io::Write::write_fmt::h998dc49ddc9bbda8
[INFO] [stdout]                                at /rustc/2fe50cd72c476ebacdedb14893e9632b4de961c2/library/std/src/io/mod.rs:1810:15
[INFO] [stdout]    7:     0x55b513241ce4 - std::sys_common::backtrace::_print::h12e2732351687df5
[INFO] [stdout]                                at /rustc/2fe50cd72c476ebacdedb14893e9632b4de961c2/library/std/src/sys_common/backtrace.rs:47:5
[INFO] [stdout]    8:     0x55b513241ce4 - std::sys_common::backtrace::print::h3977ff4fa70d37c3
[INFO] [stdout]                                at /rustc/2fe50cd72c476ebacdedb14893e9632b4de961c2/library/std/src/sys_common/backtrace.rs:34:9
[INFO] [stdout]    9:     0x55b513243a57 - std::panicking::default_hook::{{closure}}::h3649b42de801f190
[INFO] [stdout]   10:     0x55b51324373d - std::panicking::default_hook::h3fb7ccab350417f5
[INFO] [stdout]                                at /rustc/2fe50cd72c476ebacdedb14893e9632b4de961c2/library/std/src/panicking.rs:289:9
[INFO] [stdout]   11:     0x55b512d02497 - <alloc::boxed::Box<F,A> as core::ops::function::Fn<Args>>::call::hcac2ee49c7d5205e
[INFO] [stdout]                                at /rustc/2fe50cd72c476ebacdedb14893e9632b4de961c2/library/alloc/src/boxed.rs:2029:9
[INFO] [stdout]   12:     0x55b512d02497 - test::test_main::{{closure}}::ha6dc19c93a11f2d1
[INFO] [stdout]                                at /rustc/2fe50cd72c476ebacdedb14893e9632b4de961c2/library/test/src/lib.rs:138:21
[INFO] [stdout]   13:     0x55b513244076 - <alloc::boxed::Box<F,A> as core::ops::function::Fn<Args>>::call::h29b8e785b856bb23
[INFO] [stdout]                                at /rustc/2fe50cd72c476ebacdedb14893e9632b4de961c2/library/alloc/src/boxed.rs:2029:9
[INFO] [stdout]   14:     0x55b513244076 - std::panicking::rust_panic_with_hook::h5efc89ef996de810
[INFO] [stdout]                                at /rustc/2fe50cd72c476ebacdedb14893e9632b4de961c2/library/std/src/panicking.rs:783:13
[INFO] [stdout]   15:     0x55b513243dc2 - std::panicking::begin_panic_handler::{{closure}}::h6289f51ae1ae9efc
[INFO] [stdout]                                at /rustc/2fe50cd72c476ebacdedb14893e9632b4de961c2/library/std/src/panicking.rs:657:13
[INFO] [stdout]   16:     0x55b513242406 - std::sys_common::backtrace::__rust_end_short_backtrace::h9f143e0a9d826e65
[INFO] [stdout]                                at /rustc/2fe50cd72c476ebacdedb14893e9632b4de961c2/library/std/src/sys_common/backtrace.rs:171:18
[INFO] [stdout]   17:     0x55b513243b20 - rust_begin_unwind
[INFO] [stdout]                                at /rustc/2fe50cd72c476ebacdedb14893e9632b4de961c2/library/std/src/panicking.rs:645:5
[INFO] [stdout]   18:     0x55b512c351d5 - core::panicking::panic_fmt::h5b9d04f36fd68862
[INFO] [stdout]                                at /rustc/2fe50cd72c476ebacdedb14893e9632b4de961c2/library/core/src/panicking.rs:72:14
[INFO] [stdout]   19:     0x55b512c35813 - core::result::unwrap_failed::h51ff08a68f0aec4a
[INFO] [stdout]                                at /rustc/2fe50cd72c476ebacdedb14893e9632b4de961c2/library/core/src/result.rs:1649:5
[INFO] [stdout]   20:     0x55b512cb4783 - core::result::Result<T,E>::unwrap::h084e924c754c64ee
[INFO] [stdout]                                at /rustc/2fe50cd72c476ebacdedb14893e9632b4de961c2/library/core/src/result.rs:1073:23
[INFO] [stdout]   21:     0x55b512caff88 - cpu_template_helper::tests::test_template_verify_command::hbc10f8f12b59d5b4
[INFO] [stdout]                                at /opt/rustwide/workdir/src/cpu-template-helper/src/main.rs:395:9
[INFO] [stdout]   22:     0x55b512cafb17 - cpu_template_helper::tests::test_template_verify_command::{{closure}}::h13fc0aeeaf5e17fe
[INFO] [stdout]                                at /opt/rustwide/workdir/src/cpu-template-helper/src/main.rs:376:38
[INFO] [stdout]   23:     0x55b512cb9e56 - core::ops::function::FnOnce::call_once::hb0baa36007c2b693
[INFO] [stdout]                                at /rustc/2fe50cd72c476ebacdedb14893e9632b4de961c2/library/core/src/ops/function.rs:250:5
[INFO] [stdout]   24:     0x55b512d07c9f - core::ops::function::FnOnce::call_once::h547df4cc4781c42c
[INFO] [stdout]                                at /rustc/2fe50cd72c476ebacdedb14893e9632b4de961c2/library/core/src/ops/function.rs:250:5
[INFO] [stdout]   25:     0x55b512d07c9f - test::__rust_begin_short_backtrace::h0751f8da0df8afc9
[INFO] [stdout]                                at /rustc/2fe50cd72c476ebacdedb14893e9632b4de961c2/library/test/src/lib.rs:627:18
[INFO] [stdout]   26:     0x55b512d06af1 - test::run_test_in_process::{{closure}}::h08b7e2b944f5d3bf
[INFO] [stdout]                                at /rustc/2fe50cd72c476ebacdedb14893e9632b4de961c2/library/test/src/lib.rs:650:60
[INFO] [stdout]   27:     0x55b512d06af1 - <core::panic::unwind_safe::AssertUnwindSafe<F> as core::ops::function::FnOnce<()>>::call_once::h4eabe934da23f6d3
[INFO] [stdout]                                at /rustc/2fe50cd72c476ebacdedb14893e9632b4de961c2/library/core/src/panic/unwind_safe.rs:272:9
[INFO] [stdout]   28:     0x55b512d06af1 - std::panicking::try::do_call::h8bce2a819a83d75f
[INFO] [stdout]                                at /rustc/2fe50cd72c476ebacdedb14893e9632b4de961c2/library/std/src/panicking.rs:552:40
[INFO] [stdout]   29:     0x55b512d06af1 - std::panicking::try::h8d0ad43ca1e9dfe4
[INFO] [stdout]                                at /rustc/2fe50cd72c476ebacdedb14893e9632b4de961c2/library/std/src/panicking.rs:516:19
[INFO] [stdout]   30:     0x55b512d06af1 - std::panic::catch_unwind::h80c407981483a27f
[INFO] [stdout]                                at /rustc/2fe50cd72c476ebacdedb14893e9632b4de961c2/library/std/src/panic.rs:142:14
[INFO] [stdout]   31:     0x55b512d06af1 - test::run_test_in_process::h34f4f1cf26878dcc
[INFO] [stdout]                                at /rustc/2fe50cd72c476ebacdedb14893e9632b4de961c2/library/test/src/lib.rs:650:27
[INFO] [stdout]   32:     0x55b512d06af1 - test::run_test::{{closure}}::hf98423759bd4e4de
[INFO] [stdout]                                at /rustc/2fe50cd72c476ebacdedb14893e9632b4de961c2/library/test/src/lib.rs:573:43
[INFO] [stdout]   33:     0x55b512ccde86 - test::run_test::{{closure}}::h31f9214a9865a468
[INFO] [stdout]                                at /rustc/2fe50cd72c476ebacdedb14893e9632b4de961c2/library/test/src/lib.rs:601:41
[INFO] [stdout]   34:     0x55b512ccde86 - std::sys_common::backtrace::__rust_begin_short_backtrace::h97eebf57e64e4a3e
[INFO] [stdout]                                at /rustc/2fe50cd72c476ebacdedb14893e9632b4de961c2/library/std/src/sys_common/backtrace.rs:155:18
[INFO] [stdout]   35:     0x55b512cd2f87 - std::thread::Builder::spawn_unchecked_::{{closure}}::{{closure}}::h10343cc6e645d5a7
[INFO] [stdout]                                at /rustc/2fe50cd72c476ebacdedb14893e9632b4de961c2/library/std/src/thread/mod.rs:529:17
[INFO] [stdout]   36:     0x55b512cd2f87 - <core::panic::unwind_safe::AssertUnwindSafe<F> as core::ops::function::FnOnce<()>>::call_once::h7676f5746d51f304
[INFO] [stdout]                                at /rustc/2fe50cd72c476ebacdedb14893e9632b4de961c2/library/core/src/panic/unwind_safe.rs:272:9
[INFO] [stdout]   37:     0x55b512cd2f87 - std::panicking::try::do_call::h76c69ddb47b6692d
[INFO] [stdout]                                at /rustc/2fe50cd72c476ebacdedb14893e9632b4de961c2/library/std/src/panicking.rs:552:40
[INFO] [stdout]   38:     0x55b512cd2f87 - std::panicking::try::h231004126786543e
[INFO] [stdout]                                at /rustc/2fe50cd72c476ebacdedb14893e9632b4de961c2/library/std/src/panicking.rs:516:19
[INFO] [stdout]   39:     0x55b512cd2f87 - std::panic::catch_unwind::h519133dc1360745e
[INFO] [stdout]                                at /rustc/2fe50cd72c476ebacdedb14893e9632b4de961c2/library/std/src/panic.rs:142:14
[INFO] [stdout]   40:     0x55b512cd2f87 - std::thread::Builder::spawn_unchecked_::{{closure}}::h7c96b1538d88533f
[INFO] [stdout]                                at /rustc/2fe50cd72c476ebacdedb14893e9632b4de961c2/library/std/src/thread/mod.rs:528:30
[INFO] [stdout]   41:     0x55b512cd2f87 - core::ops::function::FnOnce::call_once{{vtable.shim}}::h90e3a916fbad66da
[INFO] [stdout]                                at /rustc/2fe50cd72c476ebacdedb14893e9632b4de961c2/library/core/src/ops/function.rs:250:5
[INFO] [stdout]   42:     0x55b513248e85 - <alloc::boxed::Box<F,A> as core::ops::function::FnOnce<Args>>::call_once::h12c26c313019b755
[INFO] [stdout]                                at /rustc/2fe50cd72c476ebacdedb14893e9632b4de961c2/library/alloc/src/boxed.rs:2015:9
[INFO] [stdout]   43:     0x55b513248e85 - <alloc::boxed::Box<F,A> as core::ops::function::FnOnce<Args>>::call_once::h3a7c22937eaa10d1
[INFO] [stdout]                                at /rustc/2fe50cd72c476ebacdedb14893e9632b4de961c2/library/alloc/src/boxed.rs:2015:9
[INFO] [stdout]   44:     0x55b513248e85 - std::sys::unix::thread::Thread::new::thread_start::h1ce303acc71f2e7d
[INFO] [stdout]                                at /rustc/2fe50cd72c476ebacdedb14893e9632b4de961c2/library/std/src/sys/unix/thread.rs:108:17
[INFO] [stdout]   45:     0x7f6e93c50ac3 - <unknown>
[INFO] [stdout]   46:     0x7f6e93ce1bf4 - __clone
[INFO] [stdout]   47:                0x0 - <unknown>
[INFO] [stdout] 
[INFO] [stdout] ---- template::dump::tests::test_dump stdout ----
[INFO] [stdout] thread 'template::dump::tests::test_dump' panicked at src/cpu-template-helper/src/template/dump/mod.rs:48:65:
[INFO] [stdout] called `Result::unwrap()` on an `Err` value: BuildMicroVm(Internal(Vm(Kvm(Error(2)))))
[INFO] [stdout] stack backtrace:
[INFO] [stdout]    0:     0x55b513241f06 - std::backtrace_rs::backtrace::libunwind::trace::hd7a456af414d63de
[INFO] [stdout]                                at /rustc/2fe50cd72c476ebacdedb14893e9632b4de961c2/library/std/src/../../backtrace/src/backtrace/libunwind.rs:104:5
[INFO] [stdout]    1:     0x55b513241f06 - std::backtrace_rs::backtrace::trace_unsynchronized::h64867240ea973bd5
[INFO] [stdout]                                at /rustc/2fe50cd72c476ebacdedb14893e9632b4de961c2/library/std/src/../../backtrace/src/backtrace/mod.rs:66:5
[INFO] [stdout]    2:     0x55b513241f06 - std::sys_common::backtrace::_print_fmt::h2808b222ea4d26d0
[INFO] [stdout]                                at /rustc/2fe50cd72c476ebacdedb14893e9632b4de961c2/library/std/src/sys_common/backtrace.rs:68:5
[INFO] [stdout]    3:     0x55b513241f06 - <std::sys_common::backtrace::_print::DisplayBacktrace as core::fmt::Display>::fmt::h03f74bc036e21c80
[INFO] [stdout]                                at /rustc/2fe50cd72c476ebacdedb14893e9632b4de961c2/library/std/src/sys_common/backtrace.rs:44:22
[INFO] [stdout]    4:     0x55b51326ca30 - core::fmt::rt::Argument::fmt::h8121cad32ccb67f1
[INFO] [stdout]                                at /rustc/2fe50cd72c476ebacdedb14893e9632b4de961c2/library/core/src/fmt/rt.rs:142:9
[INFO] [stdout]    5:     0x55b51326ca30 - core::fmt::write::hba6738a49cae548f
[INFO] [stdout]                                at /rustc/2fe50cd72c476ebacdedb14893e9632b4de961c2/library/core/src/fmt/mod.rs:1120:17
[INFO] [stdout]    6:     0x55b51323ef2f - std::io::Write::write_fmt::h998dc49ddc9bbda8
[INFO] [stdout]                                at /rustc/2fe50cd72c476ebacdedb14893e9632b4de961c2/library/std/src/io/mod.rs:1810:15
[INFO] [stdout]    7:     0x55b513241ce4 - std::sys_common::backtrace::_print::h12e2732351687df5
[INFO] [stdout]                                at /rustc/2fe50cd72c476ebacdedb14893e9632b4de961c2/library/std/src/sys_common/backtrace.rs:47:5
[INFO] [stdout]    8:     0x55b513241ce4 - std::sys_common::backtrace::print::h3977ff4fa70d37c3
[INFO] [stdout]                                at /rustc/2fe50cd72c476ebacdedb14893e9632b4de961c2/library/std/src/sys_common/backtrace.rs:34:9
[INFO] [stdout]    9:     0x55b513243a57 - std::panicking::default_hook::{{closure}}::h3649b42de801f190
[INFO] [stdout]   10:     0x55b51324373d - std::panicking::default_hook::h3fb7ccab350417f5
[INFO] [stdout]                                at /rustc/2fe50cd72c476ebacdedb14893e9632b4de961c2/library/std/src/panicking.rs:289:9
[INFO] [stdout]   11:     0x55b512d02497 - <alloc::boxed::Box<F,A> as core::ops::function::Fn<Args>>::call::hcac2ee49c7d5205e
[INFO] [stdout]                                at /rustc/2fe50cd72c476ebacdedb14893e9632b4de961c2/library/alloc/src/boxed.rs:2029:9
[INFO] [stdout]   12:     0x55b512d02497 - test::test_main::{{closure}}::ha6dc19c93a11f2d1
[INFO] [stdout]                                at /rustc/2fe50cd72c476ebacdedb14893e9632b4de961c2/library/test/src/lib.rs:138:21
[INFO] [stdout]   13:     0x55b513244076 - <alloc::boxed::Box<F,A> as core::ops::function::Fn<Args>>::call::h29b8e785b856bb23
[INFO] [stdout]                                at /rustc/2fe50cd72c476ebacdedb14893e9632b4de961c2/library/alloc/src/boxed.rs:2029:9
[INFO] [stdout]   14:     0x55b513244076 - std::panicking::rust_panic_with_hook::h5efc89ef996de810
[INFO] [stdout]                                at /rustc/2fe50cd72c476ebacdedb14893e9632b4de961c2/library/std/src/panicking.rs:783:13
[INFO] [stdout]   15:     0x55b513243dc2 - std::panicking::begin_panic_handler::{{closure}}::h6289f51ae1ae9efc
[INFO] [stdout]                                at /rustc/2fe50cd72c476ebacdedb14893e9632b4de961c2/library/std/src/panicking.rs:657:13
[INFO] [stdout]   16:     0x55b513242406 - std::sys_common::backtrace::__rust_end_short_backtrace::h9f143e0a9d826e65
[INFO] [stdout]                                at /rustc/2fe50cd72c476ebacdedb14893e9632b4de961c2/library/std/src/sys_common/backtrace.rs:171:18
[INFO] [stdout]   17:     0x55b513243b20 - rust_begin_unwind
[INFO] [stdout]                                at /rustc/2fe50cd72c476ebacdedb14893e9632b4de961c2/library/std/src/panicking.rs:645:5
[INFO] [stdout]   18:     0x55b512c351d5 - core::panicking::panic_fmt::h5b9d04f36fd68862
[INFO] [stdout]                                at /rustc/2fe50cd72c476ebacdedb14893e9632b4de961c2/library/core/src/panicking.rs:72:14
[INFO] [stdout]   19:     0x55b512c35813 - core::result::unwrap_failed::h51ff08a68f0aec4a
[INFO] [stdout]                                at /rustc/2fe50cd72c476ebacdedb14893e9632b4de961c2/library/core/src/result.rs:1649:5
[INFO] [stdout]   20:     0x55b512cb4ba2 - core::result::Result<T,E>::unwrap::h990c2f4d5aa9835f
[INFO] [stdout]                                at /rustc/2fe50cd72c476ebacdedb14893e9632b4de961c2/library/core/src/result.rs:1073:23
[INFO] [stdout]   21:     0x55b512ca6d25 - cpu_template_helper::template::dump::tests::test_dump::h8443956179ecb217
[INFO] [stdout]                                at /opt/rustwide/workdir/src/cpu-template-helper/src/template/dump/mod.rs:48:24
[INFO] [stdout]   22:     0x55b512ca6b27 - cpu_template_helper::template::dump::tests::test_dump::{{closure}}::h61cda9539bf0e4e6
[INFO] [stdout]                                at /opt/rustwide/workdir/src/cpu-template-helper/src/template/dump/mod.rs:43:19
[INFO] [stdout]   23:     0x55b512cb9636 - core::ops::function::FnOnce::call_once::h224c24d5dd4114fa
[INFO] [stdout]                                at /rustc/2fe50cd72c476ebacdedb14893e9632b4de961c2/library/core/src/ops/function.rs:250:5
[INFO] [stdout]   24:     0x55b512d07c9f - core::ops::function::FnOnce::call_once::h547df4cc4781c42c
[INFO] [stdout]                                at /rustc/2fe50cd72c476ebacdedb14893e9632b4de961c2/library/core/src/ops/function.rs:250:5
[INFO] [stdout]   25:     0x55b512d07c9f - test::__rust_begin_short_backtrace::h0751f8da0df8afc9
[INFO] [stdout]                                at /rustc/2fe50cd72c476ebacdedb14893e9632b4de961c2/library/test/src/lib.rs:627:18
[INFO] [stdout]   26:     0x55b512d06af1 - test::run_test_in_process::{{closure}}::h08b7e2b944f5d3bf
[INFO] [stdout]                                at /rustc/2fe50cd72c476ebacdedb14893e9632b4de961c2/library/test/src/lib.rs:650:60
[INFO] [stdout]   27:     0x55b512d06af1 - <core::panic::unwind_safe::AssertUnwindSafe<F> as core::ops::function::FnOnce<()>>::call_once::h4eabe934da23f6d3
[INFO] [stdout]                                at /rustc/2fe50cd72c476ebacdedb14893e9632b4de961c2/library/core/src/panic/unwind_safe.rs:272:9
[INFO] [stdout]   28:     0x55b512d06af1 - std::panicking::try::do_call::h8bce2a819a83d75f
[INFO] [stdout]                                at /rustc/2fe50cd72c476ebacdedb14893e9632b4de961c2/library/std/src/panicking.rs:552:40
[INFO] [stdout]   29:     0x55b512d06af1 - std::panicking::try::h8d0ad43ca1e9dfe4
[INFO] [stdout]                                at /rustc/2fe50cd72c476ebacdedb14893e9632b4de961c2/library/std/src/panicking.rs:516:19
[INFO] [stdout]   30:     0x55b512d06af1 - std::panic::catch_unwind::h80c407981483a27f
[INFO] [stdout]                                at /rustc/2fe50cd72c476ebacdedb14893e9632b4de961c2/library/std/src/panic.rs:142:14
[INFO] [stdout]   31:     0x55b512d06af1 - test::run_test_in_process::h34f4f1cf26878dcc
[INFO] [stdout]                                at /rustc/2fe50cd72c476ebacdedb14893e9632b4de961c2/library/test/src/lib.rs:650:27
[INFO] [stdout]   32:     0x55b512d06af1 - test::run_test::{{closure}}::hf98423759bd4e4de
[INFO] [stdout]                                at /rustc/2fe50cd72c476ebacdedb14893e9632b4de961c2/library/test/src/lib.rs:573:43
[INFO] [stdout]   33:     0x55b512ccde86 - test::run_test::{{closure}}::h31f9214a9865a468
[INFO] [stdout]                                at /rustc/2fe50cd72c476ebacdedb14893e9632b4de961c2/library/test/src/lib.rs:601:41
[INFO] [stdout]   34:     0x55b512ccde86 - std::sys_common::backtrace::__rust_begin_short_backtrace::h97eebf57e64e4a3e
[INFO] [stdout]                                at /rustc/2fe50cd72c476ebacdedb14893e9632b4de961c2/library/std/src/sys_common/backtrace.rs:155:18
[INFO] [stdout]   35:     0x55b512cd2f87 - std::thread::Builder::spawn_unchecked_::{{closure}}::{{closure}}::h10343cc6e645d5a7
[INFO] [stdout]                                at /rustc/2fe50cd72c476ebacdedb14893e9632b4de961c2/library/std/src/thread/mod.rs:529:17
[INFO] [stdout]   36:     0x55b512cd2f87 - <core::panic::unwind_safe::AssertUnwindSafe<F> as core::ops::function::FnOnce<()>>::call_once::h7676f5746d51f304
[INFO] [stdout]                                at /rustc/2fe50cd72c476ebacdedb14893e9632b4de961c2/library/core/src/panic/unwind_safe.rs:272:9
[INFO] [stdout]   37:     0x55b512cd2f87 - std::panicking::try::do_call::h76c69ddb47b6692d
[INFO] [stdout]                                at /rustc/2fe50cd72c476ebacdedb14893e9632b4de961c2/library/std/src/panicking.rs:552:40
[INFO] [stdout]   38:     0x55b512cd2f87 - std::panicking::try::h231004126786543e
[INFO] [stdout]                                at /rustc/2fe50cd72c476ebacdedb14893e9632b4de961c2/library/std/src/panicking.rs:516:19
[INFO] [stdout]   39:     0x55b512cd2f87 - std::panic::catch_unwind::h519133dc1360745e
[INFO] [stdout]                                at /rustc/2fe50cd72c476ebacdedb14893e9632b4de961c2/library/std/src/panic.rs:142:14
[INFO] [stdout]   40:     0x55b512cd2f87 - std::thread::Builder::spawn_unchecked_::{{closure}}::h7c96b1538d88533f
[INFO] [stdout]                                at /rustc/2fe50cd72c476ebacdedb14893e9632b4de961c2/library/std/src/thread/mod.rs:528:30
[INFO] [stdout]   41:     0x55b512cd2f87 - core::ops::function::FnOnce::call_once{{vtable.shim}}::h90e3a916fbad66da
[INFO] [stdout]                                at /rustc/2fe50cd72c476ebacdedb14893e9632b4de961c2/library/core/src/ops/function.rs:250:5
[INFO] [stdout]   42:     0x55b513248e85 - <alloc::boxed::Box<F,A> as core::ops::function::FnOnce<Args>>::call_once::h12c26c313019b755
[INFO] [stdout]                                at /rustc/2fe50cd72c476ebacdedb14893e9632b4de961c2/library/alloc/src/boxed.rs:2015:9
[INFO] [stdout]   43:     0x55b513248e85 - <alloc::boxed::Box<F,A> as core::ops::function::FnOnce<Args>>::call_once::h3a7c22937eaa10d1
[INFO] [stdout]                                at /rustc/2fe50cd72c476ebacdedb14893e9632b4de961c2/library/alloc/src/boxed.rs:2015:9
[INFO] [stdout]   44:     0x55b513248e85 - std::sys::unix::thread::Thread::new::thread_start::h1ce303acc71f2e7d
[INFO] [stdout]                                at /rustc/2fe50cd72c476ebacdedb14893e9632b4de961c2/library/std/src/sys/unix/thread.rs:108:17
[INFO] [stdout]   45:     0x7f6e93c50ac3 - <unknown>
[INFO] [stdout]   46:     0x7f6e93ce1bf4 - __clone
[INFO] [stdout]   47:                0x0 - <unknown>
[INFO] [stdout] 
[INFO] [stdout] ---- utils::tests::test_build_microvm_from_valid_config stdout ----
[INFO] [stdout] thread 'utils::tests::test_build_microvm_from_valid_config' panicked at src/cpu-template-helper/src/utils/mod.rs:162:50:
[INFO] [stdout] called `Result::unwrap()` on an `Err` value: BuildMicroVm(Internal(Vm(Kvm(Error(2)))))
[INFO] [stdout] stack backtrace:
[INFO] [stdout]    0:     0x55b513241f06 - std::backtrace_rs::backtrace::libunwind::trace::hd7a456af414d63de
[INFO] [stdout]                                at /rustc/2fe50cd72c476ebacdedb14893e9632b4de961c2/library/std/src/../../backtrace/src/backtrace/libunwind.rs:104:5
[INFO] [stdout]    1:     0x55b513241f06 - std::backtrace_rs::backtrace::trace_unsynchronized::h64867240ea973bd5
[INFO] [stdout]                                at /rustc/2fe50cd72c476ebacdedb14893e9632b4de961c2/library/std/src/../../backtrace/src/backtrace/mod.rs:66:5
[INFO] [stdout]    2:     0x55b513241f06 - std::sys_common::backtrace::_print_fmt::h2808b222ea4d26d0
[INFO] [stdout]                                at /rustc/2fe50cd72c476ebacdedb14893e9632b4de961c2/library/std/src/sys_common/backtrace.rs:68:5
[INFO] [stdout]    3:     0x55b513241f06 - <std::sys_common::backtrace::_print::DisplayBacktrace as core::fmt::Display>::fmt::h03f74bc036e21c80
[INFO] [stdout]                                at /rustc/2fe50cd72c476ebacdedb14893e9632b4de961c2/library/std/src/sys_common/backtrace.rs:44:22
[INFO] [stdout]    4:     0x55b51326ca30 - core::fmt::rt::Argument::fmt::h8121cad32ccb67f1
[INFO] [stdout]                                at /rustc/2fe50cd72c476ebacdedb14893e9632b4de961c2/library/core/src/fmt/rt.rs:142:9
[INFO] [stdout]    5:     0x55b51326ca30 - core::fmt::write::hba6738a49cae548f
[INFO] [stdout]                                at /rustc/2fe50cd72c476ebacdedb14893e9632b4de961c2/library/core/src/fmt/mod.rs:1120:17
[INFO] [stdout]    6:     0x55b51323ef2f - std::io::Write::write_fmt::h998dc49ddc9bbda8
[INFO] [stdout]                                at /rustc/2fe50cd72c476ebacdedb14893e9632b4de961c2/library/std/src/io/mod.rs:1810:15
[INFO] [stdout]    7:     0x55b513241ce4 - std::sys_common::backtrace::_print::h12e2732351687df5
[INFO] [stdout]                                at /rustc/2fe50cd72c476ebacdedb14893e9632b4de961c2/library/std/src/sys_common/backtrace.rs:47:5
[INFO] [stdout]    8:     0x55b513241ce4 - std::sys_common::backtrace::print::h3977ff4fa70d37c3
[INFO] [stdout]                                at /rustc/2fe50cd72c476ebacdedb14893e9632b4de961c2/library/std/src/sys_common/backtrace.rs:34:9
[INFO] [stdout]    9:     0x55b513243a57 - std::panicking::default_hook::{{closure}}::h3649b42de801f190
[INFO] [stdout]   10:     0x55b51324373d - std::panicking::default_hook::h3fb7ccab350417f5
[INFO] [stdout]                                at /rustc/2fe50cd72c476ebacdedb14893e9632b4de961c2/library/std/src/panicking.rs:289:9
[INFO] [stdout]   11:     0x55b512d02497 - <alloc::boxed::Box<F,A> as core::ops::function::Fn<Args>>::call::hcac2ee49c7d5205e
[INFO] [stdout]                                at /rustc/2fe50cd72c476ebacdedb14893e9632b4de961c2/library/alloc/src/boxed.rs:2029:9
[INFO] [stdout]   12:     0x55b512d02497 - test::test_main::{{closure}}::ha6dc19c93a11f2d1
[INFO] [stdout]                                at /rustc/2fe50cd72c476ebacdedb14893e9632b4de961c2/library/test/src/lib.rs:138:21
[INFO] [stdout]   13:     0x55b513244076 - <alloc::boxed::Box<F,A> as core::ops::function::Fn<Args>>::call::h29b8e785b856bb23
[INFO] [stdout]                                at /rustc/2fe50cd72c476ebacdedb14893e9632b4de961c2/library/alloc/src/boxed.rs:2029:9
[INFO] [stdout]   14:     0x55b513244076 - std::panicking::rust_panic_with_hook::h5efc89ef996de810
[INFO] [stdout]                                at /rustc/2fe50cd72c476ebacdedb14893e9632b4de961c2/library/std/src/panicking.rs:783:13
[INFO] [stdout]   15:     0x55b513243dc2 - std::panicking::begin_panic_handler::{{closure}}::h6289f51ae1ae9efc
[INFO] [stdout]                                at /rustc/2fe50cd72c476ebacdedb14893e9632b4de961c2/library/std/src/panicking.rs:657:13
[INFO] [stdout]   16:     0x55b513242406 - std::sys_common::backtrace::__rust_end_short_backtrace::h9f143e0a9d826e65
[INFO] [stdout]                                at /rustc/2fe50cd72c476ebacdedb14893e9632b4de961c2/library/std/src/sys_common/backtrace.rs:171:18
[INFO] [stdout]   17:     0x55b513243b20 - rust_begin_unwind
[INFO] [stdout]                                at /rustc/2fe50cd72c476ebacdedb14893e9632b4de961c2/library/std/src/panicking.rs:645:5
[INFO] [stdout]   18:     0x55b512c351d5 - core::panicking::panic_fmt::h5b9d04f36fd68862
[INFO] [stdout]                                at /rustc/2fe50cd72c476ebacdedb14893e9632b4de961c2/library/core/src/panicking.rs:72:14
[INFO] [stdout]   19:     0x55b512c35813 - core::result::unwrap_failed::h51ff08a68f0aec4a
[INFO] [stdout]                                at /rustc/2fe50cd72c476ebacdedb14893e9632b4de961c2/library/core/src/result.rs:1649:5
[INFO] [stdout]   20:     0x55b512cb4ba2 - core::result::Result<T,E>::unwrap::h990c2f4d5aa9835f
[INFO] [stdout]                                at /rustc/2fe50cd72c476ebacdedb14893e9632b4de961c2/library/core/src/result.rs:1073:23
[INFO] [stdout]   21:     0x55b512ca85fd - cpu_template_helper::utils::tests::test_build_microvm_from_valid_config::hd6ed696229d0252d
[INFO] [stdout]                                at /opt/rustwide/workdir/src/cpu-template-helper/src/utils/mod.rs:162:9
[INFO] [stdout]   22:     0x55b512ca8407 - cpu_template_helper::utils::tests::test_build_microvm_from_valid_config::{{closure}}::h87975dc2711b9cff
[INFO] [stdout]                                at /opt/rustwide/workdir/src/cpu-template-helper/src/utils/mod.rs:156:46
[INFO] [stdout]   23:     0x55b512cba1c6 - core::ops::function::FnOnce::call_once::heea3f87f1a51b936
[INFO] [stdout]                                at /rustc/2fe50cd72c476ebacdedb14893e9632b4de961c2/library/core/src/ops/function.rs:250:5
[INFO] [stdout]   24:     0x55b512d07c9f - core::ops::function::FnOnce::call_once::h547df4cc4781c42c
[INFO] [stdout]                                at /rustc/2fe50cd72c476ebacdedb14893e9632b4de961c2/library/core/src/ops/function.rs:250:5
[INFO] [stdout]   25:     0x55b512d07c9f - test::__rust_begin_short_backtrace::h0751f8da0df8afc9
[INFO] [stdout]                                at /rustc/2fe50cd72c476ebacdedb14893e9632b4de961c2/library/test/src/lib.rs:627:18
[INFO] [stdout]   26:     0x55b512d06af1 - test::run_test_in_process::{{closure}}::h08b7e2b944f5d3bf
[INFO] [stdout]                                at /rustc/2fe50cd72c476ebacdedb14893e9632b4de961c2/library/test/src/lib.rs:650:60
[INFO] [stdout]   27:     0x55b512d06af1 - <core::panic::unwind_safe::AssertUnwindSafe<F> as core::ops::function::FnOnce<()>>::call_once::h4eabe934da23f6d3
[INFO] [stdout]                                at /rustc/2fe50cd72c476ebacdedb14893e9632b4de961c2/library/core/src/panic/unwind_safe.rs:272:9
[INFO] [stdout]   28:     0x55b512d06af1 - std::panicking::try::do_call::h8bce2a819a83d75f
[INFO] [stdout]                                at /rustc/2fe50cd72c476ebacdedb14893e9632b4de961c2/library/std/src/panicking.rs:552:40
[INFO] [stdout]   29:     0x55b512d06af1 - std::panicking::try::h8d0ad43ca1e9dfe4
[INFO] [stdout]                                at /rustc/2fe50cd72c476ebacdedb14893e9632b4de961c2/library/std/src/panicking.rs:516:19
[INFO] [stdout]   30:     0x55b512d06af1 - std::panic::catch_unwind::h80c407981483a27f
[INFO] [stdout]                                at /rustc/2fe50cd72c476ebacdedb14893e9632b4de961c2/library/std/src/panic.rs:142:14
[INFO] [stdout]   31:     0x55b512d06af1 - test::run_test_in_process::h34f4f1cf26878dcc
[INFO] [stdout]                                at /rustc/2fe50cd72c476ebacdedb14893e9632b4de961c2/library/test/src/lib.rs:650:27
[INFO] [stdout]   32:     0x55b512d06af1 - test::run_test::{{closure}}::hf98423759bd4e4de
[INFO] [stdout]                                at /rustc/2fe50cd72c476ebacdedb14893e9632b4de961c2/library/test/src/lib.rs:573:43
[INFO] [stdout]   33:     0x55b512ccde86 - test::run_test::{{closure}}::h31f9214a9865a468
[INFO] [stdout]                                at /rustc/2fe50cd72c476ebacdedb14893e9632b4de961c2/library/test/src/lib.rs:601:41
[INFO] [stdout]   34:     0x55b512ccde86 - std::sys_common::backtrace::__rust_begin_short_backtrace::h97eebf57e64e4a3e
[INFO] [stdout]                                at /rustc/2fe50cd72c476ebacdedb14893e9632b4de961c2/library/std/src/sys_common/backtrace.rs:155:18
[INFO] [stdout]   35:     0x55b512cd2f87 - std::thread::Builder::spawn_unchecked_::{{closure}}::{{closure}}::h10343cc6e645d5a7
[INFO] [stdout]                                at /rustc/2fe50cd72c476ebacdedb14893e9632b4de961c2/library/std/src/thread/mod.rs:529:17
[INFO] [stdout]   36:     0x55b512cd2f87 - <core::panic::unwind_safe::AssertUnwindSafe<F> as core::ops::function::FnOnce<()>>::call_once::h7676f5746d51f304
[INFO] [stdout]                                at /rustc/2fe50cd72c476ebacdedb14893e9632b4de961c2/library/core/src/panic/unwind_safe.rs:272:9
[INFO] [stdout]   37:     0x55b512cd2f87 - std::panicking::try::do_call::h76c69ddb47b6692d
[INFO] [stdout]                                at /rustc/2fe50cd72c476ebacdedb14893e9632b4de961c2/library/std/src/panicking.rs:552:40
[INFO] [stdout]   38:     0x55b512cd2f87 - std::panicking::try::h231004126786543e
[INFO] [stdout]                                at /rustc/2fe50cd72c476ebacdedb14893e9632b4de961c2/library/std/src/panicking.rs:516:19
[INFO] [stdout]   39:     0x55b512cd2f87 - std::panic::catch_unwind::h519133dc1360745e
[INFO] [stdout]                                at /rustc/2fe50cd72c476ebacdedb14893e9632b4de961c2/library/std/src/panic.rs:142:14
[INFO] [stdout]   40:     0x55b512cd2f87 - std::thread::Builder::spawn_unchecked_::{{closure}}::h7c96b1538d88533f
[INFO] [stdout]                                at /rustc/2fe50cd72c476ebacdedb14893e9632b4de961c2/library/std/src/thread/mod.rs:528:30
[INFO] [stdout]   41:     0x55b512cd2f87 - core::ops::function::FnOnce::call_once{{vtable.shim}}::h90e3a916fbad66da
[INFO] [stdout]                                at /rustc/2fe50cd72c476ebacdedb14893e9632b4de961c2/library/core/src/ops/function.rs:250:5
[INFO] [stdout]   42:     0x55b513248e85 - <alloc::boxed::Box<F,A> as core::ops::function::FnOnce<Args>>::call_once::h12c26c313019b755
[INFO] [stdout]                                at /rustc/2fe50cd72c476ebacdedb14893e9632b4de961c2/library/alloc/src/boxed.rs:2015:9
[INFO] [stdout]   43:     0x55b513248e85 - <alloc::boxed::Box<F,A> as core::ops::function::FnOnce<Args>>::call_once::h3a7c22937eaa10d1
[INFO] [stdout]                                at /rustc/2fe50cd72c476ebacdedb14893e9632b4de961c2/library/alloc/src/boxed.rs:2015:9
[INFO] [stdout]   44:     0x55b513248e85 - std::sys::unix::thread::Thread::new::thread_start::h1ce303acc71f2e7d
[INFO] [stdout]                                at /rustc/2fe50cd72c476ebacdedb14893e9632b4de961c2/library/std/src/sys/unix/thread.rs:108:17
[INFO] [stdout]   45:     0x7f6e93c50ac3 - <unknown>
[INFO] [stdout]   46:     0x7f6e93ce1bf4 - __clone
[INFO] [stdout]   47:                0x0 - <unknown>
[INFO] [stdout] 
[INFO] [stdout] ---- tests::test_fingerprint_dump_command stdout ----
[INFO] [stdout] thread 'tests::test_fingerprint_dump_command' panicked at src/cpu-template-helper/src/main.rs:420:18:
[INFO] [stdout] called `Result::unwrap()` on an `Err` value: Utils(BuildMicroVm(Internal(Vm(Kvm(Error(2))))))
[INFO] [stdout] stack backtrace:
[INFO] [stdout]    0:     0x55b513241f06 - std::backtrace_rs::backtrace::libunwind::trace::hd7a456af414d63de
[INFO] [stdout]                                at /rustc/2fe50cd72c476ebacdedb14893e9632b4de961c2/library/std/src/../../backtrace/src/backtrace/libunwind.rs:104:5
[INFO] [stdout]    1:     0x55b513241f06 - std::backtrace_rs::backtrace::trace_unsynchronized::h64867240ea973bd5
[INFO] [stdout]                                at /rustc/2fe50cd72c476ebacdedb14893e9632b4de961c2/library/std/src/../../backtrace/src/backtrace/mod.rs:66:5
[INFO] [stdout]    2:     0x55b513241f06 - std::sys_common::backtrace::_print_fmt::h2808b222ea4d26d0
[INFO] [stdout]                                at /rustc/2fe50cd72c476ebacdedb14893e9632b4de961c2/library/std/src/sys_common/backtrace.rs:68:5
[INFO] [stdout]    3:     0x55b513241f06 - <std::sys_common::backtrace::_print::DisplayBacktrace as core::fmt::Display>::fmt::h03f74bc036e21c80
[INFO] [stdout]                                at /rustc/2fe50cd72c476ebacdedb14893e9632b4de961c2/library/std/src/sys_common/backtrace.rs:44:22
[INFO] [stdout]    4:     0x55b51326ca30 - core::fmt::rt::Argument::fmt::h8121cad32ccb67f1
[INFO] [stdout]                                at /rustc/2fe50cd72c476ebacdedb14893e9632b4de961c2/library/core/src/fmt/rt.rs:142:9
[INFO] [stdout]    5:     0x55b51326ca30 - core::fmt::write::hba6738a49cae548f
[INFO] [stdout]                                at /rustc/2fe50cd72c476ebacdedb14893e9632b4de961c2/library/core/src/fmt/mod.rs:1120:17
[INFO] [stdout]    6:     0x55b51323ef2f - std::io::Write::write_fmt::h998dc49ddc9bbda8
[INFO] [stdout]                                at /rustc/2fe50cd72c476ebacdedb14893e9632b4de961c2/library/std/src/io/mod.rs:1810:15
[INFO] [stdout]    7:     0x55b513241ce4 - std::sys_common::backtrace::_print::h12e2732351687df5
[INFO] [stdout]                                at /rustc/2fe50cd72c476ebacdedb14893e9632b4de961c2/library/std/src/sys_common/backtrace.rs:47:5
[INFO] [stdout]    8:     0x55b513241ce4 - std::sys_common::backtrace::print::h3977ff4fa70d37c3
[INFO] [stdout]                                at /rustc/2fe50cd72c476ebacdedb14893e9632b4de961c2/library/std/src/sys_common/backtrace.rs:34:9
[INFO] [stdout]    9:     0x55b513243a57 - std::panicking::default_hook::{{closure}}::h3649b42de801f190
[INFO] [stdout]   10:     0x55b51324373d - std::panicking::default_hook::h3fb7ccab350417f5
[INFO] [stdout]                                at /rustc/2fe50cd72c476ebacdedb14893e9632b4de961c2/library/std/src/panicking.rs:289:9
[INFO] [stdout]   11:     0x55b512d02497 - <alloc::boxed::Box<F,A> as core::ops::function::Fn<Args>>::call::hcac2ee49c7d5205e
[INFO] [stdout]                                at /rustc/2fe50cd72c476ebacdedb14893e9632b4de961c2/library/alloc/src/boxed.rs:2029:9
[INFO] [stdout]   12:     0x55b512d02497 - test::test_main::{{closure}}::ha6dc19c93a11f2d1
[INFO] [stdout]                                at /rustc/2fe50cd72c476ebacdedb14893e9632b4de961c2/library/test/src/lib.rs:138:21
[INFO] [stdout]   13:     0x55b513244076 - <alloc::boxed::Box<F,A> as core::ops::function::Fn<Args>>::call::h29b8e785b856bb23
[INFO] [stdout]                                at /rustc/2fe50cd72c476ebacdedb14893e9632b4de961c2/library/alloc/src/boxed.rs:2029:9
[INFO] [stdout]   14:     0x55b513244076 - std::panicking::rust_panic_with_hook::h5efc89ef996de810
[INFO] [stdout]                                at /rustc/2fe50cd72c476ebacdedb14893e9632b4de961c2/library/std/src/panicking.rs:783:13
[INFO] [stdout]   15:     0x55b513243dc2 - std::panicking::begin_panic_handler::{{closure}}::h6289f51ae1ae9efc
[INFO] [stdout]                                at /rustc/2fe50cd72c476ebacdedb14893e9632b4de961c2/library/std/src/panicking.rs:657:13
[INFO] [stdout]   16:     0x55b513242406 - std::sys_common::backtrace::__rust_end_short_backtrace::h9f143e0a9d826e65
[INFO] [stdout]                                at /rustc/2fe50cd72c476ebacdedb14893e9632b4de961c2/library/std/src/sys_common/backtrace.rs:171:18
[INFO] [stdout]   17:     0x55b513243b20 - rust_begin_unwind
[INFO] [stdout]                                at /rustc/2fe50cd72c476ebacdedb14893e9632b4de961c2/library/std/src/panicking.rs:645:5
[INFO] [stdout]   18:     0x55b512c351d5 - core::panicking::panic_fmt::h5b9d04f36fd68862
[INFO] [stdout]                                at /rustc/2fe50cd72c476ebacdedb14893e9632b4de961c2/library/core/src/panicking.rs:72:14
[INFO] [stdout]   19:     0x55b512c35813 - core::result::unwrap_failed::h51ff08a68f0aec4a
[INFO] [stdout]                                at /rustc/2fe50cd72c476ebacdedb14893e9632b4de961c2/library/core/src/result.rs:1649:5
[INFO] [stdout]   20:     0x55b512cb4783 - core::result::Result<T,E>::unwrap::h084e924c754c64ee
[INFO] [stdout]                                at /rustc/2fe50cd72c476ebacdedb14893e9632b4de961c2/library/core/src/result.rs:1073:23
[INFO] [stdout]   21:     0x55b512cb04b8 - cpu_template_helper::tests::test_fingerprint_dump_command::h732123b3b6944678
[INFO] [stdout]                                at /opt/rustwide/workdir/src/cpu-template-helper/src/main.rs:420:9
[INFO] [stdout]   22:     0x55b512cb0007 - cpu_template_helper::tests::test_fingerprint_dump_command::{{closure}}::hf050bcf309ad6b25
[INFO] [stdout]                                at /opt/rustwide/workdir/src/cpu-template-helper/src/main.rs:399:39
[INFO] [stdout]   23:     0x55b512cba186 - core::ops::function::FnOnce::call_once::heb14b315347698b4
[INFO] [stdout]                                at /rustc/2fe50cd72c476ebacdedb14893e9632b4de961c2/library/core/src/ops/function.rs:250:5
[INFO] [stdout]   24:     0x55b512d07c9f - core::ops::function::FnOnce::call_once::h547df4cc4781c42c
[INFO] [stdout]                                at /rustc/2fe50cd72c476ebacdedb14893e9632b4de961c2/library/core/src/ops/function.rs:250:5
[INFO] [stdout]   25:     0x55b512d07c9f - test::__rust_begin_short_backtrace::h0751f8da0df8afc9
[INFO] [stdout]                                at /rustc/2fe50cd72c476ebacdedb14893e9632b4de961c2/library/test/src/lib.rs:627:18
[INFO] [stdout]   26:     0x55b512d06af1 - test::run_test_in_process::{{closure}}::h08b7e2b944f5d3bf
[INFO] [stdout]                                at /rustc/2fe50cd72c476ebacdedb14893e9632b4de961c2/library/test/src/lib.rs:650:60
[INFO] [stdout]   27:     0x55b512d06af1 - <core::panic::unwind_safe::AssertUnwindSafe<F> as core::ops::function::FnOnce<()>>::call_once::h4eabe934da23f6d3
[INFO] [stdout]                                at /rustc/2fe50cd72c476ebacdedb14893e9632b4de961c2/library/core/src/panic/unwind_safe.rs:272:9
[INFO] [stdout]   28:     0x55b512d06af1 - std::panicking::try::do_call::h8bce2a819a83d75f
[INFO] [stdout]                                at /rustc/2fe50cd72c476ebacdedb14893e9632b4de961c2/library/std/src/panicking.rs:552:40
[INFO] [stdout]   29:     0x55b512d06af1 - std::panicking::try::h8d0ad43ca1e9dfe4
[INFO] [stdout]                                at /rustc/2fe50cd72c476ebacdedb14893e9632b4de961c2/library/std/src/panicking.rs:516:19
[INFO] [stdout]   30:     0x55b512d06af1 - std::panic::catch_unwind::h80c407981483a27f
[INFO] [stdout]                                at /rustc/2fe50cd72c476ebacdedb14893e9632b4de961c2/library/std/src/panic.rs:142:14
[INFO] [stdout]   31:     0x55b512d06af1 - test::run_test_in_process::h34f4f1cf26878dcc
[INFO] [stdout]                                at /rustc/2fe50cd72c476ebacdedb14893e9632b4de961c2/library/test/src/lib.rs:650:27
[INFO] [stdout]   32:     0x55b512d06af1 - test::run_test::{{closure}}::hf98423759bd4e4de
[INFO] [stdout]                                at /rustc/2fe50cd72c476ebacdedb14893e9632b4de961c2/library/test/src/lib.rs:573:43
[INFO] [stdout]   33:     0x55b512ccde86 - test::run_test::{{closure}}::h31f9214a9865a468
[INFO] [stdout]                                at /rustc/2fe50cd72c476ebacdedb14893e9632b4de961c2/library/test/src/lib.rs:601:41
[INFO] [stdout]   34:     0x55b512ccde86 - std::sys_common::backtrace::__rust_begin_short_backtrace::h97eebf57e64e4a3e
[INFO] [stdout]                                at /rustc/2fe50cd72c476ebacdedb14893e9632b4de961c2/library/std/src/sys_common/backtrace.rs:155:18
[INFO] [stdout]   35:     0x55b512cd2f87 - std::thread::Builder::spawn_unchecked_::{{closure}}::{{closure}}::h10343cc6e645d5a7
[INFO] [stdout]                                at /rustc/2fe50cd72c476ebacdedb14893e9632b4de961c2/library/std/src/thread/mod.rs:529:17
[INFO] [stdout]   36:     0x55b512cd2f87 - <core::panic::unwind_safe::AssertUnwindSafe<F> as core::ops::function::FnOnce<()>>::call_once::h7676f5746d51f304
[INFO] [stdout]                                at /rustc/2fe50cd72c476ebacdedb14893e9632b4de961c2/library/core/src/panic/unwind_safe.rs:272:9
[INFO] [stdout]   37:     0x55b512cd2f87 - std::panicking::try::do_call::h76c69ddb47b6692d
[INFO] [stdout]                                at /rustc/2fe50cd72c476ebacdedb14893e9632b4de961c2/library/std/src/panicking.rs:552:40
[INFO] [stdout]   38:     0x55b512cd2f87 - std::panicking::try::h231004126786543e
[INFO] [stdout]                                at /rustc/2fe50cd72c476ebacdedb14893e9632b4de961c2/library/std/src/panicking.rs:516:19
[INFO] [stdout]   39:     0x55b512cd2f87 - std::panic::catch_unwind::h519133dc1360745e
[INFO] [stdout]                                at /rustc/2fe50cd72c476ebacdedb14893e9632b4de961c2/library/std/src/panic.rs:142:14
[INFO] [stdout]   40:     0x55b512cd2f87 - std::thread::Builder::spawn_unchecked_::{{closure}}::h7c96b1538d88533f
[INFO] [stdout]                                at /rustc/2fe50cd72c476ebacdedb14893e9632b4de961c2/library/std/src/thread/mod.rs:528:30
[INFO] [stdout]   41:     0x55b512cd2f87 - core::ops::function::FnOnce::call_once{{vtable.shim}}::h90e3a916fbad66da
[INFO] [stdout]                                at /rustc/2fe50cd72c476ebacdedb14893e9632b4de961c2/library/core/src/ops/function.rs:250:5
[INFO] [stdout]   42:     0x55b513248e85 - <alloc::boxed::Box<F,A> as core::ops::function::FnOnce<Args>>::call_once::h12c26c313019b755
[INFO] [stdout]                                at /rustc/2fe50cd72c476ebacdedb14893e9632b4de961c2/library/alloc/src/boxed.rs:2015:9
[INFO] [stdout]   43:     0x55b513248e85 - <alloc::boxed::Box<F,A> as core::ops::function::FnOnce<Args>>::call_once::h3a7c22937eaa10d1
[INFO] [stdout]                                at /rustc/2fe50cd72c476ebacdedb14893e9632b4de961c2/library/alloc/src/boxed.rs:2015:9
[INFO] [stdout]   44:     0x55b513248e85 - std::sys::unix::thread::Thread::new::thread_start::h1ce303acc71f2e7d
[INFO] [stdout]                                at /rustc/2fe50cd72c476ebacdedb14893e9632b4de961c2/library/std/src/sys/unix/thread.rs:108:17
[INFO] [stdout]   45:     0x7f6e93c50ac3 - <unknown>
[INFO] [stdout]   46:     0x7f6e93ce1bf4 - __clone
[INFO] [stdout]   47:                0x0 - <unknown>
[INFO] [stdout] 
[INFO] [stdout] 
[INFO] [stdout] failures:
[INFO] [stdout]     template::dump::tests::test_dump
[INFO] [stdout]     tests::test_fingerprint_dump_command
[INFO] [stdout]     tests::test_template_dump_command
[INFO] [stdout]     tests::test_template_verify_command
[INFO] [stdout]     utils::tests::test_build_microvm_from_valid_config
[INFO] [stdout] 
[INFO] [stdout] test result: FAILED. 36 passed; 5 failed; 0 ignored; 0 measured; 0 filtered out; finished in 0.09s
[INFO] [stdout] 
[INFO] running `Command { std: "docker" "inspect" "8c1789721d9eae677e5bfb276f17105c6a02d2c7296793c2473362921573285c", kill_on_drop: false }`
[INFO] running `Command { std: "docker" "rm" "-f" "8c1789721d9eae677e5bfb276f17105c6a02d2c7296793c2473362921573285c", kill_on_drop: false }`
[INFO] [stdout] 8c1789721d9eae677e5bfb276f17105c6a02d2c7296793c2473362921573285c
[INFO] testing prennix/firecracker_test against try#9c1665de5d324fe858dc15371578d6f928bfc123 for pr-116088-2
[INFO] running `Command { std: "git" "clone" "/workspace/cache/git-repos/https%3A%2F%2Fgithub.com%2Fprennix%2Ffirecracker_test" "/workspace/builds/worker-1-tc2/source", kill_on_drop: false }`
[INFO] [stderr] Cloning into '/workspace/builds/worker-1-tc2/source'...
[INFO] [stderr] done.
[INFO] validating manifest of git repo https://github.com/prennix/firecracker_test on toolchain 9c1665de5d324fe858dc15371578d6f928bfc123
[INFO] running `Command { std: CARGO_HOME="/workspace/cargo-home" RUSTUP_HOME="/workspace/rustup-home" "/workspace/cargo-home/bin/cargo" "+9c1665de5d324fe858dc15371578d6f928bfc123" "metadata" "--manifest-path" "Cargo.toml" "--no-deps", kill_on_drop: false }`
[INFO] removed /workspace/builds/worker-1-tc2/source/.cargo/config
[INFO] started tweaking git repo https://github.com/prennix/firecracker_test
[INFO] finished tweaking git repo https://github.com/prennix/firecracker_test
[INFO] tweaked toml for git repo https://github.com/prennix/firecracker_test written to /workspace/builds/worker-1-tc2/source/Cargo.toml
[INFO] crate git repo https://github.com/prennix/firecracker_test already has a lockfile, it will not be regenerated
[INFO] running `Command { std: CARGO_HOME="/workspace/cargo-home" RUSTUP_HOME="/workspace/rustup-home" "/workspace/cargo-home/bin/cargo" "+9c1665de5d324fe858dc15371578d6f928bfc123" "fetch" "--manifest-path" "Cargo.toml", kill_on_drop: false }`
[INFO] [stderr] warning: patch for `kvm-bindings` uses the features mechanism. default-features and features will not take effect because the patch dependency does not support this mechanism
[INFO] running `Command { std: "docker" "create" "-v" "/var/lib/crater-agent-workspace/builds/worker-1-tc2/target:/opt/rustwide/target:rw,Z" "-v" "/var/lib/crater-agent-workspace/builds/worker-1-tc2/source:/opt/rustwide/workdir:ro,Z" "-v" "/var/lib/crater-agent-workspace/cargo-home:/opt/rustwide/cargo-home:ro,Z" "-v" "/var/lib/crater-agent-workspace/rustup-home:/opt/rustwide/rustup-home:ro,Z" "-e" "SOURCE_DIR=/opt/rustwide/workdir" "-e" "CARGO_TARGET_DIR=/opt/rustwide/target" "-e" "CARGO_HOME=/opt/rustwide/cargo-home" "-e" "RUSTUP_HOME=/opt/rustwide/rustup-home" "-w" "/opt/rustwide/workdir" "-m" "1610612736" "--user" "0:0" "--network" "none" "ghcr.io/rust-lang/crates-build-env/linux@sha256:2788e3201cd34a07e3172128adcd8b3090168a8e3bcc40d7c032b9dda1df7d1c" "/opt/rustwide/cargo-home/bin/cargo" "+9c1665de5d324fe858dc15371578d6f928bfc123" "metadata" "--no-deps" "--format-version=1", kill_on_drop: false }`
[INFO] [stdout] 48c808a539c6095bedfe5307e84b881dfdba6347db3464981bc7f6b5c3e6ed9a
[INFO] running `Command { std: "docker" "start" "-a" "48c808a539c6095bedfe5307e84b881dfdba6347db3464981bc7f6b5c3e6ed9a", kill_on_drop: false }`
[INFO] running `Command { std: "docker" "inspect" "48c808a539c6095bedfe5307e84b881dfdba6347db3464981bc7f6b5c3e6ed9a", kill_on_drop: false }`
[INFO] running `Command { std: "docker" "rm" "-f" "48c808a539c6095bedfe5307e84b881dfdba6347db3464981bc7f6b5c3e6ed9a", kill_on_drop: false }`
[INFO] [stdout] 48c808a539c6095bedfe5307e84b881dfdba6347db3464981bc7f6b5c3e6ed9a
[INFO] running `Command { std: "docker" "create" "-v" "/var/lib/crater-agent-workspace/builds/worker-1-tc2/target:/opt/rustwide/target:rw,Z" "-v" "/var/lib/crater-agent-workspace/builds/worker-1-tc2/source:/opt/rustwide/workdir:ro,Z" "-v" "/var/lib/crater-agent-workspace/cargo-home:/opt/rustwide/cargo-home:ro,Z" "-v" "/var/lib/crater-agent-workspace/rustup-home:/opt/rustwide/rustup-home:ro,Z" "-e" "SOURCE_DIR=/opt/rustwide/workdir" "-e" "CARGO_TARGET_DIR=/opt/rustwide/target" "-e" "CARGO_INCREMENTAL=0" "-e" "RUST_BACKTRACE=full" "-e" "RUSTFLAGS=--cap-lints=forbid" "-e" "RUSTDOCFLAGS=--cap-lints=forbid" "-e" "CARGO_HOME=/opt/rustwide/cargo-home" "-e" "RUSTUP_HOME=/opt/rustwide/rustup-home" "-w" "/opt/rustwide/workdir" "-m" "1610612736" "--user" "0:0" "--network" "none" "ghcr.io/rust-lang/crates-build-env/linux@sha256:2788e3201cd34a07e3172128adcd8b3090168a8e3bcc40d7c032b9dda1df7d1c" "/opt/rustwide/cargo-home/bin/cargo" "+9c1665de5d324fe858dc15371578d6f928bfc123" "build" "--frozen" "--message-format=json", kill_on_drop: false }`
[INFO] [stdout] 3d523078c5949e89c2dfefdc04a1c700d73e940885484eeeb6e46898bcd8526f
[INFO] running `Command { std: "docker" "start" "-a" "3d523078c5949e89c2dfefdc04a1c700d73e940885484eeeb6e46898bcd8526f", kill_on_drop: false }`
[INFO] [stderr] warning: patch for `kvm-bindings` uses the features mechanism. default-features and features will not take effect because the patch dependency does not support this mechanism
[INFO] [stderr]    Compiling proc-macro2 v1.0.70
[INFO] [stderr]    Compiling unicode-ident v1.0.12
[INFO] [stderr]    Compiling libc v0.2.150
[INFO] [stderr]    Compiling thiserror v1.0.50
[INFO] [stderr]    Compiling syn v1.0.109
[INFO] [stderr]    Compiling bitflags v1.3.2
[INFO] [stderr]    Compiling serde v1.0.193
[INFO] [stderr]    Compiling version_check v0.9.4
[INFO] [stderr]    Compiling typenum v1.17.0
[INFO] [stderr]    Compiling generic-array v0.14.7
[INFO] [stderr]    Compiling glob v0.3.1
[INFO] [stderr]    Compiling crc64 v1.0.0
[INFO] [stderr]    Compiling serde_json v1.0.108
[INFO] [stderr]    Compiling cfg-if v1.0.0
[INFO] [stderr]    Compiling memchr v2.6.4
[INFO] [stderr]    Compiling minimal-lexical v0.2.1
[INFO] [stderr]    Compiling regex-syntax v0.8.2
[INFO] [stderr]    Compiling quote v1.0.33
[INFO] [stderr]    Compiling clang-sys v1.6.1
[INFO] [stderr]    Compiling syn v2.0.39
[INFO] [stderr]    Compiling cc v1.0.83
[INFO] [stderr]    Compiling libloading v0.7.4
[INFO] [stderr]    Compiling nom v7.1.3
[INFO] [stderr]    Compiling bindgen v0.68.1
[INFO] [stderr]    Compiling cmake v0.1.50
[INFO] [stderr]    Compiling vmm-sys-util v0.11.2
[INFO] [stderr]    Compiling peeking_take_while v0.1.2
[INFO] [stderr]    Compiling crypto-common v0.1.6
[INFO] [stderr]    Compiling rustc-hash v1.1.0
[INFO] [stderr]    Compiling dunce v1.0.4
[INFO] [stderr]    Compiling bitflags v2.4.1
[INFO] [stderr]    Compiling regex-automata v0.4.3
[INFO] [stderr]    Compiling fs_extra v1.3.0
[INFO] [stderr]    Compiling lazycell v1.3.0
[INFO] [stderr]    Compiling shlex v1.2.0
[INFO] [stderr]    Compiling lazy_static v1.4.0
[INFO] [stderr]    Compiling cexpr v0.6.0
[INFO] [stderr]    Compiling aws-lc-sys v0.12.1
[INFO] [stderr]    Compiling inout v0.1.3
[INFO] [stderr]    Compiling subtle v2.5.0
[INFO] [stderr]    Compiling cpufeatures v0.2.11
[INFO] [stderr]    Compiling io-lifetimes v1.0.11
[INFO] [stderr]    Compiling paste v1.0.14
[INFO] [stderr]    Compiling universal-hash v0.5.1
[INFO] [stderr]    Compiling cipher v0.4.4
[INFO] [stderr]    Compiling rustix v0.37.27
[INFO] [stderr]    Compiling itoa v1.0.9
[INFO] [stderr]    Compiling rustix v0.38.20
[INFO] [stderr]    Compiling ryu v1.0.15
[INFO] [stderr]    Compiling opaque-debug v0.3.0
[INFO] [stderr]    Compiling polyval v0.6.1
[INFO] [stderr]    Compiling regex v1.10.2
[INFO] [stderr]    Compiling aws-lc-rs v1.5.2
[INFO] [stderr]    Compiling kvm-ioctls v0.15.0
[INFO] [stderr]    Compiling linux-raw-sys v0.4.10
[INFO] [stderr]    Compiling utf8parse v0.2.1
[INFO] [stderr]    Compiling micro_http v0.1.0 (https://github.com/firecracker-microvm/micro-http#a4d632f2)
[INFO] [stderr]    Compiling semver v1.0.20
[INFO] [stderr]    Compiling linux-raw-sys v0.3.8
[INFO] [stderr]    Compiling anstyle-parse v0.2.3
[INFO] [stderr]    Compiling ghash v0.5.0
[INFO] [stderr]    Compiling ctr v0.9.2
[INFO] [stderr]    Compiling aes v0.8.3
[INFO] [stderr]    Compiling versionize_derive v0.1.6
[INFO] [stderr]    Compiling derive_more v0.99.17
[INFO] [stderr]    Compiling nix v0.27.1
[INFO] [stderr]    Compiling serde_derive v1.0.193
[INFO] [stderr]    Compiling thiserror-impl v1.0.50
[INFO] [stderr]    Compiling displaydoc v0.2.4
[INFO] [stderr]    Compiling aead v0.5.2
[INFO] [stderr]    Compiling zeroize v1.7.0
[INFO] [stderr]    Compiling anstyle-query v1.0.1
[INFO] [stderr]    Compiling mirai-annotations v1.12.0
[INFO] [stderr]    Compiling colorchoice v1.0.0
[INFO] [stderr]    Compiling anstyle v1.0.4
[INFO] [stderr]    Compiling untrusted v0.7.1
[INFO] [stderr]    Compiling anstream v0.6.4
[INFO] [stderr]    Compiling aes-gcm v0.10.3
[INFO] [stderr]    Compiling memfd v0.6.4
[INFO] [stderr]    Compiling timerfd v1.5.0
[INFO] [stderr]    Compiling event-manager v0.3.0
[INFO] [stderr]    Compiling heck v0.4.1
[INFO] [stderr]    Compiling vm-superio v0.7.0
[INFO] [stderr]    Compiling vm-memory v0.13.1
[INFO] [stderr]    Compiling vm-allocator v0.1.0
[INFO] [stderr]    Compiling base64 v0.13.1
[INFO] [stderr]    Compiling vhost v0.9.0
[INFO] [stderr]    Compiling linux-loader v0.10.0
[INFO] [stderr]    Compiling strsim v0.10.0
[INFO] [stderr]    Compiling clap_lex v0.6.0
[INFO] [stderr]    Compiling clap_derive v4.4.7
[INFO] [stderr]    Compiling clap_builder v4.4.11
[INFO] [stderr]    Compiling either v1.9.0
[INFO] [stderr]    Compiling same-file v1.0.6
[INFO] [stderr]    Compiling walkdir v2.4.0
[INFO] [stderr]    Compiling itertools v0.12.0
[INFO] [stderr]    Compiling clap v4.4.11
[INFO] [stderr]    Compiling userfaultfd-sys v0.5.0
[INFO] [stderr]    Compiling bincode v1.3.3
[INFO] [stderr]    Compiling versionize v0.1.10
[INFO] [stderr]    Compiling userfaultfd v0.7.0
[INFO] [stderr]    Compiling utils v0.1.0 (/opt/rustwide/workdir/src/utils)
[INFO] [stderr]    Compiling kvm-bindings v0.6.0 (https://github.com/firecracker-microvm/kvm-bindings?tag=v0.6.0-2#b1585959)
[INFO] [stderr]    Compiling seccompiler v1.6.0-dev (/opt/rustwide/workdir/src/seccompiler)
[INFO] [stderr]    Compiling snapshot v0.1.0 (/opt/rustwide/workdir/src/snapshot)
[INFO] [stderr]    Compiling log v0.4.20
[INFO] [stderr]    Compiling rebase-snap v1.6.0-dev (/opt/rustwide/workdir/src/rebase-snap)
[INFO] [stderr]    Compiling clippy-tracing v0.1.0 (/opt/rustwide/workdir/src/clippy-tracing)
[INFO] [stderr]    Compiling firecracker v1.6.0-dev (/opt/rustwide/workdir/src/firecracker)
[INFO] [stderr] warning: firecracker@1.6.0-dev: No default seccomp policy for target: x86_64-unknown-linux-gnu. Defaulting to `resources/seccomp/unimplemented.json`.
[INFO] [stderr]    Compiling vmm v0.1.0 (/opt/rustwide/workdir/src/vmm)
[INFO] [stdout] warning: unused import: `sockios::*`
[INFO] [stdout]   --> src/vmm/src/devices/virtio/net/gen/mod.rs:26:9
[INFO] [stdout]    |
[INFO] [stdout] 26 | pub use sockios::*;
[INFO] [stdout]    |         ^^^^^^^^^^
[INFO] [stdout]    |
[INFO] [stdout]    = note: `#[warn(unused_imports)]` on by default
[INFO] [stdout] 
[INFO] [stdout] 
[INFO] [stdout] warning: unused import: `self::event_handler::*`
[INFO] [stdout]   --> src/vmm/src/devices/virtio/net/mod.rs:32:9
[INFO] [stdout]    |
[INFO] [stdout] 32 | pub use self::event_handler::*;
[INFO] [stdout]    |         ^^^^^^^^^^^^^^^^^^^^^^
[INFO] [stdout] 
[INFO] [stdout] 
[INFO] [stdout] warning: unused import: `self::event_handler::*`
[INFO] [stdout]   --> src/vmm/src/devices/virtio/virtio_block/mod.rs:17:9
[INFO] [stdout]    |
[INFO] [stdout] 17 | pub use self::event_handler::*;
[INFO] [stdout]    |         ^^^^^^^^^^^^^^^^^^^^^^
[INFO] [stdout] 
[INFO] [stdout] 
[INFO] [stderr]    Compiling api_server v0.1.0 (/opt/rustwide/workdir/src/api_server)
[INFO] [stdout] warning: unused imports: `HttpServer`, `RequestError`, `Request`, `Response`, `Version`
[INFO] [stdout]   --> src/api_server/src/request/mod.rs:20:11
[INFO] [stdout]    |
[INFO] [stdout] 20 |     Body, HttpServer, Method, Request, RequestError, Response, StatusCode, Version,
[INFO] [stdout]    |           ^^^^^^^^^^          ^^^^^^^  ^^^^^^^^^^^^  ^^^^^^^^              ^^^^^^^
[INFO] [stdout]    |
[INFO] [stdout]    = note: `#[warn(unused_imports)]` on by default
[INFO] [stdout] 
[INFO] [stdout] 
[INFO] [stdout] warning: 1 warning emitted
[INFO] [stdout] 
[INFO] [stdout] 
[INFO] [stdout] warning: 3 warnings emitted
[INFO] [stdout] 
[INFO] [stdout] 
[INFO] [stderr]    Compiling snapshot-editor v1.6.0-dev (/opt/rustwide/workdir/src/snapshot-editor)
[INFO] [stderr]    Compiling cpu-template-helper v1.6.0-dev (/opt/rustwide/workdir/src/cpu-template-helper)
[INFO] [stderr]     Finished dev [unoptimized + debuginfo] target(s) in 1m 00s
[INFO] running `Command { std: "docker" "inspect" "3d523078c5949e89c2dfefdc04a1c700d73e940885484eeeb6e46898bcd8526f", kill_on_drop: false }`
[INFO] running `Command { std: "docker" "rm" "-f" "3d523078c5949e89c2dfefdc04a1c700d73e940885484eeeb6e46898bcd8526f", kill_on_drop: false }`
[INFO] [stdout] 3d523078c5949e89c2dfefdc04a1c700d73e940885484eeeb6e46898bcd8526f
[INFO] running `Command { std: "docker" "create" "-v" "/var/lib/crater-agent-workspace/builds/worker-1-tc2/target:/opt/rustwide/target:rw,Z" "-v" "/var/lib/crater-agent-workspace/builds/worker-1-tc2/source:/opt/rustwide/workdir:ro,Z" "-v" "/var/lib/crater-agent-workspace/cargo-home:/opt/rustwide/cargo-home:ro,Z" "-v" "/var/lib/crater-agent-workspace/rustup-home:/opt/rustwide/rustup-home:ro,Z" "-e" "SOURCE_DIR=/opt/rustwide/workdir" "-e" "CARGO_TARGET_DIR=/opt/rustwide/target" "-e" "CARGO_INCREMENTAL=0" "-e" "RUST_BACKTRACE=full" "-e" "RUSTFLAGS=--cap-lints=forbid" "-e" "RUSTDOCFLAGS=--cap-lints=forbid" "-e" "CARGO_HOME=/opt/rustwide/cargo-home" "-e" "RUSTUP_HOME=/opt/rustwide/rustup-home" "-w" "/opt/rustwide/workdir" "-m" "1610612736" "--user" "0:0" "--network" "none" "ghcr.io/rust-lang/crates-build-env/linux@sha256:2788e3201cd34a07e3172128adcd8b3090168a8e3bcc40d7c032b9dda1df7d1c" "/opt/rustwide/cargo-home/bin/cargo" "+9c1665de5d324fe858dc15371578d6f928bfc123" "test" "--frozen" "--no-run" "--message-format=json", kill_on_drop: false }`
[INFO] [stdout] fc324cb4d6ba0e12c8896b3d2b0a30ed982522b8df479ab53083128aeebae524
[INFO] running `Command { std: "docker" "start" "-a" "fc324cb4d6ba0e12c8896b3d2b0a30ed982522b8df479ab53083128aeebae524", kill_on_drop: false }`
[INFO] [stderr] warning: patch for `kvm-bindings` uses the features mechanism. default-features and features will not take effect because the patch dependency does not support this mechanism
[INFO] [stderr]    Compiling unicode-ident v1.0.12
[INFO] [stderr]    Compiling libc v0.2.150
[INFO] [stderr]    Compiling bitflags v1.3.2
[INFO] [stderr]    Compiling cfg-if v1.0.0
[INFO] [stderr]    Compiling crc64 v1.0.0
[INFO] [stderr]    Compiling typenum v1.17.0
[INFO] [stderr]    Compiling lazy_static v1.4.0
[INFO] [stderr]    Compiling itoa v1.0.9
[INFO] [stderr]    Compiling libloading v0.7.4
[INFO] [stderr]    Compiling ryu v1.0.15
[INFO] [stderr]    Compiling proc-macro2 v1.0.70
[INFO] [stderr]    Compiling bitflags v2.4.1
[INFO] [stderr]    Compiling cpufeatures v0.2.11
[INFO] [stderr]    Compiling clang-sys v1.6.1
[INFO] [stderr]    Compiling subtle v2.5.0
[INFO] [stderr]    Compiling opaque-debug v0.3.0
[INFO] [stderr]    Compiling vmm-sys-util v0.11.2
[INFO] [stderr]    Compiling linux-raw-sys v0.4.10
[INFO] [stderr]    Compiling linux-raw-sys v0.3.8
[INFO] [stderr]    Compiling untrusted v0.7.1
[INFO] [stderr]    Compiling zeroize v1.7.0
[INFO] [stderr]    Compiling quote v1.0.33
[INFO] [stderr]    Compiling syn v2.0.39
[INFO] [stderr]    Compiling syn v1.0.109
[INFO] [stderr]    Compiling generic-array v0.14.7
[INFO] [stderr]    Compiling rustix v0.38.20
[INFO] [stderr]    Compiling mirai-annotations v1.12.0
[INFO] [stderr]    Compiling base64 v0.13.1
[INFO] [stderr]    Compiling equivalent v1.0.1
[INFO] [stderr]    Compiling vm-superio v0.7.0
[INFO] [stderr]    Compiling hashbrown v0.14.3
[INFO] [stderr]    Compiling crypto-common v0.1.6
[INFO] [stderr]    Compiling inout v0.1.3
[INFO] [stderr]    Compiling universal-hash v0.5.1
[INFO] [stderr]    Compiling polyval v0.6.1
[INFO] [stderr]    Compiling cipher v0.4.4
[INFO] [stderr]    Compiling io-lifetimes v1.0.11
[INFO] [stderr]    Compiling aes v0.8.3
[INFO] [stderr]    Compiling rustix v0.37.27
[INFO] [stderr]    Compiling ctr v0.9.2
[INFO] [stderr]    Compiling ghash v0.5.0
[INFO] [stderr]    Compiling aead v0.5.2
[INFO] [stderr]    Compiling aws-lc-sys v0.12.1
[INFO] [stderr]    Compiling nix v0.27.1
[INFO] [stderr]    Compiling aes-gcm v0.10.3
[INFO] [stderr]    Compiling event-manager v0.3.0
[INFO] [stderr]    Compiling micro_http v0.1.0 (https://github.com/firecracker-microvm/micro-http#a4d632f2)
[INFO] [stderr]    Compiling memfd v0.6.4
[INFO] [stderr]    Compiling aws-lc-rs v1.5.2
[INFO] [stderr]    Compiling timerfd v1.5.0
[INFO] [stderr]    Compiling indexmap v2.1.0
[INFO] [stderr]    Compiling winnow v0.5.24
[INFO] [stderr]    Compiling regex-syntax v0.8.2
[INFO] [stderr]    Compiling utf8parse v0.2.1
[INFO] [stderr]    Compiling anstyle-parse v0.2.3
[INFO] [stderr]    Compiling colorchoice v1.0.0
[INFO] [stderr]    Compiling anstyle-query v1.0.1
[INFO] [stderr]    Compiling anstyle v1.0.4
[INFO] [stderr]    Compiling clap_lex v0.6.0
[INFO] [stderr]    Compiling anstream v0.6.4
[INFO] [stderr]    Compiling strsim v0.10.0
[INFO] [stderr]    Compiling bindgen v0.68.1
[INFO] [stderr]    Compiling regex-automata v0.4.3
[INFO] [stderr]    Compiling clap_builder v4.4.11
[INFO] [stderr]    Compiling getrandom v0.2.11
[INFO] [stderr]    Compiling regex v1.10.2
[INFO] [stderr]    Compiling same-file v1.0.6
[INFO] [stderr]    Compiling either v1.9.0
[INFO] [stderr]    Compiling versionize_derive v0.1.6
[INFO] [stderr]    Compiling derive_more v0.99.17
[INFO] [stderr]    Compiling itertools v0.12.0
[INFO] [stderr]    Compiling walkdir v2.4.0
[INFO] [stderr]    Compiling serde_derive v1.0.193
[INFO] [stderr]    Compiling thiserror-impl v1.0.50
[INFO] [stderr]    Compiling displaydoc v0.2.4
[INFO] [stderr]    Compiling clap_derive v4.4.7
[INFO] [stderr]    Compiling uuid v1.6.1
[INFO] [stderr]    Compiling thiserror v1.0.50
[INFO] [stderr]    Compiling vm-memory v0.13.1
[INFO] [stderr]    Compiling vm-allocator v0.1.0
[INFO] [stderr]    Compiling vhost v0.9.0
[INFO] [stderr]    Compiling linux-loader v0.10.0
[INFO] [stderr]    Compiling userfaultfd-sys v0.5.0
[INFO] [stderr]    Compiling clap v4.4.11
[INFO] [stderr]    Compiling clippy-tracing v0.1.0 (/opt/rustwide/workdir/src/clippy-tracing)
[INFO] [stderr]    Compiling serde v1.0.193
[INFO] [stderr]    Compiling userfaultfd v0.7.0
[INFO] [stderr]    Compiling bincode v1.3.3
[INFO] [stderr]    Compiling serde_json v1.0.108
[INFO] [stderr]    Compiling versionize v0.1.10
[INFO] [stderr]    Compiling semver v1.0.20
[INFO] [stderr]    Compiling log v0.4.20
[INFO] [stderr]    Compiling serde_spanned v0.6.4
[INFO] [stderr]    Compiling toml_datetime v0.6.5
[INFO] [stderr]    Compiling utils v0.1.0 (/opt/rustwide/workdir/src/utils)
[INFO] [stderr]    Compiling toml_edit v0.21.0
[INFO] [stderr]    Compiling seccompiler v1.6.0-dev (/opt/rustwide/workdir/src/seccompiler)
[INFO] [stderr]    Compiling kvm-bindings v0.6.0 (https://github.com/firecracker-microvm/kvm-bindings?tag=v0.6.0-2#b1585959)
[INFO] [stderr]    Compiling snapshot v0.1.0 (/opt/rustwide/workdir/src/snapshot)
[INFO] [stderr]    Compiling kvm-ioctls v0.15.0
[INFO] [stderr]    Compiling vmm v0.1.0 (/opt/rustwide/workdir/src/vmm)
[INFO] [stderr]    Compiling firecracker v1.6.0-dev (/opt/rustwide/workdir/src/firecracker)
[INFO] [stderr]    Compiling toml v0.8.8
[INFO] [stderr] warning: firecracker@1.6.0-dev: No default seccomp policy for target: x86_64-unknown-linux-gnu. Defaulting to `resources/seccomp/unimplemented.json`.
[INFO] [stderr]    Compiling cargo_toml v0.17.1
[INFO] [stdout] warning: unused import: `sockios::*`
[INFO] [stdout]   --> src/vmm/src/devices/virtio/net/gen/mod.rs:26:9
[INFO] [stdout]    |
[INFO] [stdout] 26 | pub use sockios::*;
[INFO] [stdout]    |         ^^^^^^^^^^
[INFO] [stdout]    |
[INFO] [stdout]    = note: `#[warn(unused_imports)]` on by default
[INFO] [stdout] 
[INFO] [stdout] 
[INFO] [stdout] warning: unused import: `self::event_handler::*`
[INFO] [stdout]   --> src/vmm/src/devices/virtio/net/mod.rs:32:9
[INFO] [stdout]    |
[INFO] [stdout] 32 | pub use self::event_handler::*;
[INFO] [stdout]    |         ^^^^^^^^^^^^^^^^^^^^^^
[INFO] [stdout] 
[INFO] [stdout] 
[INFO] [stdout] warning: unused import: `self::event_handler::*`
[INFO] [stdout]   --> src/vmm/src/devices/virtio/virtio_block/mod.rs:17:9
[INFO] [stdout]    |
[INFO] [stdout] 17 | pub use self::event_handler::*;
[INFO] [stdout]    |         ^^^^^^^^^^^^^^^^^^^^^^
[INFO] [stdout] 
[INFO] [stdout] 
[INFO] [stderr]    Compiling rebase-snap v1.6.0-dev (/opt/rustwide/workdir/src/rebase-snap)
[INFO] [stdout] warning: unused import: `sockios::*`
[INFO] [stdout]   --> src/vmm/src/devices/virtio/net/gen/mod.rs:26:9
[INFO] [stdout]    |
[INFO] [stdout] 26 | pub use sockios::*;
[INFO] [stdout]    |         ^^^^^^^^^^
[INFO] [stdout]    |
[INFO] [stdout]    = note: `#[warn(unused_imports)]` on by default
[INFO] [stdout] 
[INFO] [stdout] 
[INFO] [stdout] warning: unused import: `self::event_handler::*`
[INFO] [stdout]   --> src/vmm/src/devices/virtio/net/mod.rs:32:9
[INFO] [stdout]    |
[INFO] [stdout] 32 | pub use self::event_handler::*;
[INFO] [stdout]    |         ^^^^^^^^^^^^^^^^^^^^^^
[INFO] [stdout] 
[INFO] [stdout] 
[INFO] [stdout] warning: unused import: `self::event_handler::*`
[INFO] [stdout]   --> src/vmm/src/devices/virtio/virtio_block/mod.rs:17:9
[INFO] [stdout]    |
[INFO] [stdout] 17 | pub use self::event_handler::*;
[INFO] [stdout]    |         ^^^^^^^^^^^^^^^^^^^^^^
[INFO] [stdout] 
[INFO] [stdout] 
[INFO] [stderr]    Compiling api_server v0.1.0 (/opt/rustwide/workdir/src/api_server)
[INFO] [stdout] warning: unused imports: `HttpServer`, `RequestError`, `Request`, `Response`, `Version`
[INFO] [stdout]   --> src/api_server/src/request/mod.rs:20:11
[INFO] [stdout]    |
[INFO] [stdout] 20 |     Body, HttpServer, Method, Request, RequestError, Response, StatusCode, Version,
[INFO] [stdout]    |           ^^^^^^^^^^          ^^^^^^^  ^^^^^^^^^^^^  ^^^^^^^^              ^^^^^^^
[INFO] [stdout]    |
[INFO] [stdout]    = note: `#[warn(unused_imports)]` on by default
[INFO] [stdout] 
[INFO] [stdout] 
[INFO] [stdout] warning: unused imports: `HttpServer`, `RequestError`, `Request`, `Response`, `Version`
[INFO] [stdout]   --> src/api_server/src/request/mod.rs:20:11
[INFO] [stdout]    |
[INFO] [stdout] 20 |     Body, HttpServer, Method, Request, RequestError, Response, StatusCode, Version,
[INFO] [stdout]    |           ^^^^^^^^^^          ^^^^^^^  ^^^^^^^^^^^^  ^^^^^^^^              ^^^^^^^
[INFO] [stdout]    |
[INFO] [stdout]    = note: `#[warn(unused_imports)]` on by default
[INFO] [stdout] 
[INFO] [stdout] 
[INFO] [stdout] warning: 1 warning emitted
[INFO] [stdout] 
[INFO] [stdout] 
[INFO] [stdout] warning: 1 warning emitted
[INFO] [stdout] 
[INFO] [stdout] 
[INFO] [stdout] warning: 3 warnings emitted
[INFO] [stdout] 
[INFO] [stdout] 
[INFO] [stderr]    Compiling cpu-template-helper v1.6.0-dev (/opt/rustwide/workdir/src/cpu-template-helper)
[INFO] [stderr]    Compiling snapshot-editor v1.6.0-dev (/opt/rustwide/workdir/src/snapshot-editor)
[INFO] [stdout] warning: 3 warnings emitted
[INFO] [stdout] 
[INFO] [stdout] 
[INFO] [stderr]     Finished test [unoptimized + debuginfo] target(s) in 26.17s
[INFO] running `Command { std: "docker" "inspect" "fc324cb4d6ba0e12c8896b3d2b0a30ed982522b8df479ab53083128aeebae524", kill_on_drop: false }`
[INFO] running `Command { std: "docker" "rm" "-f" "fc324cb4d6ba0e12c8896b3d2b0a30ed982522b8df479ab53083128aeebae524", kill_on_drop: false }`
[INFO] [stdout] fc324cb4d6ba0e12c8896b3d2b0a30ed982522b8df479ab53083128aeebae524
[INFO] running `Command { std: "docker" "create" "-v" "/var/lib/crater-agent-workspace/builds/worker-1-tc2/target:/opt/rustwide/target:rw,Z" "-v" "/var/lib/crater-agent-workspace/builds/worker-1-tc2/source:/opt/rustwide/workdir:ro,Z" "-v" "/var/lib/crater-agent-workspace/cargo-home:/opt/rustwide/cargo-home:ro,Z" "-v" "/var/lib/crater-agent-workspace/rustup-home:/opt/rustwide/rustup-home:ro,Z" "-e" "SOURCE_DIR=/opt/rustwide/workdir" "-e" "CARGO_TARGET_DIR=/opt/rustwide/target" "-e" "CARGO_INCREMENTAL=0" "-e" "RUST_BACKTRACE=full" "-e" "RUSTFLAGS=--cap-lints=forbid" "-e" "RUSTDOCFLAGS=--cap-lints=forbid" "-e" "CARGO_HOME=/opt/rustwide/cargo-home" "-e" "RUSTUP_HOME=/opt/rustwide/rustup-home" "-w" "/opt/rustwide/workdir" "-m" "1610612736" "--user" "0:0" "--network" "none" "ghcr.io/rust-lang/crates-build-env/linux@sha256:2788e3201cd34a07e3172128adcd8b3090168a8e3bcc40d7c032b9dda1df7d1c" "/opt/rustwide/cargo-home/bin/cargo" "+9c1665de5d324fe858dc15371578d6f928bfc123" "test" "--frozen", kill_on_drop: false }`
[INFO] [stdout] 06e9a87246d4d3f0159d3bb16727360374c2ca2d32d46ed0575b71412d1d096f
[INFO] running `Command { std: "docker" "start" "-a" "06e9a87246d4d3f0159d3bb16727360374c2ca2d32d46ed0575b71412d1d096f", kill_on_drop: false }`
[INFO] [stderr] warning: patch for `kvm-bindings` uses the features mechanism. default-features and features will not take effect because the patch dependency does not support this mechanism
[INFO] [stderr] warning: unused import: `sockios::*`
[INFO] [stderr]   --> src/vmm/src/devices/virtio/net/gen/mod.rs:26:9
[INFO] [stderr]    |
[INFO] [stderr] 26 | pub use sockios::*;
[INFO] [stderr]    |         ^^^^^^^^^^
[INFO] [stderr]    |
[INFO] [stderr]    = note: `#[warn(unused_imports)]` on by default
[INFO] [stderr] 
[INFO] [stderr] warning: unused import: `self::event_handler::*`
[INFO] [stderr]   --> src/vmm/src/devices/virtio/net/mod.rs:32:9
[INFO] [stderr]    |
[INFO] [stderr] 32 | pub use self::event_handler::*;
[INFO] [stderr]    |         ^^^^^^^^^^^^^^^^^^^^^^
[INFO] [stderr] 
[INFO] [stderr] warning: unused import: `self::event_handler::*`
[INFO] [stderr]   --> src/vmm/src/devices/virtio/virtio_block/mod.rs:17:9
[INFO] [stderr]    |
[INFO] [stderr] 17 | pub use self::event_handler::*;
[INFO] [stderr]    |         ^^^^^^^^^^^^^^^^^^^^^^
[INFO] [stderr] 
[INFO] [stderr] warning: `vmm` (lib) generated 3 warnings (run `cargo fix --lib -p vmm` to apply 3 suggestions)
[INFO] [stderr] warning: unused imports: `HttpServer`, `RequestError`, `Request`, `Response`, `Version`
[INFO] [stderr]   --> src/api_server/src/request/mod.rs:20:11
[INFO] [stderr]    |
[INFO] [stderr] 20 |     Body, HttpServer, Method, Request, RequestError, Response, StatusCode, Version,
[INFO] [stderr]    |           ^^^^^^^^^^          ^^^^^^^  ^^^^^^^^^^^^  ^^^^^^^^              ^^^^^^^
[INFO] [stderr]    |
[INFO] [stderr]    = note: `#[warn(unused_imports)]` on by default
[INFO] [stderr] 
[INFO] [stderr] warning: `api_server` (lib) generated 1 warning (run `cargo fix --lib -p api_server` to apply 1 suggestion)
[INFO] [stderr] warning: firecracker@1.6.0-dev: No default seccomp policy for target: x86_64-unknown-linux-gnu. Defaulting to `resources/seccomp/unimplemented.json`.
[INFO] [stderr] warning: `vmm` (lib) generated 3 warnings (3 duplicates)
[INFO] [stderr] warning: `api_server` (lib) generated 1 warning (1 duplicate)
[INFO] [stderr]     Finished test [unoptimized + debuginfo] target(s) in 0.27s
[INFO] [stderr]      Running unittests src/main.rs (/opt/rustwide/target/debug/deps/clippy_tracing-59318d08b169c4f4)
[INFO] [stdout] 
[INFO] [stdout] running 0 tests
[INFO] [stdout] 
[INFO] [stdout] test result: ok. 0 passed; 0 failed; 0 ignored; 0 measured; 0 filtered out; finished in 0.00s
[INFO] [stdout] 
[INFO] [stderr]      Running tests/integration_tests.rs (/opt/rustwide/target/debug/deps/integration_tests-1f41e80b9e6ccbad)
[INFO] [stdout] 
[INFO] [stdout] running 14 tests
[INFO] [stdout] test exec_error ... ok
[INFO] [stdout] test check_one ... ok
[INFO] [stdout] test fix_three ... ok
[INFO] [stdout] test check_three ... ok
[INFO] [stdout] test fix_two ... ok
[INFO] [stdout] test fix_one ... ok
[INFO] [stdout] test check_two ... ok
[INFO] [stdout] test exclude ... ok
[INFO] [stdout] test strip_three ... ok
[INFO] [stdout] test strip_one ... ok
[INFO] [stdout] test strip_two ... ok
[INFO] [stdout] test readme ... ok
[INFO] [stdout] test readme_empty_suffix ... ok
[INFO] [stdout] test readme_custom_suffix ... ok
[INFO] [stdout] 
[INFO] [stdout] test result: ok. 14 passed; 0 failed; 0 ignored; 0 measured; 0 filtered out; finished in 0.03s
[INFO] [stdout] 
[INFO] [stderr]      Running unittests src/main.rs (/opt/rustwide/target/debug/deps/cpu_template_helper-0c2582008a9dd361)
[INFO] [stdout] 
[INFO] [stdout] running 41 tests
[INFO] [stdout] test fingerprint::dump::tests::test_get_kernel_version ... ok
[INFO] [stdout] test fingerprint::dump::tests::test_read_valid_sysfs_file ... ok
[INFO] [stdout] test fingerprint::dump::tests::test_read_invalid_sysfs_file ... ok
[INFO] [stdout] test fingerprint::compare::tests::test_compare_same_fingerprints ... ok
[INFO] [stdout] test fingerprint::compare::tests::test_compare_different_fingerprints ... ok
[INFO] [stdout] test template::strip::tests::test_strip_common ... ok
[INFO] [stdout] test template::strip::tests::test_strip_common_with_single_input ... ok
[INFO] [stdout] test template::strip::x86_64::tests::test_strip_cpuid_modifiers ... ok
[INFO] [stdout] test template::verify::tests::test_verify_modifier_map_with_non_existing_key ... ok
[INFO] [stdout] test template::verify::tests::test_verify_modifier_map_with_mismatched_value ... ok
[INFO] [stdout] test template::dump::x86_64::tests::test_cpuid_to_modifier ... ok
[INFO] [stdout] test template::strip::x86_64::tests::test_strip_msr_modifiers ... ok
[INFO] [stdout] test template::verify::x86_64::tests::test_cpuid_modifier_from_vec_to_map ... ok
[INFO] [stdout] test template::verify::tests::test_verify_modifier_map_with_valid_value ... ok
[INFO] [stdout] test template::verify::x86_64::tests::test_format_cpuid_modifier_map_key ... ok
[INFO] [stdout] test template::verify::x86_64::tests::test_format_msr_modifier_map_key ... ok
[INFO] [stdout] test template::verify::x86_64::tests::test_msr_modifier_from_vec_to_map ... ok
[INFO] [stdout] test template::verify::x86_64::tests::test_verify_mismatched_msr ... ok
[INFO] [stdout] test template::verify::x86_64::tests::test_verify_mismatched_cpuid ... ok
[INFO] [stdout] test template::verify::x86_64::tests::test_verify_non_existing_msr ... ok
[INFO] [stdout] test template::verify::x86_64::tests::test_verify_non_existing_cpuid ... ok
[INFO] [stdout] test tests::test_template_strip_command ... ok
[INFO] [stdout] test tests::test_fingerprint_compare_command ... ok
[INFO] [stdout] test utils::tests::test_add_suffix_abs_path ... ok
[INFO] [stdout] test utils::tests::test_add_suffix_filename_only ... ok
[INFO] [stdout] test utils::tests::test_add_suffix_filename_without_ext ... ok
[INFO] [stdout] test utils::tests::test_add_suffix_rel_path ... ok
[INFO] [stdout] test utils::tests::test_build_microvm_from_invalid_config ... ok
[INFO] [stdout] test utils::x86_64::tests::test_cpuid_modifier_from_map_to_vec ... ok
[INFO] [stdout] test utils::x86_64::tests::test_cpuid_modifier_from_vec_to_map ... ok
[INFO] [stdout] test utils::x86_64::tests::test_format_cpuid_modifier_map_key ... ok
[INFO] [stdout] test utils::x86_64::tests::test_format_msr_modifier_map_key ... ok
[INFO] [stdout] test utils::x86_64::tests::test_msr_modifier_from_map_to_vec ... ok
[INFO] [stdout] test utils::x86_64::tests::test_msr_modifier_from_vec_to_map ... ok
[INFO] [stdout] test fingerprint::dump::tests::test_run_invalid_shell_command ... ok
[INFO] [stdout] test fingerprint::dump::tests::test_run_valid_shell_command ... ok
[INFO] [stdout] test template::dump::tests::test_dump ... FAILED
[INFO] [stdout] test tests::test_fingerprint_dump_command ... FAILED
[INFO] [stdout] test tests::test_template_dump_command ... FAILED
[INFO] [stdout] test tests::test_template_verify_command ... FAILED
[INFO] [stdout] test utils::tests::test_build_microvm_from_valid_config ... FAILED
[INFO] [stdout] 
[INFO] [stdout] failures:
[INFO] [stdout] 
[INFO] [stdout] ---- template::dump::tests::test_dump stdout ----
[INFO] [stdout] thread 'template::dump::tests::test_dump' panicked at src/cpu-template-helper/src/template/dump/mod.rs:48:65:
[INFO] [stdout] called `Result::unwrap()` on an `Err` value: BuildMicroVm(Internal(Vm(Kvm(Error(2)))))
[INFO] [stdout] stack backtrace:
[INFO] [stdout]    0:     0x55fc807bdd36 - std::backtrace_rs::backtrace::libunwind::trace::h91c8d54ed99a4c55
[INFO] [stdout]                                at /rustc/9c1665de5d324fe858dc15371578d6f928bfc123/library/std/src/../../backtrace/src/backtrace/libunwind.rs:104:5
[INFO] [stdout]    1:     0x55fc807bdd36 - std::backtrace_rs::backtrace::trace_unsynchronized::h715a9230a8fcfb93
[INFO] [stdout]                                at /rustc/9c1665de5d324fe858dc15371578d6f928bfc123/library/std/src/../../backtrace/src/backtrace/mod.rs:66:5
[INFO] [stdout]    2:     0x55fc807bdd36 - std::sys_common::backtrace::_print_fmt::hbab9610f7b3c51a4
[INFO] [stdout]                                at /rustc/9c1665de5d324fe858dc15371578d6f928bfc123/library/std/src/sys_common/backtrace.rs:68:5
[INFO] [stdout]    3:     0x55fc807bdd36 - <std::sys_common::backtrace::_print::DisplayBacktrace as core::fmt::Display>::fmt::h56c55e88977fc622
[INFO] [stdout]                                at /rustc/9c1665de5d324fe858dc15371578d6f928bfc123/library/std/src/sys_common/backtrace.rs:44:22
[INFO] [stdout]    4:     0x55fc807e8860 - core::fmt::rt::Argument::fmt::heebe33f1e8c6d0f8
[INFO] [stdout]                                at /rustc/9c1665de5d324fe858dc15371578d6f928bfc123/library/core/src/fmt/rt.rs:142:9
[INFO] [stdout]    5:     0x55fc807e8860 - core::fmt::write::h73e5b8b14759e609
[INFO] [stdout]                                at /rustc/9c1665de5d324fe858dc15371578d6f928bfc123/library/core/src/fmt/mod.rs:1120:17
[INFO] [stdout]    6:     0x55fc807badef - std::io::Write::write_fmt::hc6810e91f58091ef
[INFO] [stdout]                                at /rustc/9c1665de5d324fe858dc15371578d6f928bfc123/library/std/src/io/mod.rs:1810:15
[INFO] [stdout]    7:     0x55fc807bdb14 - std::sys_common::backtrace::_print::h835c23092b2371d8
[INFO] [stdout]                                at /rustc/9c1665de5d324fe858dc15371578d6f928bfc123/library/std/src/sys_common/backtrace.rs:47:5
[INFO] [stdout]    8:     0x55fc807bdb14 - std::sys_common::backtrace::print::h220bc735ac93468b
[INFO] [stdout]                                at /rustc/9c1665de5d324fe858dc15371578d6f928bfc123/library/std/src/sys_common/backtrace.rs:34:9
[INFO] [stdout]    9:     0x55fc807bf887 - std::panicking::default_hook::{{closure}}::h13e5c81c71823f66
[INFO] [stdout]   10:     0x55fc807bf56d - std::panicking::default_hook::h49decadd8f3385a7
[INFO] [stdout]                                at /rustc/9c1665de5d324fe858dc15371578d6f928bfc123/library/std/src/panicking.rs:289:9
[INFO] [stdout]   11:     0x55fc8027c387 - <alloc::boxed::Box<F,A> as core::ops::function::Fn<Args>>::call::h948fb53b8b08f768
[INFO] [stdout]                                at /rustc/9c1665de5d324fe858dc15371578d6f928bfc123/library/alloc/src/boxed.rs:2029:9
[INFO] [stdout]   12:     0x55fc8027c387 - test::test_main::{{closure}}::hb4f3e5071c7080f1
[INFO] [stdout]                                at /rustc/9c1665de5d324fe858dc15371578d6f928bfc123/library/test/src/lib.rs:138:21
[INFO] [stdout]   13:     0x55fc807bfea6 - <alloc::boxed::Box<F,A> as core::ops::function::Fn<Args>>::call::hcd5802f61674126e
[INFO] [stdout]                                at /rustc/9c1665de5d324fe858dc15371578d6f928bfc123/library/alloc/src/boxed.rs:2029:9
[INFO] [stdout]   14:     0x55fc807bfea6 - std::panicking::rust_panic_with_hook::hd27f6b49984c37db
[INFO] [stdout]                                at /rustc/9c1665de5d324fe858dc15371578d6f928bfc123/library/std/src/panicking.rs:783:13
[INFO] [stdout]   15:     0x55fc807bfbf2 - std::panicking::begin_panic_handler::{{closure}}::h3cbc731df9d96e4d
[INFO] [stdout]                                at /rustc/9c1665de5d324fe858dc15371578d6f928bfc123/library/std/src/panicking.rs:657:13
[INFO] [stdout]   16:     0x55fc807be236 - std::sys_common::backtrace::__rust_end_short_backtrace::hc27809f103d211f0
[INFO] [stdout]                                at /rustc/9c1665de5d324fe858dc15371578d6f928bfc123/library/std/src/sys_common/backtrace.rs:171:18
[INFO] [stdout]   17:     0x55fc807bf950 - rust_begin_unwind
[INFO] [stdout]                                at /rustc/9c1665de5d324fe858dc15371578d6f928bfc123/library/std/src/panicking.rs:645:5
[INFO] [stdout]   18:     0x55fc801af1d5 - core::panicking::panic_fmt::ha729e53058547cad
[INFO] [stdout]                                at /rustc/9c1665de5d324fe858dc15371578d6f928bfc123/library/core/src/panicking.rs:72:14
[INFO] [stdout]   19:     0x55fc801af813 - core::result::unwrap_failed::h94a3ea7a3449b5ea
[INFO] [stdout]                                at /rustc/9c1665de5d324fe858dc15371578d6f928bfc123/library/core/src/result.rs:1649:5
[INFO] [stdout]   20:     0x55fc8022eb52 - core::result::Result<T,E>::unwrap::h5a0ee530e80429b6
[INFO] [stdout]                                at /rustc/9c1665de5d324fe858dc15371578d6f928bfc123/library/core/src/result.rs:1073:23
[INFO] [stdout]   21:     0x55fc80220d25 - cpu_template_helper::template::dump::tests::test_dump::ha9f19a8f964cb14a
[INFO] [stdout]                                at /opt/rustwide/workdir/src/cpu-template-helper/src/template/dump/mod.rs:48:24
[INFO] [stdout]   22:     0x55fc80220b27 - cpu_template_helper::template::dump::tests::test_dump::{{closure}}::h3a087da096c1c591
[INFO] [stdout]                                at /opt/rustwide/workdir/src/cpu-template-helper/src/template/dump/mod.rs:43:19
[INFO] [stdout]   23:     0x55fc80233c66 - core::ops::function::FnOnce::call_once::h9a79515857ca4402
[INFO] [stdout]                                at /rustc/9c1665de5d324fe858dc15371578d6f928bfc123/library/core/src/ops/function.rs:250:5
[INFO] [stdout]   24:     0x55fc80281c5f - core::ops::function::FnOnce::call_once::hc0fe9d49e29a8147
[INFO] [stdout]                                at /rustc/9c1665de5d324fe858dc15371578d6f928bfc123/library/core/src/ops/function.rs:250:5
[INFO] [stdout]   25:     0x55fc80281c5f - test::__rust_begin_short_backtrace::haa61ceb70470fb3e
[INFO] [stdout]                                at /rustc/9c1665de5d324fe858dc15371578d6f928bfc123/library/test/src/lib.rs:627:18
[INFO] [stdout]   26:     0x55fc802809e1 - test::run_test_in_process::{{closure}}::h8585fae9636dddb2
[INFO] [stdout]                                at /rustc/9c1665de5d324fe858dc15371578d6f928bfc123/library/test/src/lib.rs:650:60
[INFO] [stdout]   27:     0x55fc802809e1 - <core::panic::unwind_safe::AssertUnwindSafe<F> as core::ops::function::FnOnce<()>>::call_once::hb7a42bf7326d90ad
[INFO] [stdout]                                at /rustc/9c1665de5d324fe858dc15371578d6f928bfc123/library/core/src/panic/unwind_safe.rs:272:9
[INFO] [stdout]   28:     0x55fc802809e1 - std::panicking::try::do_call::h9063f39381e190d5
[INFO] [stdout]                                at /rustc/9c1665de5d324fe858dc15371578d6f928bfc123/library/std/src/panicking.rs:552:40
[INFO] [stdout]   29:     0x55fc802809e1 - std::panicking::try::h1e696c55679552ba
[INFO] [stdout]                                at /rustc/9c1665de5d324fe858dc15371578d6f928bfc123/library/std/src/panicking.rs:516:19
[INFO] [stdout]   30:     0x55fc802809e1 - std::panic::catch_unwind::ha638c57cde7bcebd
[INFO] [stdout]                                at /rustc/9c1665de5d324fe858dc15371578d6f928bfc123/library/std/src/panic.rs:142:14
[INFO] [stdout]   31:     0x55fc802809e1 - test::run_test_in_process::h87d13783dd3d2492
[INFO] [stdout]                                at /rustc/9c1665de5d324fe858dc15371578d6f928bfc123/library/test/src/lib.rs:650:27
[INFO] [stdout]   32:     0x55fc802809e1 - test::run_test::{{closure}}::hbfb7402b4584e0f1
[INFO] [stdout]                                at /rustc/9c1665de5d324fe858dc15371578d6f928bfc123/library/test/src/lib.rs:573:43
[INFO] [stdout]   33:     0x55fc80247e86 - test::run_test::{{closure}}::h6b5a8e7824747db3
[INFO] [stdout]                                at /rustc/9c1665de5d324fe858dc15371578d6f928bfc123/library/test/src/lib.rs:601:41
[INFO] [stdout]   34:     0x55fc80247e86 - std::sys_common::backtrace::__rust_begin_short_backtrace::hd4768720b288897d
[INFO] [stdout]                                at /rustc/9c1665de5d324fe858dc15371578d6f928bfc123/library/std/src/sys_common/backtrace.rs:155:18
[INFO] [stdout]   35:     0x55fc8024cee7 - std::thread::Builder::spawn_unchecked_::{{closure}}::{{closure}}::ha03eb79d3e2ff5a3
[INFO] [stdout]                                at /rustc/9c1665de5d324fe858dc15371578d6f928bfc123/library/std/src/thread/mod.rs:529:17
[INFO] [stdout]   36:     0x55fc8024cee7 - <core::panic::unwind_safe::AssertUnwindSafe<F> as core::ops::function::FnOnce<()>>::call_once::hec8051eee7bc5c29
[INFO] [stdout]                                at /rustc/9c1665de5d324fe858dc15371578d6f928bfc123/library/core/src/panic/unwind_safe.rs:272:9
[INFO] [stdout]   37:     0x55fc8024cee7 - std::panicking::try::do_call::ha639d9c4a070100b
[INFO] [stdout]                                at /rustc/9c1665de5d324fe858dc15371578d6f928bfc123/library/std/src/panicking.rs:552:40
[INFO] [stdout]   38:     0x55fc8024cee7 - std::panicking::try::ha45df3d3f6ed1370
[INFO] [stdout]                                at /rustc/9c1665de5d324fe858dc15371578d6f928bfc123/library/std/src/panicking.rs:516:19
[INFO] [stdout]   39:     0x55fc8024cee7 - std::panic::catch_unwind::hac44f4c50a87c82d
[INFO] [stdout]                                at /rustc/9c1665de5d324fe858dc15371578d6f928bfc123/library/std/src/panic.rs:142:14
[INFO] [stdout]   40:     0x55fc8024cee7 - std::thread::Builder::spawn_unchecked_::{{closure}}::hfecb7080eaed2a35
[INFO] [stdout]                                at /rustc/9c1665de5d324fe858dc15371578d6f928bfc123/library/std/src/thread/mod.rs:528:30
[INFO] [stdout]   41:     0x55fc8024cee7 - core::ops::function::FnOnce::call_once{{vtable.shim}}::h4739d9410aed0b36
[INFO] [stdout]                                at /rustc/9c1665de5d324fe858dc15371578d6f928bfc123/library/core/src/ops/function.rs:250:5
[INFO] [stdout]   42:     0x55fc807c4cb5 - <alloc::boxed::Box<F,A> as core::ops::function::FnOnce<Args>>::call_once::hf07182c172025753
[INFO] [stdout]                                at /rustc/9c1665de5d324fe858dc15371578d6f928bfc123/library/alloc/src/boxed.rs:2015:9
[INFO] [stdout]   43:     0x55fc807c4cb5 - <alloc::boxed::Box<F,A> as core::ops::function::FnOnce<Args>>::call_once::hffcc280980d6bb6c
[INFO] [stdout]                                at /rustc/9c1665de5d324fe858dc15371578d6f928bfc123/library/alloc/src/boxed.rs:2015:9
[INFO] [stdout]   44:     0x55fc807c4cb5 - std::sys::unix::thread::Thread::new::thread_start::h35e8c1dabb0282bb
[INFO] [stdout]                                at /rustc/9c1665de5d324fe858dc15371578d6f928bfc123/library/std/src/sys/unix/thread.rs:108:17
[INFO] [stdout]   45:     0x7ff918b59ac3 - <unknown>
[INFO] [stdout]   46:     0x7ff918beabf4 - __clone
[INFO] [stdout]   47:                0x0 - <unknown>
[INFO] [stdout] 
[INFO] [stdout] ---- tests::test_fingerprint_dump_command stdout ----
[INFO] [stdout] thread 'tests::test_fingerprint_dump_command' panicked at src/cpu-template-helper/src/main.rs:420:18:
[INFO] [stdout] called `Result::unwrap()` on an `Err` value: Utils(BuildMicroVm(Internal(Vm(Kvm(Error(2))))))
[INFO] [stdout] stack backtrace:
[INFO] [stdout]    0:     0x55fc807bdd36 - std::backtrace_rs::backtrace::libunwind::trace::h91c8d54ed99a4c55
[INFO] [stdout]                                at /rustc/9c1665de5d324fe858dc15371578d6f928bfc123/library/std/src/../../backtrace/src/backtrace/libunwind.rs:104:5
[INFO] [stdout]    1:     0x55fc807bdd36 - std::backtrace_rs::backtrace::trace_unsynchronized::h715a9230a8fcfb93
[INFO] [stdout]                                at /rustc/9c1665de5d324fe858dc15371578d6f928bfc123/library/std/src/../../backtrace/src/backtrace/mod.rs:66:5
[INFO] [stdout]    2:     0x55fc807bdd36 - std::sys_common::backtrace::_print_fmt::hbab9610f7b3c51a4
[INFO] [stdout]                                at /rustc/9c1665de5d324fe858dc15371578d6f928bfc123/library/std/src/sys_common/backtrace.rs:68:5
[INFO] [stdout]    3:     0x55fc807bdd36 - <std::sys_common::backtrace::_print::DisplayBacktrace as core::fmt::Display>::fmt::h56c55e88977fc622
[INFO] [stdout]                                at /rustc/9c1665de5d324fe858dc15371578d6f928bfc123/library/std/src/sys_common/backtrace.rs:44:22
[INFO] [stdout]    4:     0x55fc807e8860 - core::fmt::rt::Argument::fmt::heebe33f1e8c6d0f8
[INFO] [stdout]                                at /rustc/9c1665de5d324fe858dc15371578d6f928bfc123/library/core/src/fmt/rt.rs:142:9
[INFO] [stdout]    5:     0x55fc807e8860 - core::fmt::write::h73e5b8b14759e609
[INFO] [stdout]                                at /rustc/9c1665de5d324fe858dc15371578d6f928bfc123/library/core/src/fmt/mod.rs:1120:17
[INFO] [stdout]    6:     0x55fc807badef - std::io::Write::write_fmt::hc6810e91f58091ef
[INFO] [stdout]                                at /rustc/9c1665de5d324fe858dc15371578d6f928bfc123/library/std/src/io/mod.rs:1810:15
[INFO] [stdout]    7:     0x55fc807bdb14 - std::sys_common::backtrace::_print::h835c23092b2371d8
[INFO] [stdout]                                at /rustc/9c1665de5d324fe858dc15371578d6f928bfc123/library/std/src/sys_common/backtrace.rs:47:5
[INFO] [stdout]    8:     0x55fc807bdb14 - std::sys_common::backtrace::print::h220bc735ac93468b
[INFO] [stdout]                                at /rustc/9c1665de5d324fe858dc15371578d6f928bfc123/library/std/src/sys_common/backtrace.rs:34:9
[INFO] [stdout]    9:     0x55fc807bf887 - std::panicking::default_hook::{{closure}}::h13e5c81c71823f66
[INFO] [stdout]   10:     0x55fc807bf56d - std::panicking::default_hook::h49decadd8f3385a7
[INFO] [stdout]                                at /rustc/9c1665de5d324fe858dc15371578d6f928bfc123/library/std/src/panicking.rs:289:9
[INFO] [stdout]   11:     0x55fc8027c387 - <alloc::boxed::Box<F,A> as core::ops::function::Fn<Args>>::call::h948fb53b8b08f768
[INFO] [stdout]                                at /rustc/9c1665de5d324fe858dc15371578d6f928bfc123/library/alloc/src/boxed.rs:2029:9
[INFO] [stdout]   12:     0x55fc8027c387 - test::test_main::{{closure}}::hb4f3e5071c7080f1
[INFO] [stdout]                                at /rustc/9c1665de5d324fe858dc15371578d6f928bfc123/library/test/src/lib.rs:138:21
[INFO] [stdout]   13:     0x55fc807bfea6 - <alloc::boxed::Box<F,A> as core::ops::function::Fn<Args>>::call::hcd5802f61674126e
[INFO] [stdout]                                at /rustc/9c1665de5d324fe858dc15371578d6f928bfc123/library/alloc/src/boxed.rs:2029:9
[INFO] [stdout]   14:     0x55fc807bfea6 - std::panicking::rust_panic_with_hook::hd27f6b49984c37db
[INFO] [stdout]                                at /rustc/9c1665de5d324fe858dc15371578d6f928bfc123/library/std/src/panicking.rs:783:13
[INFO] [stdout]   15:     0x55fc807bfbf2 - std::panicking::begin_panic_handler::{{closure}}::h3cbc731df9d96e4d
[INFO] [stdout]                                at /rustc/9c1665de5d324fe858dc15371578d6f928bfc123/library/std/src/panicking.rs:657:13
[INFO] [stdout]   16:     0x55fc807be236 - std::sys_common::backtrace::__rust_end_short_backtrace::hc27809f103d211f0
[INFO] [stdout]                                at /rustc/9c1665de5d324fe858dc15371578d6f928bfc123/library/std/src/sys_common/backtrace.rs:171:18
[INFO] [stdout]   17:     0x55fc807bf950 - rust_begin_unwind
[INFO] [stdout]                                at /rustc/9c1665de5d324fe858dc15371578d6f928bfc123/library/std/src/panicking.rs:645:5
[INFO] [stdout]   18:     0x55fc801af1d5 - core::panicking::panic_fmt::ha729e53058547cad
[INFO] [stdout]                                at /rustc/9c1665de5d324fe858dc15371578d6f928bfc123/library/core/src/panicking.rs:72:14
[INFO] [stdout]   19:     0x55fc801af813 - core::result::unwrap_failed::h94a3ea7a3449b5ea
[INFO] [stdout]                                at /rustc/9c1665de5d324fe858dc15371578d6f928bfc123/library/core/src/result.rs:1649:5
[INFO] [stdout]   20:     0x55fc8022ed53 - core::result::Result<T,E>::unwrap::hde03778dbba054df
[INFO] [stdout]                                at /rustc/9c1665de5d324fe858dc15371578d6f928bfc123/library/core/src/result.rs:1073:23
[INFO] [stdout]   21:     0x55fc8022a4b8 - cpu_template_helper::tests::test_fingerprint_dump_command::h4ed5e3a995166020
[INFO] [stdout]                                at /opt/rustwide/workdir/src/cpu-template-helper/src/main.rs:420:9
[INFO] [stdout]   22:     0x55fc8022a007 - cpu_template_helper::tests::test_fingerprint_dump_command::{{closure}}::h0f5b3832e3a38ba1
[INFO] [stdout]                                at /opt/rustwide/workdir/src/cpu-template-helper/src/main.rs:399:39
[INFO] [stdout]   23:     0x55fc80233766 - core::ops::function::FnOnce::call_once::h3e4d29c898eb2308
[INFO] [stdout]                                at /rustc/9c1665de5d324fe858dc15371578d6f928bfc123/library/core/src/ops/function.rs:250:5
[INFO] [stdout]   24:     0x55fc80281c5f - core::ops::function::FnOnce::call_once::hc0fe9d49e29a8147
[INFO] [stdout]                                at /rustc/9c1665de5d324fe858dc15371578d6f928bfc123/library/core/src/ops/function.rs:250:5
[INFO] [stdout]   25:     0x55fc80281c5f - test::__rust_begin_short_backtrace::haa61ceb70470fb3e
[INFO] [stdout]                                at /rustc/9c1665de5d324fe858dc15371578d6f928bfc123/library/test/src/lib.rs:627:18
[INFO] [stdout]   26:     0x55fc802809e1 - test::run_test_in_process::{{closure}}::h8585fae9636dddb2
[INFO] [stdout]                                at /rustc/9c1665de5d324fe858dc15371578d6f928bfc123/library/test/src/lib.rs:650:60
[INFO] [stdout]   27:     0x55fc802809e1 - <core::panic::unwind_safe::AssertUnwindSafe<F> as core::ops::function::FnOnce<()>>::call_once::hb7a42bf7326d90ad
[INFO] [stdout]                                at /rustc/9c1665de5d324fe858dc15371578d6f928bfc123/library/core/src/panic/unwind_safe.rs:272:9
[INFO] [stdout]   28:     0x55fc802809e1 - std::panicking::try::do_call::h9063f39381e190d5
[INFO] [stdout]                                at /rustc/9c1665de5d324fe858dc15371578d6f928bfc123/library/std/src/panicking.rs:552:40
[INFO] [stdout]   29:     0x55fc802809e1 - std::panicking::try::h1e696c55679552ba
[INFO] [stdout]                                at /rustc/9c1665de5d324fe858dc15371578d6f928bfc123/library/std/src/panicking.rs:516:19
[INFO] [stdout]   30:     0x55fc802809e1 - std::panic::catch_unwind::ha638c57cde7bcebd
[INFO] [stdout]                                at /rustc/9c1665de5d324fe858dc15371578d6f928bfc123/library/std/src/panic.rs:142:14
[INFO] [stdout]   31:     0x55fc802809e1 - test::run_test_in_process::h87d13783dd3d2492
[INFO] [stdout]                                at /rustc/9c1665de5d324fe858dc15371578d6f928bfc123/library/test/src/lib.rs:650:27
[INFO] [stdout]   32:     0x55fc802809e1 - test::run_test::{{closure}}::hbfb7402b4584e0f1
[INFO] [stdout]                                at /rustc/9c1665de5d324fe858dc15371578d6f928bfc123/library/test/src/lib.rs:573:43
[INFO] [stdout]   33:     0x55fc80247e86 - test::run_test::{{closure}}::h6b5a8e7824747db3
[INFO] [stdout]                                at /rustc/9c1665de5d324fe858dc15371578d6f928bfc123/library/test/src/lib.rs:601:41
[INFO] [stdout]   34:     0x55fc80247e86 - std::sys_common::backtrace::__rust_begin_short_backtrace::hd4768720b288897d
[INFO] [stdout]                                at /rustc/9c1665de5d324fe858dc15371578d6f928bfc123/library/std/src/sys_common/backtrace.rs:155:18
[INFO] [stdout]   35:     0x55fc8024cee7 - std::thread::Builder::spawn_unchecked_::{{closure}}::{{closure}}::ha03eb79d3e2ff5a3
[INFO] [stdout]                                at /rustc/9c1665de5d324fe858dc15371578d6f928bfc123/library/std/src/thread/mod.rs:529:17
[INFO] [stdout]   36:     0x55fc8024cee7 - <core::panic::unwind_safe::AssertUnwindSafe<F> as core::ops::function::FnOnce<()>>::call_once::hec8051eee7bc5c29
[INFO] [stdout]                                at /rustc/9c1665de5d324fe858dc15371578d6f928bfc123/library/core/src/panic/unwind_safe.rs:272:9
[INFO] [stdout]   37:     0x55fc8024cee7 - std::panicking::try::do_call::ha639d9c4a070100b
[INFO] [stdout]                                at /rustc/9c1665de5d324fe858dc15371578d6f928bfc123/library/std/src/panicking.rs:552:40
[INFO] [stdout]   38:     0x55fc8024cee7 - std::panicking::try::ha45df3d3f6ed1370
[INFO] [stdout]                                at /rustc/9c1665de5d324fe858dc15371578d6f928bfc123/library/std/src/panicking.rs:516:19
[INFO] [stdout]   39:     0x55fc8024cee7 - std::panic::catch_unwind::hac44f4c50a87c82d
[INFO] [stdout]                                at /rustc/9c1665de5d324fe858dc15371578d6f928bfc123/library/std/src/panic.rs:142:14
[INFO] [stdout]   40:     0x55fc8024cee7 - std::thread::Builder::spawn_unchecked_::{{closure}}::hfecb7080eaed2a35
[INFO] [stdout]                                at /rustc/9c1665de5d324fe858dc15371578d6f928bfc123/library/std/src/thread/mod.rs:528:30
[INFO] [stdout]   41:     0x55fc8024cee7 - core::ops::function::FnOnce::call_once{{vtable.shim}}::h4739d9410aed0b36
[INFO] [stdout]                                at /rustc/9c1665de5d324fe858dc15371578d6f928bfc123/library/core/src/ops/function.rs:250:5
[INFO] [stdout]   42:     0x55fc807c4cb5 - <alloc::boxed::Box<F,A> as core::ops::function::FnOnce<Args>>::call_once::hf07182c172025753
[INFO] [stdout]                                at /rustc/9c1665de5d324fe858dc15371578d6f928bfc123/library/alloc/src/boxed.rs:2015:9
[INFO] [stdout]   43:     0x55fc807c4cb5 - <alloc::boxed::Box<F,A> as core::ops::function::FnOnce<Args>>::call_once::hffcc280980d6bb6c
[INFO] [stdout]                                at /rustc/9c1665de5d324fe858dc15371578d6f928bfc123/library/alloc/src/boxed.rs:2015:9
[INFO] [stdout]   44:     0x55fc807c4cb5 - std::sys::unix::thread::Thread::new::thread_start::h35e8c1dabb0282bb
[INFO] [stdout]                                at /rustc/9c1665de5d324fe858dc15371578d6f928bfc123/library/std/src/sys/unix/thread.rs:108:17
[INFO] [stdout]   45:     0x7ff918b59ac3 - <unknown>
[INFO] [stdout]   46:     0x7ff918beabf4 - __clone
[INFO] [stdout]   47:                0x0 - <unknown>
[INFO] [stdout] 
[INFO] [stdout] ---- tests::test_template_dump_command stdout ----
[INFO] [stdout] thread 'tests::test_template_dump_command' panicked at src/cpu-template-helper/src/main.rs:357:18:
[INFO] [stdout] called `Result::unwrap()` on an `Err` value: Utils(BuildMicroVm(Internal(Vm(Kvm(Error(2))))))
[INFO] [stdout] stack backtrace:
[INFO] [stdout]    0:     0x55fc807bdd36 - std::backtrace_rs::backtrace::libunwind::trace::h91c8d54ed99a4c55
[INFO] [stdout]                                at /rustc/9c1665de5d324fe858dc15371578d6f928bfc123/library/std/src/../../backtrace/src/backtrace/libunwind.rs:104:5
[INFO] [stdout]    1:     0x55fc807bdd36 - std::backtrace_rs::backtrace::trace_unsynchronized::h715a9230a8fcfb93
[INFO] [stdout]                                at /rustc/9c1665de5d324fe858dc15371578d6f928bfc123/library/std/src/../../backtrace/src/backtrace/mod.rs:66:5
[INFO] [stdout]    2:     0x55fc807bdd36 - std::sys_common::backtrace::_print_fmt::hbab9610f7b3c51a4
[INFO] [stdout]                                at /rustc/9c1665de5d324fe858dc15371578d6f928bfc123/library/std/src/sys_common/backtrace.rs:68:5
[INFO] [stdout]    3:     0x55fc807bdd36 - <std::sys_common::backtrace::_print::DisplayBacktrace as core::fmt::Display>::fmt::h56c55e88977fc622
[INFO] [stdout]                                at /rustc/9c1665de5d324fe858dc15371578d6f928bfc123/library/std/src/sys_common/backtrace.rs:44:22
[INFO] [stdout]    4:     0x55fc807e8860 - core::fmt::rt::Argument::fmt::heebe33f1e8c6d0f8
[INFO] [stdout]                                at /rustc/9c1665de5d324fe858dc15371578d6f928bfc123/library/core/src/fmt/rt.rs:142:9
[INFO] [stdout]    5:     0x55fc807e8860 - core::fmt::write::h73e5b8b14759e609
[INFO] [stdout]                                at /rustc/9c1665de5d324fe858dc15371578d6f928bfc123/library/core/src/fmt/mod.rs:1120:17
[INFO] [stdout]    6:     0x55fc807badef - std::io::Write::write_fmt::hc6810e91f58091ef
[INFO] [stdout]                                at /rustc/9c1665de5d324fe858dc15371578d6f928bfc123/library/std/src/io/mod.rs:1810:15
[INFO] [stdout]    7:     0x55fc807bdb14 - std::sys_common::backtrace::_print::h835c23092b2371d8
[INFO] [stdout]                                at /rustc/9c1665de5d324fe858dc15371578d6f928bfc123/library/std/src/sys_common/backtrace.rs:47:5
[INFO] [stdout]    8:     0x55fc807bdb14 - std::sys_common::backtrace::print::h220bc735ac93468b
[INFO] [stdout]                                at /rustc/9c1665de5d324fe858dc15371578d6f928bfc123/library/std/src/sys_common/backtrace.rs:34:9
[INFO] [stdout]    9:     0x55fc807bf887 - std::panicking::default_hook::{{closure}}::h13e5c81c71823f66
[INFO] [stdout]   10:     0x55fc807bf56d - std::panicking::default_hook::h49decadd8f3385a7
[INFO] [stdout]                                at /rustc/9c1665de5d324fe858dc15371578d6f928bfc123/library/std/src/panicking.rs:289:9
[INFO] [stdout]   11:     0x55fc8027c387 - <alloc::boxed::Box<F,A> as core::ops::function::Fn<Args>>::call::h948fb53b8b08f768
[INFO] [stdout]                                at /rustc/9c1665de5d324fe858dc15371578d6f928bfc123/library/alloc/src/boxed.rs:2029:9
[INFO] [stdout]   12:     0x55fc8027c387 - test::test_main::{{closure}}::hb4f3e5071c7080f1
[INFO] [stdout]                                at /rustc/9c1665de5d324fe858dc15371578d6f928bfc123/library/test/src/lib.rs:138:21
[INFO] [stdout]   13:     0x55fc807bfea6 - <alloc::boxed::Box<F,A> as core::ops::function::Fn<Args>>::call::hcd5802f61674126e
[INFO] [stdout]                                at /rustc/9c1665de5d324fe858dc15371578d6f928bfc123/library/alloc/src/boxed.rs:2029:9
[INFO] [stdout]   14:     0x55fc807bfea6 - std::panicking::rust_panic_with_hook::hd27f6b49984c37db
[INFO] [stdout]                                at /rustc/9c1665de5d324fe858dc15371578d6f928bfc123/library/std/src/panicking.rs:783:13
[INFO] [stdout]   15:     0x55fc807bfbf2 - std::panicking::begin_panic_handler::{{closure}}::h3cbc731df9d96e4d
[INFO] [stdout]                                at /rustc/9c1665de5d324fe858dc15371578d6f928bfc123/library/std/src/panicking.rs:657:13
[INFO] [stdout]   16:     0x55fc807be236 - std::sys_common::backtrace::__rust_end_short_backtrace::hc27809f103d211f0
[INFO] [stdout]                                at /rustc/9c1665de5d324fe858dc15371578d6f928bfc123/library/std/src/sys_common/backtrace.rs:171:18
[INFO] [stdout]   17:     0x55fc807bf950 - rust_begin_unwind
[INFO] [stdout]                                at /rustc/9c1665de5d324fe858dc15371578d6f928bfc123/library/std/src/panicking.rs:645:5
[INFO] [stdout]   18:     0x55fc801af1d5 - core::panicking::panic_fmt::ha729e53058547cad
[INFO] [stdout]                                at /rustc/9c1665de5d324fe858dc15371578d6f928bfc123/library/core/src/panicking.rs:72:14
[INFO] [stdout]   19:     0x55fc801af813 - core::result::unwrap_failed::h94a3ea7a3449b5ea
[INFO] [stdout]                                at /rustc/9c1665de5d324fe858dc15371578d6f928bfc123/library/core/src/result.rs:1649:5
[INFO] [stdout]   20:     0x55fc8022ed53 - core::result::Result<T,E>::unwrap::hde03778dbba054df
[INFO] [stdout]                                at /rustc/9c1665de5d324fe858dc15371578d6f928bfc123/library/core/src/result.rs:1073:23
[INFO] [stdout]   21:     0x55fc802296e8 - cpu_template_helper::tests::test_template_dump_command::hf9377540b4b62bb8
[INFO] [stdout]                                at /opt/rustwide/workdir/src/cpu-template-helper/src/main.rs:357:9
[INFO] [stdout]   22:     0x55fc80229237 - cpu_template_helper::tests::test_template_dump_command::{{closure}}::h671bcf905f6f8eb8
[INFO] [stdout]                                at /opt/rustwide/workdir/src/cpu-template-helper/src/main.rs:336:36
[INFO] [stdout]   23:     0x55fc802338a6 - core::ops::function::FnOnce::call_once::h552f1a082d5b8e72
[INFO] [stdout]                                at /rustc/9c1665de5d324fe858dc15371578d6f928bfc123/library/core/src/ops/function.rs:250:5
[INFO] [stdout]   24:     0x55fc80281c5f - core::ops::function::FnOnce::call_once::hc0fe9d49e29a8147
[INFO] [stdout]                                at /rustc/9c1665de5d324fe858dc15371578d6f928bfc123/library/core/src/ops/function.rs:250:5
[INFO] [stdout]   25:     0x55fc80281c5f - test::__rust_begin_short_backtrace::haa61ceb70470fb3e
[INFO] [stdout]                                at /rustc/9c1665de5d324fe858dc15371578d6f928bfc123/library/test/src/lib.rs:627:18
[INFO] [stdout]   26:     0x55fc802809e1 - test::run_test_in_process::{{closure}}::h8585fae9636dddb2
[INFO] [stdout]                                at /rustc/9c1665de5d324fe858dc15371578d6f928bfc123/library/test/src/lib.rs:650:60
[INFO] [stdout]   27:     0x55fc802809e1 - <core::panic::unwind_safe::AssertUnwindSafe<F> as core::ops::function::FnOnce<()>>::call_once::hb7a42bf7326d90ad
[INFO] [stdout]                                at /rustc/9c1665de5d324fe858dc15371578d6f928bfc123/library/core/src/panic/unwind_safe.rs:272:9
[INFO] [stdout]   28:     0x55fc802809e1 - std::panicking::try::do_call::h9063f39381e190d5
[INFO] [stdout]                                at /rustc/9c1665de5d324fe858dc15371578d6f928bfc123/library/std/src/panicking.rs:552:40
[INFO] [stdout]   29:     0x55fc802809e1 - std::panicking::try::h1e696c55679552ba
[INFO] [stdout]                                at /rustc/9c1665de5d324fe858dc15371578d6f928bfc123/library/std/src/panicking.rs:516:19
[INFO] [stdout]   30:     0x55fc802809e1 - std::panic::catch_unwind::ha638c57cde7bcebd
[INFO] [stdout]                                at /rustc/9c1665de5d324fe858dc15371578d6f928bfc123/library/std/src/panic.rs:142:14
[INFO] [stdout]   31:     0x55fc802809e1 - test::run_test_in_process::h87d13783dd3d2492
[INFO] [stdout]                                at /rustc/9c1665de5d324fe858dc15371578d6f928bfc123/library/test/src/lib.rs:650:27
[INFO] [stdout]   32:     0x55fc802809e1 - test::run_test::{{closure}}::hbfb7402b4584e0f1
[INFO] [stdout]                                at /rustc/9c1665de5d324fe858dc15371578d6f928bfc123/library/test/src/lib.rs:573:43
[INFO] [stdout]   33:     0x55fc80247e86 - test::run_test::{{closure}}::h6b5a8e7824747db3
[INFO] [stdout]                                at /rustc/9c1665de5d324fe858dc15371578d6f928bfc123/library/test/src/lib.rs:601:41
[INFO] [stdout]   34:     0x55fc80247e86 - std::sys_common::backtrace::__rust_begin_short_backtrace::hd4768720b288897d
[INFO] [stdout]                                at /rustc/9c1665de5d324fe858dc15371578d6f928bfc123/library/std/src/sys_common/backtrace.rs:155:18
[INFO] [stdout]   35:     0x55fc8024cee7 - std::thread::Builder::spawn_unchecked_::{{closure}}::{{closure}}::ha03eb79d3e2ff5a3
[INFO] [stdout]                                at /rustc/9c1665de5d324fe858dc15371578d6f928bfc123/library/std/src/thread/mod.rs:529:17
[INFO] [stdout]   36:     0x55fc8024cee7 - <core::panic::unwind_safe::AssertUnwindSafe<F> as core::ops::function::FnOnce<()>>::call_once::hec8051eee7bc5c29
[INFO] [stdout]                                at /rustc/9c1665de5d324fe858dc15371578d6f928bfc123/library/core/src/panic/unwind_safe.rs:272:9
[INFO] [stdout]   37:     0x55fc8024cee7 - std::panicking::try::do_call::ha639d9c4a070100b
[INFO] [stdout]                                at /rustc/9c1665de5d324fe858dc15371578d6f928bfc123/library/std/src/panicking.rs:552:40
[INFO] [stdout]   38:     0x55fc8024cee7 - std::panicking::try::ha45df3d3f6ed1370
[INFO] [stdout]                                at /rustc/9c1665de5d324fe858dc15371578d6f928bfc123/library/std/src/panicking.rs:516:19
[INFO] [stdout]   39:     0x55fc8024cee7 - std::panic::catch_unwind::hac44f4c50a87c82d
[INFO] [stdout]                                at /rustc/9c1665de5d324fe858dc15371578d6f928bfc123/library/std/src/panic.rs:142:14
[INFO] [stdout]   40:     0x55fc8024cee7 - std::thread::Builder::spawn_unchecked_::{{closure}}::hfecb7080eaed2a35
[INFO] [stdout]                                at /rustc/9c1665de5d324fe858dc15371578d6f928bfc123/library/std/src/thread/mod.rs:528:30
[INFO] [stdout]   41:     0x55fc8024cee7 - core::ops::function::FnOnce::call_once{{vtable.shim}}::h4739d9410aed0b36
[INFO] [stdout]                                at /rustc/9c1665de5d324fe858dc15371578d6f928bfc123/library/core/src/ops/function.rs:250:5
[INFO] [stdout]   42:     0x55fc807c4cb5 - <alloc::boxed::Box<F,A> as core::ops::function::FnOnce<Args>>::call_once::hf07182c172025753
[INFO] [stdout]                                at /rustc/9c1665de5d324fe858dc15371578d6f928bfc123/library/alloc/src/boxed.rs:2015:9
[INFO] [stdout]   43:     0x55fc807c4cb5 - <alloc::boxed::Box<F,A> as core::ops::function::FnOnce<Args>>::call_once::hffcc280980d6bb6c
[INFO] [stdout]                                at /rustc/9c1665de5d324fe858dc15371578d6f928bfc123/library/alloc/src/boxed.rs:2015:9
[INFO] [stdout]   44:     0x55fc807c4cb5 - std::sys::unix::thread::Thread::new::thread_start::h35e8c1dabb0282bb
[INFO] [stdout]                                at /rustc/9c1665de5d324fe858dc15371578d6f928bfc123/library/std/src/sys/unix/thread.rs:108:17
[INFO] [stdout]   45:     0x7ff918b59ac3 - <unknown>
[INFO] [stdout]   46:     0x7ff918beabf4 - __clone
[INFO] [stdout]   47:                0x0 - <unknown>
[INFO] [stdout] 
[INFO] [stdout] ---- tests::test_template_verify_command stdout ----
[INFO] [stdout] thread 'tests::test_template_verify_command' panicked at src/cpu-template-helper/src/main.rs:395:18:
[INFO] [stdout] called `Result::unwrap()` on an `Err` value: Utils(BuildMicroVm(Internal(Vm(Kvm(Error(2))))))
[INFO] [stdout] stack backtrace:
[INFO] [stdout]    0:     0x55fc807bdd36 - std::backtrace_rs::backtrace::libunwind::trace::h91c8d54ed99a4c55
[INFO] [stdout]                                at /rustc/9c1665de5d324fe858dc15371578d6f928bfc123/library/std/src/../../backtrace/src/backtrace/libunwind.rs:104:5
[INFO] [stdout]    1:     0x55fc807bdd36 - std::backtrace_rs::backtrace::trace_unsynchronized::h715a9230a8fcfb93
[INFO] [stdout]                                at /rustc/9c1665de5d324fe858dc15371578d6f928bfc123/library/std/src/../../backtrace/src/backtrace/mod.rs:66:5
[INFO] [stdout]    2:     0x55fc807bdd36 - std::sys_common::backtrace::_print_fmt::hbab9610f7b3c51a4
[INFO] [stdout]                                at /rustc/9c1665de5d324fe858dc15371578d6f928bfc123/library/std/src/sys_common/backtrace.rs:68:5
[INFO] [stdout]    3:     0x55fc807bdd36 - <std::sys_common::backtrace::_print::DisplayBacktrace as core::fmt::Display>::fmt::h56c55e88977fc622
[INFO] [stdout]                                at /rustc/9c1665de5d324fe858dc15371578d6f928bfc123/library/std/src/sys_common/backtrace.rs:44:22
[INFO] [stdout]    4:     0x55fc807e8860 - core::fmt::rt::Argument::fmt::heebe33f1e8c6d0f8
[INFO] [stdout]                                at /rustc/9c1665de5d324fe858dc15371578d6f928bfc123/library/core/src/fmt/rt.rs:142:9
[INFO] [stdout]    5:     0x55fc807e8860 - core::fmt::write::h73e5b8b14759e609
[INFO] [stdout]                                at /rustc/9c1665de5d324fe858dc15371578d6f928bfc123/library/core/src/fmt/mod.rs:1120:17
[INFO] [stdout]    6:     0x55fc807badef - std::io::Write::write_fmt::hc6810e91f58091ef
[INFO] [stdout]                                at /rustc/9c1665de5d324fe858dc15371578d6f928bfc123/library/std/src/io/mod.rs:1810:15
[INFO] [stdout]    7:     0x55fc807bdb14 - std::sys_common::backtrace::_print::h835c23092b2371d8
[INFO] [stdout]                                at /rustc/9c1665de5d324fe858dc15371578d6f928bfc123/library/std/src/sys_common/backtrace.rs:47:5
[INFO] [stdout]    8:     0x55fc807bdb14 - std::sys_common::backtrace::print::h220bc735ac93468b
[INFO] [stdout]                                at /rustc/9c1665de5d324fe858dc15371578d6f928bfc123/library/std/src/sys_common/backtrace.rs:34:9
[INFO] [stdout]    9:     0x55fc807bf887 - std::panicking::default_hook::{{closure}}::h13e5c81c71823f66
[INFO] [stdout]   10:     0x55fc807bf56d - std::panicking::default_hook::h49decadd8f3385a7
[INFO] [stdout]                                at /rustc/9c1665de5d324fe858dc15371578d6f928bfc123/library/std/src/panicking.rs:289:9
[INFO] [stdout]   11:     0x55fc8027c387 - <alloc::boxed::Box<F,A> as core::ops::function::Fn<Args>>::call::h948fb53b8b08f768
[INFO] [stdout]                                at /rustc/9c1665de5d324fe858dc15371578d6f928bfc123/library/alloc/src/boxed.rs:2029:9
[INFO] [stdout]   12:     0x55fc8027c387 - test::test_main::{{closure}}::hb4f3e5071c7080f1
[INFO] [stdout]                                at /rustc/9c1665de5d324fe858dc15371578d6f928bfc123/library/test/src/lib.rs:138:21
[INFO] [stdout]   13:     0x55fc807bfea6 - <alloc::boxed::Box<F,A> as core::ops::function::Fn<Args>>::call::hcd5802f61674126e
[INFO] [stdout]                                at /rustc/9c1665de5d324fe858dc15371578d6f928bfc123/library/alloc/src/boxed.rs:2029:9
[INFO] [stdout]   14:     0x55fc807bfea6 - std::panicking::rust_panic_with_hook::hd27f6b49984c37db
[INFO] [stdout]                                at /rustc/9c1665de5d324fe858dc15371578d6f928bfc123/library/std/src/panicking.rs:783:13
[INFO] [stdout]   15:     0x55fc807bfbf2 - std::panicking::begin_panic_handler::{{closure}}::h3cbc731df9d96e4d
[INFO] [stdout]                                at /rustc/9c1665de5d324fe858dc15371578d6f928bfc123/library/std/src/panicking.rs:657:13
[INFO] [stdout]   16:     0x55fc807be236 - std::sys_common::backtrace::__rust_end_short_backtrace::hc27809f103d211f0
[INFO] [stdout]                                at /rustc/9c1665de5d324fe858dc15371578d6f928bfc123/library/std/src/sys_common/backtrace.rs:171:18
[INFO] [stdout]   17:     0x55fc807bf950 - rust_begin_unwind
[INFO] [stdout]                                at /rustc/9c1665de5d324fe858dc15371578d6f928bfc123/library/std/src/panicking.rs:645:5
[INFO] [stdout]   18:     0x55fc801af1d5 - core::panicking::panic_fmt::ha729e53058547cad
[INFO] [stdout]                                at /rustc/9c1665de5d324fe858dc15371578d6f928bfc123/library/core/src/panicking.rs:72:14
[INFO] [stdout]   19:     0x55fc801af813 - core::result::unwrap_failed::h94a3ea7a3449b5ea
[INFO] [stdout]                                at /rustc/9c1665de5d324fe858dc15371578d6f928bfc123/library/core/src/result.rs:1649:5
[INFO] [stdout]   20:     0x55fc8022ed53 - core::result::Result<T,E>::unwrap::hde03778dbba054df
[INFO] [stdout]                                at /rustc/9c1665de5d324fe858dc15371578d6f928bfc123/library/core/src/result.rs:1073:23
[INFO] [stdout]   21:     0x55fc80229f88 - cpu_template_helper::tests::test_template_verify_command::hc0a261b7dbbc4226
[INFO] [stdout]                                at /opt/rustwide/workdir/src/cpu-template-helper/src/main.rs:395:9
[INFO] [stdout]   22:     0x55fc80229b17 - cpu_template_helper::tests::test_template_verify_command::{{closure}}::h972c75fe92930a6c
[INFO] [stdout]                                at /opt/rustwide/workdir/src/cpu-template-helper/src/main.rs:376:38
[INFO] [stdout]   23:     0x55fc802339e6 - core::ops::function::FnOnce::call_once::h6bbc4cd7e88d6697
[INFO] [stdout]                                at /rustc/9c1665de5d324fe858dc15371578d6f928bfc123/library/core/src/ops/function.rs:250:5
[INFO] [stdout]   24:     0x55fc80281c5f - core::ops::function::FnOnce::call_once::hc0fe9d49e29a8147
[INFO] [stdout]                                at /rustc/9c1665de5d324fe858dc15371578d6f928bfc123/library/core/src/ops/function.rs:250:5
[INFO] [stdout]   25:     0x55fc80281c5f - test::__rust_begin_short_backtrace::haa61ceb70470fb3e
[INFO] [stdout]                                at /rustc/9c1665de5d324fe858dc15371578d6f928bfc123/library/test/src/lib.rs:627:18
[INFO] [stdout]   26:     0x55fc802809e1 - test::run_test_in_process::{{closure}}::h8585fae9636dddb2
[INFO] [stdout]                                at /rustc/9c1665de5d324fe858dc15371578d6f928bfc123/library/test/src/lib.rs:650:60
[INFO] [stdout]   27:     0x55fc802809e1 - <core::panic::unwind_safe::AssertUnwindSafe<F> as core::ops::function::FnOnce<()>>::call_once::hb7a42bf7326d90ad
[INFO] [stdout]                                at /rustc/9c1665de5d324fe858dc15371578d6f928bfc123/library/core/src/panic/unwind_safe.rs:272:9
[INFO] [stdout]   28:     0x55fc802809e1 - std::panicking::try::do_call::h9063f39381e190d5
[INFO] [stdout]                                at /rustc/9c1665de5d324fe858dc15371578d6f928bfc123/library/std/src/panicking.rs:552:40
[INFO] [stdout]   29:     0x55fc802809e1 - std::panicking::try::h1e696c55679552ba
[INFO] [stdout]                                at /rustc/9c1665de5d324fe858dc15371578d6f928bfc123/library/std/src/panicking.rs:516:19
[INFO] [stdout]   30:     0x55fc802809e1 - std::panic::catch_unwind::ha638c57cde7bcebd
[INFO] [stdout]                                at /rustc/9c1665de5d324fe858dc15371578d6f928bfc123/library/std/src/panic.rs:142:14
[INFO] [stdout]   31:     0x55fc802809e1 - test::run_test_in_process::h87d13783dd3d2492
[INFO] [stdout]                                at /rustc/9c1665de5d324fe858dc15371578d6f928bfc123/library/test/src/lib.rs:650:27
[INFO] [stdout]   32:     0x55fc802809e1 - test::run_test::{{closure}}::hbfb7402b4584e0f1
[INFO] [stdout]                                at /rustc/9c1665de5d324fe858dc15371578d6f928bfc123/library/test/src/lib.rs:573:43
[INFO] [stdout]   33:     0x55fc80247e86 - test::run_test::{{closure}}::h6b5a8e7824747db3
[INFO] [stdout]                                at /rustc/9c1665de5d324fe858dc15371578d6f928bfc123/library/test/src/lib.rs:601:41
[INFO] [stdout]   34:     0x55fc80247e86 - std::sys_common::backtrace::__rust_begin_short_backtrace::hd4768720b288897d
[INFO] [stdout]                                at /rustc/9c1665de5d324fe858dc15371578d6f928bfc123/library/std/src/sys_common/backtrace.rs:155:18
[INFO] [stdout]   35:     0x55fc8024cee7 - std::thread::Builder::spawn_unchecked_::{{closure}}::{{closure}}::ha03eb79d3e2ff5a3
[INFO] [stdout]                                at /rustc/9c1665de5d324fe858dc15371578d6f928bfc123/library/std/src/thread/mod.rs:529:17
[INFO] [stdout]   36:     0x55fc8024cee7 - <core::panic::unwind_safe::AssertUnwindSafe<F> as core::ops::function::FnOnce<()>>::call_once::hec8051eee7bc5c29
[INFO] [stdout]                                at /rustc/9c1665de5d324fe858dc15371578d6f928bfc123/library/core/src/panic/unwind_safe.rs:272:9
[INFO] [stdout]   37:     0x55fc8024cee7 - std::panicking::try::do_call::ha639d9c4a070100b
[INFO] [stdout]                                at /rustc/9c1665de5d324fe858dc15371578d6f928bfc123/library/std/src/panicking.rs:552:40
[INFO] [stdout]   38:     0x55fc8024cee7 - std::panicking::try::ha45df3d3f6ed1370
[INFO] [stdout]                                at /rustc/9c1665de5d324fe858dc15371578d6f928bfc123/library/std/src/panicking.rs:516:19
[INFO] [stdout]   39:     0x55fc8024cee7 - std::panic::catch_unwind::hac44f4c50a87c82d
[INFO] [stdout]                                at /rustc/9c1665de5d324fe858dc15371578d6f928bfc123/library/std/src/panic.rs:142:14
[INFO] [stdout]   40:     0x55fc8024cee7 - std::thread::Builder::spawn_unchecked_::{{closure}}::hfecb7080eaed2a35
[INFO] [stdout]                                at /rustc/9c1665de5d324fe858dc15371578d6f928bfc123/library/std/src/thread/mod.rs:528:30
[INFO] [stdout]   41:     0x55fc8024cee7 - core::ops::function::FnOnce::call_once{{vtable.shim}}::h4739d9410aed0b36
[INFO] [stdout]                                at /rustc/9c1665de5d324fe858dc15371578d6f928bfc123/library/core/src/ops/function.rs:250:5
[INFO] [stdout]   42:     0x55fc807c4cb5 - <alloc::boxed::Box<F,A> as core::ops::function::FnOnce<Args>>::call_once::hf07182c172025753
[INFO] [stdout]                                at /rustc/9c1665de5d324fe858dc15371578d6f928bfc123/library/alloc/src/boxed.rs:2015:9
[INFO] [stdout]   43:     0x55fc807c4cb5 - <alloc::boxed::Box<F,A> as core::ops::function::FnOnce<Args>>::call_once::hffcc280980d6bb6c
[INFO] [stdout]                                at /rustc/9c1665de5d324fe858dc15371578d6f928bfc123/library/alloc/src/boxed.rs:2015:9
[INFO] [stdout]   44:     0x55fc807c4cb5 - std::sys::unix::thread::Thread::new::thread_start::h35e8c1dabb0282bb
[INFO] [stdout]                                at /rustc/9c1665de5d324fe858dc15371578d6f928bfc123/library/std/src/sys/unix/thread.rs:108:17
[INFO] [stdout]   45:     0x7ff918b59ac3 - <unknown>
[INFO] [stdout]   46:     0x7ff918beabf4 - __clone
[INFO] [stdout]   47:                0x0 - <unknown>
[INFO] [stdout] 
[INFO] [stdout] ---- utils::tests::test_build_microvm_from_valid_config stdout ----
[INFO] [stdout] thread 'utils::tests::test_build_microvm_from_valid_config' panicked at src/cpu-template-helper/src/utils/mod.rs:162:50:
[INFO] [stdout] called `Result::unwrap()` on an `Err` value: BuildMicroVm(Internal(Vm(Kvm(Error(2)))))
[INFO] [stdout] stack backtrace:
[INFO] [stdout]    0:     0x55fc807bdd36 - std::backtrace_rs::backtrace::libunwind::trace::h91c8d54ed99a4c55
[INFO] [stdout]                                at /rustc/9c1665de5d324fe858dc15371578d6f928bfc123/library/std/src/../../backtrace/src/backtrace/libunwind.rs:104:5
[INFO] [stdout]    1:     0x55fc807bdd36 - std::backtrace_rs::backtrace::trace_unsynchronized::h715a9230a8fcfb93
[INFO] [stdout]                                at /rustc/9c1665de5d324fe858dc15371578d6f928bfc123/library/std/src/../../backtrace/src/backtrace/mod.rs:66:5
[INFO] [stdout]    2:     0x55fc807bdd36 - std::sys_common::backtrace::_print_fmt::hbab9610f7b3c51a4
[INFO] [stdout]                                at /rustc/9c1665de5d324fe858dc15371578d6f928bfc123/library/std/src/sys_common/backtrace.rs:68:5
[INFO] [stdout]    3:     0x55fc807bdd36 - <std::sys_common::backtrace::_print::DisplayBacktrace as core::fmt::Display>::fmt::h56c55e88977fc622
[INFO] [stdout]                                at /rustc/9c1665de5d324fe858dc15371578d6f928bfc123/library/std/src/sys_common/backtrace.rs:44:22
[INFO] [stdout]    4:     0x55fc807e8860 - core::fmt::rt::Argument::fmt::heebe33f1e8c6d0f8
[INFO] [stdout]                                at /rustc/9c1665de5d324fe858dc15371578d6f928bfc123/library/core/src/fmt/rt.rs:142:9
[INFO] [stdout]    5:     0x55fc807e8860 - core::fmt::write::h73e5b8b14759e609
[INFO] [stdout]                                at /rustc/9c1665de5d324fe858dc15371578d6f928bfc123/library/core/src/fmt/mod.rs:1120:17
[INFO] [stdout]    6:     0x55fc807badef - std::io::Write::write_fmt::hc6810e91f58091ef
[INFO] [stdout]                                at /rustc/9c1665de5d324fe858dc15371578d6f928bfc123/library/std/src/io/mod.rs:1810:15
[INFO] [stdout]    7:     0x55fc807bdb14 - std::sys_common::backtrace::_print::h835c23092b2371d8
[INFO] [stdout]                                at /rustc/9c1665de5d324fe858dc15371578d6f928bfc123/library/std/src/sys_common/backtrace.rs:47:5
[INFO] [stdout]    8:     0x55fc807bdb14 - std::sys_common::backtrace::print::h220bc735ac93468b
[INFO] [stdout]                                at /rustc/9c1665de5d324fe858dc15371578d6f928bfc123/library/std/src/sys_common/backtrace.rs:34:9
[INFO] [stdout]    9:     0x55fc807bf887 - std::panicking::default_hook::{{closure}}::h13e5c81c71823f66
[INFO] [stdout]   10:     0x55fc807bf56d - std::panicking::default_hook::h49decadd8f3385a7
[INFO] [stdout]                                at /rustc/9c1665de5d324fe858dc15371578d6f928bfc123/library/std/src/panicking.rs:289:9
[INFO] [stdout]   11:     0x55fc8027c387 - <alloc::boxed::Box<F,A> as core::ops::function::Fn<Args>>::call::h948fb53b8b08f768
[INFO] [stdout]                                at /rustc/9c1665de5d324fe858dc15371578d6f928bfc123/library/alloc/src/boxed.rs:2029:9
[INFO] [stdout]   12:     0x55fc8027c387 - test::test_main::{{closure}}::hb4f3e5071c7080f1
[INFO] [stdout]                                at /rustc/9c1665de5d324fe858dc15371578d6f928bfc123/library/test/src/lib.rs:138:21
[INFO] [stdout]   13:     0x55fc807bfea6 - <alloc::boxed::Box<F,A> as core::ops::function::Fn<Args>>::call::hcd5802f61674126e
[INFO] [stdout]                                at /rustc/9c1665de5d324fe858dc15371578d6f928bfc123/library/alloc/src/boxed.rs:2029:9
[INFO] [stdout]   14:     0x55fc807bfea6 - std::panicking::rust_panic_with_hook::hd27f6b49984c37db
[INFO] [stdout]                                at /rustc/9c1665de5d324fe858dc15371578d6f928bfc123/library/std/src/panicking.rs:783:13
[INFO] [stdout]   15:     0x55fc807bfbf2 - std::panicking::begin_panic_handler::{{closure}}::h3cbc731df9d96e4d
[INFO] [stdout]                                at /rustc/9c1665de5d324fe858dc15371578d6f928bfc123/library/std/src/panicking.rs:657:13
[INFO] [stdout]   16:     0x55fc807be236 - std::sys_common::backtrace::__rust_end_short_backtrace::hc27809f103d211f0
[INFO] [stdout]                                at /rustc/9c1665de5d324fe858dc15371578d6f928bfc123/library/std/src/sys_common/backtrace.rs:171:18
[INFO] [stdout]   17:     0x55fc807bf950 - rust_begin_unwind
[INFO] [stdout]                                at /rustc/9c1665de5d324fe858dc15371578d6f928bfc123/library/std/src/panicking.rs:645:5
[INFO] [stdout]   18:     0x55fc801af1d5 - core::panicking::panic_fmt::ha729e53058547cad
[INFO] [stdout]                                at /rustc/9c1665de5d324fe858dc15371578d6f928bfc123/library/core/src/panicking.rs:72:14
[INFO] [stdout]   19:     0x55fc801af813 - core::result::unwrap_failed::h94a3ea7a3449b5ea
[INFO] [stdout]                                at /rustc/9c1665de5d324fe858dc15371578d6f928bfc123/library/core/src/result.rs:1649:5
[INFO] [stdout]   20:     0x55fc8022eb52 - core::result::Result<T,E>::unwrap::h5a0ee530e80429b6
[INFO] [stdout]                                at /rustc/9c1665de5d324fe858dc15371578d6f928bfc123/library/core/src/result.rs:1073:23
[INFO] [stdout]   21:     0x55fc802225fd - cpu_template_helper::utils::tests::test_build_microvm_from_valid_config::h57e0e0ac9e63eb32
[INFO] [stdout]                                at /opt/rustwide/workdir/src/cpu-template-helper/src/utils/mod.rs:162:9
[INFO] [stdout]   22:     0x55fc80222407 - cpu_template_helper::utils::tests::test_build_microvm_from_valid_config::{{closure}}::h85988af5bce50f02
[INFO] [stdout]                                at /opt/rustwide/workdir/src/cpu-template-helper/src/utils/mod.rs:156:46
[INFO] [stdout]   23:     0x55fc80233866 - core::ops::function::FnOnce::call_once::h53dcb64167bff549
[INFO] [stdout]                                at /rustc/9c1665de5d324fe858dc15371578d6f928bfc123/library/core/src/ops/function.rs:250:5
[INFO] [stdout]   24:     0x55fc80281c5f - core::ops::function::FnOnce::call_once::hc0fe9d49e29a8147
[INFO] [stdout]                                at /rustc/9c1665de5d324fe858dc15371578d6f928bfc123/library/core/src/ops/function.rs:250:5
[INFO] [stdout]   25:     0x55fc80281c5f - test::__rust_begin_short_backtrace::haa61ceb70470fb3e
[INFO] [stdout]                                at /rustc/9c1665de5d324fe858dc15371578d6f928bfc123/library/test/src/lib.rs:627:18
[INFO] [stdout]   26:     0x55fc802809e1 - test::run_test_in_process::{{closure}}::h8585fae9636dddb2
[INFO] [stdout]                                at /rustc/9c1665de5d324fe858dc15371578d6f928bfc123/library/test/src/lib.rs:650:60
[INFO] [stdout]   27:     0x55fc802809e1 - <core::panic::unwind_safe::AssertUnwindSafe<F> as core::ops::function::FnOnce<()>>::call_once::hb7a42bf7326d90ad
[INFO] [stdout]                                at /rustc/9c1665de5d324fe858dc15371578d6f928bfc123/library/core/src/panic/unwind_safe.rs:272:9
[INFO] [stdout]   28:     0x55fc802809e1 - std::panicking::try::do_call::h9063f39381e190d5
[INFO] [stdout]                                at /rustc/9c1665de5d324fe858dc15371578d6f928bfc123/library/std/src/panicking.rs:552:40
[INFO] [stdout]   29:     0x55fc802809e1 - std::panicking::try::h1e696c55679552ba
[INFO] [stdout]                                at /rustc/9c1665de5d324fe858dc15371578d6f928bfc123/library/std/src/panicking.rs:516:19
[INFO] [stdout]   30:     0x55fc802809e1 - std::panic::catch_unwind::ha638c57cde7bcebd
[INFO] [stdout]                                at /rustc/9c1665de5d324fe858dc15371578d6f928bfc123/library/std/src/panic.rs:142:14
[INFO] [stdout]   31:     0x55fc802809e1 - test::run_test_in_process::h87d13783dd3d2492
[INFO] [stdout]                                at /rustc/9c1665de5d324fe858dc15371578d6f928bfc123/library/test/src/lib.rs:650:27
[INFO] [stdout]   32:     0x55fc802809e1 - test::run_test::{{closure}}::hbfb7402b4584e0f1
[INFO] [stdout]                                at /rustc/9c1665de5d324fe858dc15371578d6f928bfc123/library/test/src/lib.rs:573:43
[INFO] [stdout]   33:     0x55fc80247e86 - test::run_test::{{closure}}::h6b5a8e7824747db3
[INFO] [stdout]                                at /rustc/9c1665de5d324fe858dc15371578d6f928bfc123/library/test/src/lib.rs:601:41
[INFO] [stdout]   34:     0x55fc80247e86 - std::sys_common::backtrace::__rust_begin_short_backtrace::hd4768720b288897d
[INFO] [stdout]                                at /rustc/9c1665de5d324fe858dc15371578d6f928bfc123/library/std/src/sys_common/backtrace.rs:155:18
[INFO] [stdout]   35:     0x55fc8024cee7 - std::thread::Builder::spawn_unchecked_::{{closure}}::{{closure}}::ha03eb79d3e2ff5a3
[INFO] [stdout]                                at /rustc/9c1665de5d324fe858dc15371578d6f928bfc123/library/std/src/thread/mod.rs:529:17
[INFO] [stdout]   36:     0x55fc8024cee7 - <core::panic::unwind_safe::AssertUnwindSafe<F> as core::ops::function::FnOnce<()>>::call_once::hec8051eee7bc5c29
[INFO] [stdout]                                at /rustc/9c1665de5d324fe858dc15371578d6f928bfc123/library/core/src/panic/unwind_safe.rs:272:9
[INFO] [stdout]   37:     0x55fc8024cee7 - std::panicking::try::do_call::ha639d9c4a070100b
[INFO] [stdout]                                at /rustc/9c1665de5d324fe858dc15371578d6f928bfc123/library/std/src/panicking.rs:552:40
[INFO] [stdout]   38:     0x55fc8024cee7 - std::panicking::try::ha45df3d3f6ed1370
[INFO] [stdout]                                at /rustc/9c1665de5d324fe858dc15371578d6f928bfc123/library/std/src/panicking.rs:516:19
[INFO] [stdout]   39:     0x55fc8024cee7 - std::panic::catch_unwind::hac44f4c50a87c82d
[INFO] [stdout]                                at /rustc/9c1665de5d324fe858dc15371578d6f928bfc123/library/std/src/panic.rs:142:14
[INFO] [stdout]   40:     0x55fc8024cee7 - std::thread::Builder::spawn_unchecked_::{{closure}}::hfecb7080eaed2a35
[INFO] [stdout]                                at /rustc/9c1665de5d324fe858dc15371578d6f928bfc123/library/std/src/thread/mod.rs:528:30
[INFO] [stdout]   41:     0x55fc8024cee7 - core::ops::function::FnOnce::call_once{{vtable.shim}}::h4739d9410aed0b36
[INFO] [stdout]                                at /rustc/9c1665de5d324fe858dc15371578d6f928bfc123/library/core/src/ops/function.rs:250:5
[INFO] [stdout]   42:     0x55fc807c4cb5 - <alloc::boxed::Box<F,A> as core::ops::function::FnOnce<Args>>::call_once::hf07182c172025753
[INFO] [stdout]                                at /rustc/9c1665de5d324fe858dc15371578d6f928bfc123/library/alloc/src/boxed.rs:2015:9
[INFO] [stdout]   43:     0x55fc807c4cb5 - <alloc::boxed::Box<F,A> as core::ops::function::FnOnce<Args>>::call_once::hffcc280980d6bb6c
[INFO] [stdout]                                at /rustc/9c1665de5d324fe858dc15371578d6f928bfc123/library/alloc/src/boxed.rs:2015:9
[INFO] [stdout]   44:     0x55fc807c4cb5 - std::sys::unix::thread::Thread::new::thread_start::h35e8c1dabb0282bb
[INFO] [stdout]                                at /rustc/9c1665de5d324fe858dc15371578d6f928bfc123/library/std/src/sys/unix/thread.rs:108:17
[INFO] [stdout]   45:     0x7ff918b59ac3 - <unknown>
[INFO] [stdout]   46:     0x7ff918beabf4 - __clone
[INFO] [stdout]   47:                0x0 - <unknown>
[INFO] [stdout] 
[INFO] [stdout] 
[INFO] [stdout] failures:
[INFO] [stdout]     template::dump::tests::test_dump
[INFO] [stdout]     tests::test_fingerprint_dump_command
[INFO] [stdout]     tests::test_template_dump_command
[INFO] [stdout]     tests::test_template_verify_command
[INFO] [stdout]     utils::tests::test_build_microvm_from_valid_config
[INFO] [stdout] 
[INFO] [stdout] test result: FAILED. 36 passed; 5 failed; 0 ignored; 0 measured; 0 filtered out; finished in 0.03s
[INFO] [stdout] 
[INFO] [stderr] error: test failed, to rerun pass `-p cpu-template-helper --bin cpu-template-helper`
[INFO] running `Command { std: "docker" "inspect" "06e9a87246d4d3f0159d3bb16727360374c2ca2d32d46ed0575b71412d1d096f", kill_on_drop: false }`
[INFO] running `Command { std: "docker" "rm" "-f" "06e9a87246d4d3f0159d3bb16727360374c2ca2d32d46ed0575b71412d1d096f", kill_on_drop: false }`
[INFO] [stdout] 06e9a87246d4d3f0159d3bb16727360374c2ca2d32d46ed0575b71412d1d096f
